{"id":456,"date":"2021-02-09T17:43:35","date_gmt":"2021-02-09T16:43:35","guid":{"rendered":"https:\/\/www.academiapsicologia.com\/?page_id=456"},"modified":"2026-03-02T13:36:01","modified_gmt":"2026-03-02T12:36:01","slug":"organizacion","status":"publish","type":"page","link":"https:\/\/www.academiapsicologia.com\/index.php\/organizacion\/","title":{"rendered":"Organizaci\u00f3n"},"content":{"rendered":"<div class=\"fusion-fullwidth fullwidth-box fusion-builder-row-1 fusion-flex-container nonhundred-percent-fullwidth non-hundred-percent-height-scrolling\" style=\"--awb-border-radius-top-left:0px;--awb-border-radius-top-right:0px;--awb-border-radius-bottom-right:0px;--awb-border-radius-bottom-left:0px;--awb-flex-wrap:wrap;\" ><div class=\"fusion-builder-row fusion-row fusion-flex-align-items-flex-start fusion-flex-content-wrap\" style=\"max-width:1248px;margin-left: calc(-4% \/ 2 );margin-right: calc(-4% \/ 2 );\"><div class=\"fusion-layout-column fusion_builder_column fusion-builder-column-0 fusion_builder_column_1_2 1_2 fusion-flex-column\" style=\"--awb-bg-size:cover;--awb-width-large:50%;--awb-margin-top-large:0px;--awb-spacing-right-large:3.84%;--awb-margin-bottom-large:20px;--awb-spacing-left-large:3.84%;--awb-width-medium:50%;--awb-order-medium:0;--awb-spacing-right-medium:3.84%;--awb-spacing-left-medium:3.84%;--awb-width-small:100%;--awb-order-small:0;--awb-spacing-right-small:1.92%;--awb-spacing-left-small:1.92%;\"><div class=\"fusion-column-wrapper fusion-column-has-shadow fusion-flex-justify-content-flex-start fusion-content-layout-column\"><div class=\"fusion-text fusion-text-1\" style=\"--awb-text-transform:none;\"><div align=\"justify\">\n<p>La Academia de Psicolog\u00eda de Espa\u00f1a fue creada por el que el Ministerio de Educaci\u00f3n, Cultura y Deporte, por el Real Decreto 378\/2015, de 14 de mayo; BOE de 2 de junio).<\/p>\n<p>De acuerdo con el Real Decreto fundacional, las \u00d3rdenes Ministeriales de 22 de julio de 2015, y los acuerdos de la Junta de Gobierno de 31 de agosto de 2015, de 29 de octubre de 2015, y 25 de febrero de 2016, la Academia de Psicolog\u00eda de Espa\u00f1a est\u00e1 organizada de la forma siguiente:<\/p>\n<h4><strong>JUNTA GENERAL:<\/strong><\/h4>\n<p>La Junta General es el \u00f3rgano supremo de la corporaci\u00f3n y de ella deriva la autoridad delegada de la Junta de Gobierno. Est\u00e1 compuesta por todos los Acad\u00e9micos y Acad\u00e9micas de N\u00famero, presidida por el Presidente o Presidenta de la Academia. Su Secretario lo es el Secretario General de la Academia.<\/p>\n<h4><strong>JUNTA DE GOBIERNO:<\/strong><\/h4>\n<p>La Junta de Gobierno es el \u00f3rgano superior de direcci\u00f3n de la Academia, responsable del pleno de la Junta General, de la gesti\u00f3n general y del desarrollo de las actividades de la corporaci\u00f3n. Est\u00e1 compuesta por:<\/p>\n<ul>\n<li>PRESIDENTE: Excmo. Sr. D. Jos\u00e9 Mar\u00eda Peir\u00f3 Silla.<\/li>\n<li>VICEPRESIDENTE: Excmo. Sr. D. Jos\u00e9 Francisco Morales Dom\u00ednguez.<\/li>\n<li>TESORERO: Excmo. Sr. D. Fernando Chac\u00f3n Fuertes.<\/li>\n<li>DIRECTOR DE LA BIBLIOTECA: Excmo. Sr. D. Amalio Blanco Abarca.<\/li>\n<li>SECRETARIA GENERAL: Excma. Sra. D\u00aa. M\u00aa Araceli Maci\u00e1 Ant\u00f3n.<\/li>\n<\/ul>\n<p>Vocales:<\/p>\n<ul>\n<li>Agust\u00edn Dosil<\/li>\n<li>M\u00aa Paz Garc\u00eda-Vera<\/li>\n<li>Manuel Medina<\/li>\n<li>Lourdes Munduate<\/li>\n<\/ul>\n<h4><strong>COMISIONES:<\/strong><\/h4>\n<p><strong>Auditor Interno de las Cuentas (art, 53 del RRI):<\/strong><\/p>\n<p>Excmo. Sr. D. Antonio Guillam\u00f3n Fern\u00e1ndez. Nombramiento anual.<\/p>\n<p><strong>Gobierno Interior (Art. 45 del RRI):<\/strong><\/p>\n<p>Excmo. Sr. D. Jos\u00e9 Mar\u00eda Peir\u00f3 Silla. Presidente; Excma. Sra. D\u00aa. M\u00aa Araceli Maci\u00e1 Ant\u00f3n, Secretaria General; Excmo. Sr. D. Fernando Chac\u00f3n Fuertes, Tesorero; y Excmo. Sr. D. Jos\u00e9 Francisco Morales Dom\u00ednguez, Vicepresidente.<\/p>\n<p>Resolver\u00e1 asuntos de tr\u00e1mite de los que informar\u00e1 a la Junta de Gobierno. Ejecutar\u00e1 los acuerdos de la Junta de Gobierno y de la Junta General.<\/p>\n<\/div>\n<\/div><\/div><\/div><div class=\"fusion-layout-column fusion_builder_column fusion-builder-column-1 fusion_builder_column_1_2 1_2 fusion-flex-column\" style=\"--awb-bg-size:cover;--awb-width-large:50%;--awb-margin-top-large:0px;--awb-spacing-right-large:3.84%;--awb-margin-bottom-large:20px;--awb-spacing-left-large:3.84%;--awb-width-medium:50%;--awb-order-medium:0;--awb-spacing-right-medium:3.84%;--awb-spacing-left-medium:3.84%;--awb-width-small:100%;--awb-order-small:0;--awb-spacing-right-small:1.92%;--awb-spacing-left-small:1.92%;\"><div class=\"fusion-column-wrapper fusion-column-has-shadow fusion-flex-justify-content-flex-start fusion-content-layout-column\"><div class=\"fusion-text fusion-text-2\" style=\"--awb-text-transform:none;\"><div align=\"justify\">\n<p><strong>Comisi\u00f3n de Hacienda (Art. 45 del RRI):<\/strong><\/p>\n<p>Excmo. Sr. D. Jos\u00e9 Mar\u00eda Peir\u00f3 Silla. Presidente. Excma. Sra. D\u00aa. M\u00aa Araceli Maci\u00e1 Ant\u00f3n, Secretaria General; Excmo. Sr. D. Fernando Chac\u00f3n Fuertes, Tesorero; Excmo. Sr. D. Jos\u00e9 Berm\u00fadez; Moreno; Excma. Sra. D\u00aa Alicia Salvador Fern\u00e1ndez Montejo; y Excmo. Sr. D. Jaime Vila Castellar.<\/p>\n<p>Asesorar\u00e1 a la persona que se encargue de la Tesorer\u00eda en sus funciones, y, en especial, en los presupuestos anuales.<\/p>\n<p><strong>Comisi\u00f3n de Admisiones (Art. 45 del RRI):<\/strong><\/p>\n<p>Excma. Sra. D\u00aa. M\u00aa Araceli Maci\u00e1 Ant\u00f3n, Secretaria General; Excmo. Sr. D. Jos\u00e9 Berm\u00fadez; Excma. Sra. D\u00aa Lourdes Munduate; Excma. Sra. D\u00aa M\u00aa Jos\u00e9 D\u00edaz-Aguado; Excmo. Sr. D. Jaime Vila; Excmo. Sr. D. Manuel Enrique Medina Tornero; Excma. Sra. D\u00aa Maite Garaigordobil.<\/p>\n<p>Estar\u00e1 presidida por el Secretario General. Velar\u00e1 por el cumplimiento formal de las candidaturas y asignar\u00e1 la Secci\u00f3n m\u00e1s af\u00edn cuando se precise el informe de una de \u00e9stas.<\/p>\n<p><strong>Comisi\u00f3n de Publicaciones:<\/strong><\/p>\n<p>Excmo. Sr. D. Amalio Blanco Abarca, Director de la Biblioteca; Excma. Sra. D\u00aa Roc\u00edo Fern\u00e1ndez-Ballesteros Garc\u00eda; Excmo. Sr. D. Jos\u00e9 Mu\u00f1iz Fern\u00e1ndez y Excmo. Sr. D. Javier Urra Portillo.<\/p>\n<p>Se ocupa de todo lo relativo a las ediciones de obras o publicaci\u00f3n de estudios de la Corporaci\u00f3n, y estar\u00e1 presidida por el Director o Directora de la Biblioteca. La Junta de Gobierno remitir\u00e1 a la Comisi\u00f3n las propuestas de las monograf\u00edas u otras obras, y ser\u00e1 necesario su informe previo para la aceptaci\u00f3n de aquellas. La Comisi\u00f3n de Publicaciones est\u00e1 encargada de la selecci\u00f3n de todos los trabajos que publique la Academia, incluidos los destinados a la red, y propondr\u00e1 iniciativas respecto a ediciones en general. Tendr\u00e1 responsabilidad en la selecci\u00f3n de los contenidos que haya de ofrecerse en la p\u00e1gina web de la Academia, actuando de modo coordinado con la Comisi\u00f3n de Inform\u00e1tica y Comunicaci\u00f3n.<\/p>\n<p><strong>Comisi\u00f3n de Inform\u00e1tica y Comunicaci\u00f3n (Art. 45 del RRI):<\/strong><\/p>\n<p>Excmo. Sr. D. Amalio Blanco Abarca; Excmo. Sr. D. Fernando Chac\u00f3n Fuertes; Excma. Sra. D\u00aa. M\u00aa Araceli Maci\u00e1 Ant\u00f3n y Excmo. Sr. D. Jos\u00e9 Mar\u00eda Prieto Zamora.<\/p>\n<p>Est\u00e1 encargada de aplicar las nuevas tecnolog\u00edas de la informaci\u00f3n y la comunicaci\u00f3n a las actividades de la Academia. Garantizar\u00e1, permanentemente actualizada, la presencia de la Academia, sus publicaciones y actividades, en la red inform\u00e1tica.<\/p>\n<\/div>\n<\/div><\/div><\/div><\/div><\/div>\n","protected":false},"excerpt":{"rendered":"","protected":false},"author":1,"featured_media":0,"parent":0,"menu_order":0,"comment_status":"closed","ping_status":"closed","template":"","meta":{"footnotes":""},"class_list":["post-456","page","type-page","status-publish","hentry"],"_links":{"self":[{"href":"https:\/\/www.academiapsicologia.com\/index.php\/wp-json\/wp\/v2\/pages\/456","targetHints":{"allow":["GET"]}}],"collection":[{"href":"https:\/\/www.academiapsicologia.com\/index.php\/wp-json\/wp\/v2\/pages"}],"about":[{"href":"https:\/\/www.academiapsicologia.com\/index.php\/wp-json\/wp\/v2\/types\/page"}],"author":[{"embeddable":true,"href":"https:\/\/www.academiapsicologia.com\/index.php\/wp-json\/wp\/v2\/users\/1"}],"replies":[{"embeddable":true,"href":"https:\/\/www.academiapsicologia.com\/index.php\/wp-json\/wp\/v2\/comments?post=456"}],"version-history":[{"count":17,"href":"https:\/\/www.academiapsicologia.com\/index.php\/wp-json\/wp\/v2\/pages\/456\/revisions"}],"predecessor-version":[{"id":2590,"href":"https:\/\/www.academiapsicologia.com\/index.php\/wp-json\/wp\/v2\/pages\/456\/revisions\/2590"}],"wp:attachment":[{"href":"https:\/\/www.academiapsicologia.com\/index.php\/wp-json\/wp\/v2\/media?parent=456"}],"curies":[{"name":"wp","href":"https:\/\/api.w.org\/{rel}","templated":true}]}}