{"id":1019,"date":"2021-09-08T13:53:15","date_gmt":"2021-09-08T11:53:15","guid":{"rendered":"https:\/\/www.academiapsicologia.com\/?post_type=tribe_events&#038;p=1019"},"modified":"2021-09-11T12:36:23","modified_gmt":"2021-09-11T10:36:23","slug":"contribuciones-de-la-psicologia-a-un-desarrollo-sostenible","status":"publish","type":"tribe_events","link":"https:\/\/www.academiapsicologia.com\/index.php\/event\/contribuciones-de-la-psicologia-a-un-desarrollo-sostenible\/","title":{"rendered":"Contribuciones de la Psicolog\u00eda a un Desarrollo Sostenible"},"content":{"rendered":"<h2><strong>EMISI\u00d3N ONLINE\u00a0<\/strong><\/h2>\n<h3>Podr\u00e1\u00a0acceder a la emisi\u00f3n en este enlace: <a href=\"https:\/\/www.fundacionareces.tv\/directo\" target=\"_blank\" rel=\"noopener\"><strong>www.fundacionareces.tv\/directo<\/strong><\/a><\/h3>\n<p class=\"titulo\">En colaboraci\u00f3n con:<\/p>\n<h3><strong>Academia de Psicolog\u00eda de Espa\u00f1a<\/strong><\/h3>\n<h2><strong>DESCRIPCI\u00d3N<\/strong><\/h2>\n<p>Los objetivos globales de Naciones Unidas para erradicar la pobreza, proteger el planeta y asegurar la prosperidad para todos se consideran en la agenda de desarrollo sostenible (ODS). Estos objetivos mundiales son importantes dado que, con su consecuci\u00f3n, se pretende cambiar el mundo y concitar la necesaria cooperaci\u00f3n entre gobiernos, organizaciones internacionales y l\u00edderes mundiales. Pero, tales objetivos no solo conciernen a los pol\u00edticos, instituciones sociales o grupos de poder sino tambi\u00e9n a los individuos, es decir, a todos los habitantes del planeta.<\/p>\n<p>Las ODS han sido asumidas tambi\u00e9n por instituciones regionales como la Uni\u00f3n Europea y asociaciones nacionales e internacionales de cient\u00edficos y profesionales y, como no pod\u00eda ser de otra manera, las asociaciones cient\u00edficas y profesionales de la psicolog\u00eda (IAAP, APA, etc.) est\u00e1n involucradas en ellos.<\/p>\n<p>Esta sesi\u00f3n va a abordar tres de los 17 ODS que se estructuran en cinco ejes de desarrollo de los cuales hemos seleccionado: las personas, la prosperidad y el planeta. De entre estos tres ejes, hemos elegido las tem\u00e1ticas del envejecimiento, el trabajo y el reto del cambio clim\u00e1tico. El prop\u00f3sito esencial es presentar y reflexionar sobre las aportaciones que se realizan desde la Psicolog\u00eda a los ODS en estos tres \u00e1mbitos.<\/p>\n<h2><strong>PROGRAMA<\/strong><\/h2>\n<h3><strong>Conversaci\u00f3n online desde la Fundaci\u00f3n Ram\u00f3n Areces<\/strong><\/h3>\n<h3>Contribuciones de la Psicolog\u00eda a un desarrollo sostenible<\/h3>\n<p><strong><em>Bienvenida y presentaci\u00f3n: \u00a0\u00a0<\/em>\u00a0<\/strong><\/p>\n<p><strong>Jos\u00e9 Mar\u00eda Medina\u00a0 \u00a0<\/strong><br \/>\n<em>Vicepresidente del Consejo Cient\u00edfico de la\u00a0Fundaci\u00f3n Ram\u00f3n Areces.<\/em><\/p>\n<p>&nbsp;<\/p>\n<h3><strong>\u00abComunidades sostenibles: el reto del cambio clim\u00e1tico\u00bb<\/strong><\/h3>\n<p><strong>Jos\u00e9 Antonio Corraliza Rodr\u00edguez\u00a0 \u00a0\u00a0<\/strong><br \/>\n<em>Universidad Aut\u00f3noma de Madrid.<\/em><\/p>\n<h3><strong>\u00abEl trabajo digno\u00bb<\/strong><\/h3>\n<p><strong>Jos\u00e9 Mar\u00eda Peir\u00f3\u00a0 \u00a0\u00a0<\/strong><br \/>\n<em>Universidad de Valencia.<\/em><\/p>\n<h3><strong>\u00abEnvejecimiento activo y saludable: repensar el envejecimiento\u00bb<\/strong><\/h3>\n<p><strong>Roc\u00edo Fern\u00e1ndez-Ballesteros\u00a0 \u00a0\u00a0<\/strong><br \/>\n<em>Universidad Aut\u00f3noma de Madrid.<\/em><\/p>\n","protected":false},"excerpt":{"rendered":"<p>EMISI\u00d3N ONLINE\u00a0 Podr\u00e1\u00a0acceder a la emisi\u00f3n en este enlace: www.fundacionareces.tv\/directo  [&#8230;]<\/p>\n","protected":false},"author":1,"featured_media":1058,"comment_status":"closed","ping_status":"closed","template":"","meta":{"_tribe_events_status":"","_tribe_events_status_reason":"","footnotes":""},"tags":[],"tribe_events_cat":[],"class_list":["post-1019","tribe_events","type-tribe_events","status-publish","has-post-thumbnail","hentry"],"_links":{"self":[{"href":"https:\/\/www.academiapsicologia.com\/index.php\/wp-json\/wp\/v2\/tribe_events\/1019","targetHints":{"allow":["GET"]}}],"collection":[{"href":"https:\/\/www.academiapsicologia.com\/index.php\/wp-json\/wp\/v2\/tribe_events"}],"about":[{"href":"https:\/\/www.academiapsicologia.com\/index.php\/wp-json\/wp\/v2\/types\/tribe_events"}],"author":[{"embeddable":true,"href":"https:\/\/www.academiapsicologia.com\/index.php\/wp-json\/wp\/v2\/users\/1"}],"replies":[{"embeddable":true,"href":"https:\/\/www.academiapsicologia.com\/index.php\/wp-json\/wp\/v2\/comments?post=1019"}],"version-history":[{"count":6,"href":"https:\/\/www.academiapsicologia.com\/index.php\/wp-json\/wp\/v2\/tribe_events\/1019\/revisions"}],"predecessor-version":[{"id":1043,"href":"https:\/\/www.academiapsicologia.com\/index.php\/wp-json\/wp\/v2\/tribe_events\/1019\/revisions\/1043"}],"wp:featuredmedia":[{"embeddable":true,"href":"https:\/\/www.academiapsicologia.com\/index.php\/wp-json\/wp\/v2\/media\/1058"}],"wp:attachment":[{"href":"https:\/\/www.academiapsicologia.com\/index.php\/wp-json\/wp\/v2\/media?parent=1019"}],"wp:term":[{"taxonomy":"post_tag","embeddable":true,"href":"https:\/\/www.academiapsicologia.com\/index.php\/wp-json\/wp\/v2\/tags?post=1019"},{"taxonomy":"tribe_events_cat","embeddable":true,"href":"https:\/\/www.academiapsicologia.com\/index.php\/wp-json\/wp\/v2\/tribe_events_cat?post=1019"}],"curies":[{"name":"wp","href":"https:\/\/api.w.org\/{rel}","templated":true}]}}

Contribuciones de la Psicología a un Desarrollo Sostenible

<h2><strong>EMISIÓN ONLINE </strong></h2>
<h3>Podrá acceder a la emisión en este enlace: <a href="https://www.fundacionareces.tv/directo" target="_blank" rel="noopener"><strong>www.fundacionareces.tv/directo</strong></a></h3>
<p class="titulo">En colaboración con:</p>
<h3><strong>Academia de Psicología de España</strong></h3>
<h2><strong>DESCRIPCIÓN</strong></h2>
<p>Los objetivos globales de Naciones Unidas para erradicar la pobreza, proteger el planeta y asegurar la prosperidad para todos se consideran en la agenda de desarrollo sostenible (ODS). Estos objetivos mundiales son importantes dado que, con su consecución, se pretende cambiar el mundo y concitar la necesaria cooperación entre gobiernos, organizaciones internacionales y líderes mundiales. Pero, tales objetivos no solo conciernen a los políticos, instituciones sociales o grupos de poder sino también a los individuos, es decir, a todos los habitantes del planeta.</p>
<p>Las ODS han sido asumidas también por instituciones regionales como la Unión Europea y asociaciones nacionales e internacionales de científicos y profesionales y, como no podía ser de otra manera, las asociaciones científicas y profesionales de la psicología (IAAP, APA, etc.) están involucradas en ellos.</p>
<p>Esta sesión va a abordar tres de los 17 ODS que se estructuran en cinco ejes de desarrollo de los cuales hemos seleccionado: las personas, la prosperidad y el planeta. De entre estos tres ejes, hemos elegido las temáticas del envejecimiento, el trabajo y el reto del cambio climático. El propósito esencial es presentar y reflexionar sobre las aportaciones que se realizan desde la Psicología a los ODS en estos tres ámbitos.</p>
<h2><strong>PROGRAMA</strong></h2>
<h3><strong>Conversación online desde la Fundación Ramón Areces</strong></h3>
<h3>Contribuciones de la Psicología a un desarrollo sostenible</h3>
<p><strong><em>Bienvenida y presentación:   </em> </strong></p>
<p><strong>José María Medina   </strong><br />
<em>Vicepresidente del Consejo Científico de la Fundación Ramón Areces.</em></p>
<p>&nbsp;</p>
<h3><strong>«Comunidades sostenibles: el reto del cambio climático»</strong></h3>
<p><strong>José Antonio Corraliza Rodríguez    </strong><br />
<em>Universidad Autónoma de Madrid.</em></p>
<h3><strong>«El trabajo digno»</strong></h3>
<p><strong>José María Peiró    </strong><br />
<em>Universidad de Valencia.</em></p>
<h3><strong>«Envejecimiento activo y saludable: repensar el envejecimiento»</strong></h3>
<p><strong>Rocío Fernández-Ballesteros    </strong><br />
<em>Universidad Autónoma de Madrid.</em></p>

<p>EMISIÓN ONLINE  Podrá acceder a la emisión en este enlace: www.fundacionareces.tv/directo  [&#8230;]</p>
