{"id":1092,"date":"2021-10-06T14:49:02","date_gmt":"2021-10-06T12:49:02","guid":{"rendered":"https:\/\/www.academiapsicologia.com\/?post_type=tribe_events&#038;p=1092"},"modified":"2021-10-13T18:07:24","modified_gmt":"2021-10-13T16:07:24","slug":"webinar-la-educacion-y-los-objetivos-del-desarrollo-sostenible-el-pacto-educativo-global","status":"publish","type":"tribe_events","link":"https:\/\/www.academiapsicologia.com\/index.php\/event\/webinar-la-educacion-y-los-objetivos-del-desarrollo-sostenible-el-pacto-educativo-global\/","title":{"rendered":"Webinar: \u00abLa Educaci\u00f3n y los Objetivos del Desarrollo Sostenible. El Pacto Educativo Global\u00bb"},"content":{"rendered":"<h2><strong>Dr. D. AGUST\u00cdN DOSIL MACEIRA<\/strong><\/h2>\n<div align=\"justify\">\n<p>Realiza sus primeros estudios en su pueblo natal y, posteriormente, Humanidades en Santiago de Compostela. Ingresa en su Universidad donde sigue los estudios de Filosof\u00eda y Letras para concluirlos en la de Valencia, licenci\u00e1ndose en la especialidad de Filosof\u00eda y doctor\u00e1ndose con una tesis en Psicolog\u00eda. Se inicia como docente en Centros de Ense\u00f1anza Media.<\/p>\n<p>Es invitado a retornar a su Universidad de origen para poner en marcha los estudios de Psicolog\u00eda, donde desempe\u00f1ar\u00eda diversos cargos administrativos y acad\u00e9micos de la naciente Facultad, al tiempo que visita y colabora con centros de investigaci\u00f3n extranjeros. Accede por concurso-oposici\u00f3n a la plaza de Profesor Adjunto de Psicolog\u00eda en la USC, y a la C\u00e1tedra de Psicolog\u00eda General, para incorporarse, luego, a la de Psicolog\u00eda Evolutiva y de la Educaci\u00f3n, en la que imparte diversas materias y dirige un importante n\u00famero de tesis doctorales y proyectos de investigaci\u00f3n que dan lugar a publicaciones en el \u00e1mbito del desarrollo, la educaci\u00f3n y la familia.<\/p>\n<p>En torno a su persona se ha ido configurando un equipo de profesionales espa\u00f1oles y extranjeros en el \u00e1mbito de la docencia y la investigaci\u00f3n en psicolog\u00eda y educaci\u00f3n. Desde hace algunos a\u00f1os cerca de un centenar de graduados de distintos pa\u00edses acuden anualmente a los cursos que \u00e9l dirige y coordina en la Universidad de Santiago. Profesor invitado en varias Universidades, imparti\u00f3 conferencias y particip\u00f3 en actos acad\u00e9micos en diversos pa\u00edses principalmente de Europa y Am\u00e9rica. Su actividad docente-investigadora en la Universidad se vio acompa\u00f1ada de un compromiso social, presidiendo organizaciones educativas y familiares en Espa\u00f1a, Europa y Am\u00e9rica. Represent\u00f3 a las Organizaciones Sociales y a las Universidades de Espa\u00f1a en el Consejo Escolar del Estado y ha sido miembro del Instituto Nacional de Calidad y Evaluaci\u00f3n Educativa. Fundador de varios centros de investigaci\u00f3n y atenci\u00f3n, asesora a Organismos nacionales e internacionales.<\/p>\n<p>Entre los reconocimientos de los que ha sido objeto se encuentra la Encomienda de Alfonso X El Sabio, la Insignia de la Universidad y la Estatuilla Jes\u00fas Maestro de la CIEC. Es Miembro Correspondiente de la Real Academia de Ciencias Morales y Pol\u00edticas, y de N\u00famero de la Academia de Psicolog\u00eda de Espa\u00f1a. Con motivo del A\u00f1o Dual Rusia-Espa\u00f1a, se le dedic\u00f3 el primer volumen de la Colecci\u00f3n Cient\u00edficos del Mundo a su persona y obra.<\/p>\n<div class=\"fusion-button-wrapper\"><a class=\"fusion-button button-flat fusion-button-default-size button-default fusion-button-default button-1 fusion-button-default-span fusion-button-default-type\" target=\"_blank\" rel=\"noopener noreferrer\" href=\"https:\/\/www.academiapsicologia.com\/wp-content\/uploads\/2021\/10\/FIDAP_Webinar_Dr_M_Agustin_Dosil_Maceira_20211007.pdf\"><span class=\"fusion-button-text\">Descargar Invitaci\u00f3n<\/span><\/a><\/div>\n<\/div>\n","protected":false},"excerpt":{"rendered":"<p>Dr. D. AGUST\u00cdN DOSIL MACEIRA Realiza sus primeros estudios en  [&#8230;]<\/p>\n","protected":false},"author":1,"featured_media":1090,"comment_status":"closed","ping_status":"closed","template":"","meta":{"_tribe_events_status":"","_tribe_events_status_reason":"","footnotes":""},"tags":[],"tribe_events_cat":[],"class_list":["post-1092","tribe_events","type-tribe_events","status-publish","has-post-thumbnail","hentry"],"_links":{"self":[{"href":"https:\/\/www.academiapsicologia.com\/index.php\/wp-json\/wp\/v2\/tribe_events\/1092","targetHints":{"allow":["GET"]}}],"collection":[{"href":"https:\/\/www.academiapsicologia.com\/index.php\/wp-json\/wp\/v2\/tribe_events"}],"about":[{"href":"https:\/\/www.academiapsicologia.com\/index.php\/wp-json\/wp\/v2\/types\/tribe_events"}],"author":[{"embeddable":true,"href":"https:\/\/www.academiapsicologia.com\/index.php\/wp-json\/wp\/v2\/users\/1"}],"replies":[{"embeddable":true,"href":"https:\/\/www.academiapsicologia.com\/index.php\/wp-json\/wp\/v2\/comments?post=1092"}],"version-history":[{"count":2,"href":"https:\/\/www.academiapsicologia.com\/index.php\/wp-json\/wp\/v2\/tribe_events\/1092\/revisions"}],"predecessor-version":[{"id":1094,"href":"https:\/\/www.academiapsicologia.com\/index.php\/wp-json\/wp\/v2\/tribe_events\/1092\/revisions\/1094"}],"wp:featuredmedia":[{"embeddable":true,"href":"https:\/\/www.academiapsicologia.com\/index.php\/wp-json\/wp\/v2\/media\/1090"}],"wp:attachment":[{"href":"https:\/\/www.academiapsicologia.com\/index.php\/wp-json\/wp\/v2\/media?parent=1092"}],"wp:term":[{"taxonomy":"post_tag","embeddable":true,"href":"https:\/\/www.academiapsicologia.com\/index.php\/wp-json\/wp\/v2\/tags?post=1092"},{"taxonomy":"tribe_events_cat","embeddable":true,"href":"https:\/\/www.academiapsicologia.com\/index.php\/wp-json\/wp\/v2\/tribe_events_cat?post=1092"}],"curies":[{"name":"wp","href":"https:\/\/api.w.org\/{rel}","templated":true}]}}

Webinar: «La Educación y los Objetivos del Desarrollo Sostenible. El Pacto Educativo Global»

<h2><strong>Dr. D. AGUSTÍN DOSIL MACEIRA</strong></h2>
<div align="justify">
<p>Realiza sus primeros estudios en su pueblo natal y, posteriormente, Humanidades en Santiago de Compostela. Ingresa en su Universidad donde sigue los estudios de Filosofía y Letras para concluirlos en la de Valencia, licenciándose en la especialidad de Filosofía y doctorándose con una tesis en Psicología. Se inicia como docente en Centros de Enseñanza Media.</p>
<p>Es invitado a retornar a su Universidad de origen para poner en marcha los estudios de Psicología, donde desempeñaría diversos cargos administrativos y académicos de la naciente Facultad, al tiempo que visita y colabora con centros de investigación extranjeros. Accede por concurso-oposición a la plaza de Profesor Adjunto de Psicología en la USC, y a la Cátedra de Psicología General, para incorporarse, luego, a la de Psicología Evolutiva y de la Educación, en la que imparte diversas materias y dirige un importante número de tesis doctorales y proyectos de investigación que dan lugar a publicaciones en el ámbito del desarrollo, la educación y la familia.</p>
<p>En torno a su persona se ha ido configurando un equipo de profesionales españoles y extranjeros en el ámbito de la docencia y la investigación en psicología y educación. Desde hace algunos años cerca de un centenar de graduados de distintos países acuden anualmente a los cursos que él dirige y coordina en la Universidad de Santiago. Profesor invitado en varias Universidades, impartió conferencias y participó en actos académicos en diversos países principalmente de Europa y América. Su actividad docente-investigadora en la Universidad se vio acompañada de un compromiso social, presidiendo organizaciones educativas y familiares en España, Europa y América. Representó a las Organizaciones Sociales y a las Universidades de España en el Consejo Escolar del Estado y ha sido miembro del Instituto Nacional de Calidad y Evaluación Educativa. Fundador de varios centros de investigación y atención, asesora a Organismos nacionales e internacionales.</p>
<p>Entre los reconocimientos de los que ha sido objeto se encuentra la Encomienda de Alfonso X El Sabio, la Insignia de la Universidad y la Estatuilla Jesús Maestro de la CIEC. Es Miembro Correspondiente de la Real Academia de Ciencias Morales y Políticas, y de Número de la Academia de Psicología de España. Con motivo del Año Dual Rusia-España, se le dedicó el primer volumen de la Colección Científicos del Mundo a su persona y obra.</p>
<div class="fusion-button-wrapper"><a class="fusion-button button-flat fusion-button-default-size button-default fusion-button-default button-1 fusion-button-default-span fusion-button-default-type" target="_blank" rel="noopener noreferrer" href="https://www.academiapsicologia.com/wp-content/uploads/2021/10/FIDAP_Webinar_Dr_M_Agustin_Dosil_Maceira_20211007.pdf"><span class="fusion-button-text">Descargar Invitación</span></a></div>
</div>

<p>Dr. D. AGUSTÍN DOSIL MACEIRA Realiza sus primeros estudios en  [&#8230;]</p>
