{"id":1165,"date":"2021-11-26T09:56:06","date_gmt":"2021-11-26T08:56:06","guid":{"rendered":"https:\/\/www.academiapsicologia.com\/?post_type=tribe_events&#038;p=1165"},"modified":"2021-11-26T09:56:06","modified_gmt":"2021-11-26T08:56:06","slug":"toma-de-posesion-de-plazas-de-numero-y-academico-de-honor","status":"publish","type":"tribe_events","link":"https:\/\/www.academiapsicologia.com\/index.php\/event\/toma-de-posesion-de-plazas-de-numero-y-academico-de-honor\/","title":{"rendered":"Toma de posesi\u00f3n de Plazas de N\u00famero y Acad\u00e9mico de Honor"},"content":{"rendered":"<p style=\"text-align: center;\">La Academia de Psicolog\u00eda de Espa\u00f1a<br \/>\ntiene el honor de invitarle al Acto de Toma de Posesi\u00f3n de:<\/p>\n<p style=\"text-align: center;\"><strong>Excmo. Sr. Dr. Pio Tudela Garmendia<\/strong><br \/>\n<strong>y Excma. Sra. Dra. Cristina Botella Arbona<\/strong><\/p>\n<p style=\"text-align: center;\">de sus plazas de n\u00famero en la Academia de Psicolog\u00eda de Espa\u00f1a.<\/p>\n<p style=\"text-align: center;\"><strong>Excmo. Sr. Dr. Gian Vittorio Caprara<\/strong><\/p>\n<p style=\"text-align: center;\">como Acad\u00e9mico de Honor en la Academia de Psicolog\u00eda de Espa\u00f1a.<\/p>\n<p style=\"text-align: center;\">El acto tendr\u00e1 lugar en el Sal\u00f3n de Actos de la Facultad de Educaci\u00f3n de la UNED<br \/>\nel pr\u00f3ximo 26 de noviembre, a las 11.00 horas<\/p>\n<p>&nbsp;<\/p>\n<div class=\"fusion-button-wrapper\"><a class=\"fusion-button button-flat fusion-button-default-size button-custom fusion-button-default button-1 fusion-button-default-span fusion-button-default-type\" style=\"--button_accent_color:#ffffff;--button_border_color:#8a5e9e;--button_accent_hover_color:#000000;--button_border_hover_color:#000000;--button_gradient_top_color:#b67cd1;--button_gradient_bottom_color:#b67cd1;--button_gradient_top_color_hover:#b67cd1;--button_gradient_bottom_color_hover:#b67cd1;\" target=\"_blank\" rel=\"noopener noreferrer\" href=\"https:\/\/www.academiapsicologia.com\/wp-content\/uploads\/2021\/11\/20211126_Invitacion_Toma_de_Posesion_Plazas_de_Numero_y_Academico_de_Honor.pdf\"><i class=\"fa-info-circle fas button-icon-left\" aria-hidden=\"true\"><\/i><span class=\"fusion-button-text\">Descargar Invitaci\u00f3n<\/span><\/a><\/div>\n<div class=\"fusion-button-wrapper\"><a class=\"fusion-button button-flat fusion-button-default-size button-custom fusion-button-default button-2 fusion-button-default-span fusion-button-default-type\" style=\"--button_accent_color:#ffffff;--button_border_color:#8a5e9e;--button_accent_hover_color:#000000;--button_border_hover_color:#000000;--button_gradient_top_color:#b67cd1;--button_gradient_bottom_color:#b67cd1;--button_gradient_top_color_hover:#b67cd1;--button_gradient_bottom_color_hover:#b67cd1;\" target=\"_blank\" rel=\"noopener noreferrer\" href=\"https:\/\/canal.uned.es\/live\/event\/61530081b6092370ee4878a6\"><i class=\"fa-info-circle fas button-icon-left\" aria-hidden=\"true\"><\/i><span class=\"fusion-button-text\">Ver el Acto<\/span><\/a><\/div>\n","protected":false},"excerpt":{"rendered":"<p>La Academia de Psicolog\u00eda de Espa\u00f1a tiene el honor de  [&#8230;]<\/p>\n","protected":false},"author":1,"featured_media":1163,"comment_status":"closed","ping_status":"closed","template":"","meta":{"_tribe_events_status":"","_tribe_events_status_reason":"","footnotes":""},"tags":[],"tribe_events_cat":[],"class_list":["post-1165","tribe_events","type-tribe_events","status-publish","has-post-thumbnail","hentry"],"_links":{"self":[{"href":"https:\/\/www.academiapsicologia.com\/index.php\/wp-json\/wp\/v2\/tribe_events\/1165","targetHints":{"allow":["GET"]}}],"collection":[{"href":"https:\/\/www.academiapsicologia.com\/index.php\/wp-json\/wp\/v2\/tribe_events"}],"about":[{"href":"https:\/\/www.academiapsicologia.com\/index.php\/wp-json\/wp\/v2\/types\/tribe_events"}],"author":[{"embeddable":true,"href":"https:\/\/www.academiapsicologia.com\/index.php\/wp-json\/wp\/v2\/users\/1"}],"replies":[{"embeddable":true,"href":"https:\/\/www.academiapsicologia.com\/index.php\/wp-json\/wp\/v2\/comments?post=1165"}],"version-history":[{"count":1,"href":"https:\/\/www.academiapsicologia.com\/index.php\/wp-json\/wp\/v2\/tribe_events\/1165\/revisions"}],"predecessor-version":[{"id":1166,"href":"https:\/\/www.academiapsicologia.com\/index.php\/wp-json\/wp\/v2\/tribe_events\/1165\/revisions\/1166"}],"wp:featuredmedia":[{"embeddable":true,"href":"https:\/\/www.academiapsicologia.com\/index.php\/wp-json\/wp\/v2\/media\/1163"}],"wp:attachment":[{"href":"https:\/\/www.academiapsicologia.com\/index.php\/wp-json\/wp\/v2\/media?parent=1165"}],"wp:term":[{"taxonomy":"post_tag","embeddable":true,"href":"https:\/\/www.academiapsicologia.com\/index.php\/wp-json\/wp\/v2\/tags?post=1165"},{"taxonomy":"tribe_events_cat","embeddable":true,"href":"https:\/\/www.academiapsicologia.com\/index.php\/wp-json\/wp\/v2\/tribe_events_cat?post=1165"}],"curies":[{"name":"wp","href":"https:\/\/api.w.org\/{rel}","templated":true}]}}

Toma de posesión de Plazas de Número y Académico de Honor

<p style="text-align: center;">La Academia de Psicología de España<br />
tiene el honor de invitarle al Acto de Toma de Posesión de:</p>
<p style="text-align: center;"><strong>Excmo. Sr. Dr. Pio Tudela Garmendia</strong><br />
<strong>y Excma. Sra. Dra. Cristina Botella Arbona</strong></p>
<p style="text-align: center;">de sus plazas de número en la Academia de Psicología de España.</p>
<p style="text-align: center;"><strong>Excmo. Sr. Dr. Gian Vittorio Caprara</strong></p>
<p style="text-align: center;">como Académico de Honor en la Academia de Psicología de España.</p>
<p style="text-align: center;">El acto tendrá lugar en el Salón de Actos de la Facultad de Educación de la UNED<br />
el próximo 26 de noviembre, a las 11.00 horas</p>
<p>&nbsp;</p>
<div class="fusion-button-wrapper"><a class="fusion-button button-flat fusion-button-default-size button-custom fusion-button-default button-1 fusion-button-default-span fusion-button-default-type" style="--button_accent_color:#ffffff;--button_border_color:#8a5e9e;--button_accent_hover_color:#000000;--button_border_hover_color:#000000;--button_gradient_top_color:#b67cd1;--button_gradient_bottom_color:#b67cd1;--button_gradient_top_color_hover:#b67cd1;--button_gradient_bottom_color_hover:#b67cd1;" target="_blank" rel="noopener noreferrer" href="https://www.academiapsicologia.com/wp-content/uploads/2021/11/20211126_Invitacion_Toma_de_Posesion_Plazas_de_Numero_y_Academico_de_Honor.pdf"><i class="fa-info-circle fas button-icon-left" aria-hidden="true"></i><span class="fusion-button-text">Descargar Invitación</span></a></div>
<div class="fusion-button-wrapper"><a class="fusion-button button-flat fusion-button-default-size button-custom fusion-button-default button-2 fusion-button-default-span fusion-button-default-type" style="--button_accent_color:#ffffff;--button_border_color:#8a5e9e;--button_accent_hover_color:#000000;--button_border_hover_color:#000000;--button_gradient_top_color:#b67cd1;--button_gradient_bottom_color:#b67cd1;--button_gradient_top_color_hover:#b67cd1;--button_gradient_bottom_color_hover:#b67cd1;" target="_blank" rel="noopener noreferrer" href="https://canal.uned.es/live/event/61530081b6092370ee4878a6"><i class="fa-info-circle fas button-icon-left" aria-hidden="true"></i><span class="fusion-button-text">Ver el Acto</span></a></div>

<p>La Academia de Psicología de España tiene el honor de  [&#8230;]</p>
