{"id":1605,"date":"2022-09-06T15:03:02","date_gmt":"2022-09-06T13:03:02","guid":{"rendered":"https:\/\/www.academiapsicologia.com\/?post_type=tribe_events&#038;p=1605"},"modified":"2022-09-06T15:04:18","modified_gmt":"2022-09-06T13:04:18","slug":"congreso-internacional-de-psicologia-del-trabajo-y-de-las-organizaciones-en-honor-a-jose-maria-peiro","status":"publish","type":"tribe_events","link":"https:\/\/www.academiapsicologia.com\/index.php\/event\/congreso-internacional-de-psicologia-del-trabajo-y-de-las-organizaciones-en-honor-a-jose-maria-peiro\/","title":{"rendered":"Congreso Internacional de Psicolog\u00eda del Trabajo y de las Organizaciones. En honor a Jos\u00e9 Mar\u00eda Peir\u00f3"},"content":{"rendered":"<div align=\"justify\">\n<h3><strong><a href=\"https:\/\/www.academiapsicologia.com\/wp-content\/uploads\/2022\/09\/Congreso-Internacional-de-Psicologia-del-Trabajo-y-de-las-Organizaciones-02.jpg\" target=\"_blank\" rel=\"noopener\"><img decoding=\"async\" class=\"alignleft wp-image-1604 size-medium\" src=\"https:\/\/www.academiapsicologia.com\/wp-content\/uploads\/2022\/09\/Congreso-Internacional-de-Psicologia-del-Trabajo-y-de-las-Organizaciones-02-212x300.jpg\" alt=\"\" width=\"212\" height=\"300\" srcset=\"https:\/\/www.academiapsicologia.com\/wp-content\/uploads\/2022\/09\/Congreso-Internacional-de-Psicologia-del-Trabajo-y-de-las-Organizaciones-02-200x283.jpg 200w, https:\/\/www.academiapsicologia.com\/wp-content\/uploads\/2022\/09\/Congreso-Internacional-de-Psicologia-del-Trabajo-y-de-las-Organizaciones-02-212x300.jpg 212w, https:\/\/www.academiapsicologia.com\/wp-content\/uploads\/2022\/09\/Congreso-Internacional-de-Psicologia-del-Trabajo-y-de-las-Organizaciones-02-400x566.jpg 400w, https:\/\/www.academiapsicologia.com\/wp-content\/uploads\/2022\/09\/Congreso-Internacional-de-Psicologia-del-Trabajo-y-de-las-Organizaciones-02-600x848.jpg 600w, https:\/\/www.academiapsicologia.com\/wp-content\/uploads\/2022\/09\/Congreso-Internacional-de-Psicologia-del-Trabajo-y-de-las-Organizaciones-02-724x1024.jpg 724w, https:\/\/www.academiapsicologia.com\/wp-content\/uploads\/2022\/09\/Congreso-Internacional-de-Psicologia-del-Trabajo-y-de-las-Organizaciones-02-768x1086.jpg 768w, https:\/\/www.academiapsicologia.com\/wp-content\/uploads\/2022\/09\/Congreso-Internacional-de-Psicologia-del-Trabajo-y-de-las-Organizaciones-02-800x1131.jpg 800w, https:\/\/www.academiapsicologia.com\/wp-content\/uploads\/2022\/09\/Congreso-Internacional-de-Psicologia-del-Trabajo-y-de-las-Organizaciones-02.jpg 1000w\" sizes=\"(max-width: 212px) 100vw, 212px\" \/><\/a>BIENVENIDA \u00b7 EN HONOR DE JOS\u00c9 MAR\u00cdA PEIR\u00d3<\/strong><\/h3>\n<p>Os damos la bienvenida al \u00abCongreso Internacional de Psicolog\u00eda del Trabajo y de las Organizaciones. En honor a la carrera de Jos\u00e9 M\u00aa Peir\u00f3\u00bb. Se trata de un evento organizado con gran ilusi\u00f3n y que cuenta con la participaci\u00f3n de profesionales e investigadores de la psicolog\u00eda del trabajo y de las organizaciones, as\u00ed como con el apoyo del Consejo General de Colegios Oficiales de Psicolog\u00eda de Espa\u00f1a.<\/p>\n<p>El congreso tiene como eje central el homenaje a nuestro colega y amigo, Jos\u00e9 M\u00aa Peir\u00f3 Silla. Es importante entender la relevancia de Jos\u00e9 Mar\u00eda Peir\u00f3 en el contexto hist\u00f3rico en el que comienza su trayectoria. La dictadura (1939-1975) supuso un par\u00f3n en el desarrollo de la psicolog\u00eda en Espa\u00f1a. Con el consiguiente comienzo de la democracia en Espa\u00f1a, se ponen en marcha las primeras facultades de Psicolog\u00eda, que se van desarrollando en todo el territorio nacional. En este contexto, Jos\u00e9 M\u00aa impulsa la psicolog\u00eda del trabajo y de las organizaciones en este pa\u00eds favoreciendo su apertura internacional. En buena medida, coge el relevo de esfuerzos anteriores. Cabe destacar, en las primeras d\u00e9cadas del Siglo XX, la creaci\u00f3n del Instituto de Orientaci\u00f3n Profesional de Barcelona o del Servicio de Orientaci\u00f3n de Madrid. Desarrollaron actividades de distinta \u00edndole como la investigaci\u00f3n de los aspectos fisiol\u00f3gicos y psicol\u00f3gicos relacionados con el trabajo; orientaci\u00f3n y selecci\u00f3n profesional; formaci\u00f3n del personal; o el estudio de las condiciones de trabajo. En aquella \u00e9poca la psicolog\u00eda espa\u00f1ola empezaba a ser reconocida internacionalmente. Madrid fue escogida como sede de XI Congreso Internacional de Psicolog\u00eda Cient\u00edfica, previsto para 1936, que tuvo que cancelarse por el comienzo de la guerra civil. Posteriormente, la dictadura fue un periodo de obst\u00e1culos importantes, con algunos avances muy t\u00edmidos en comparaci\u00f3n con la efervescencia de Psicolog\u00eda en Europa o Estados Unidos. En las \u00faltimas cinco d\u00e9cadas, con la llegada y la consolidaci\u00f3n de la democracia en Espa\u00f1a, Jos\u00e9 M\u00aa contribuye de manera significativa a la eclosi\u00f3n de la psicolog\u00eda del trabajo y de las organizaciones en este pa\u00eds. Esta \u00e1rea de la psicolog\u00eda se consolida dentro de los programas universitarios, se desarrolla como una actividad profesional de gran vigor y se profesionaliza creando la Divisi\u00f3n de Psicolog\u00eda del Trabajo, de las Organizaciones y los Recursos Humanos en el Consejo General de Colegios Oficiales de Psicolog\u00eda de Espa\u00f1a. Jos\u00e9 M\u00aa tambi\u00e9n contribuye de manera evidente a su desarrollo acad\u00e9mico y profesional en Espa\u00f1a y a su internacionalizaci\u00f3n.<\/p>\n<p>En este contexto, el homenaje a Jos\u00e9 M\u00aa tiene todo su sentido si se considera su trayectoria. En su investigaci\u00f3n aborda numerosas tem\u00e1ticas y analiza en profundidad los retos de nuestro mundo, como el trabajo en un contexto cada vez m\u00e1s digitalizado (acelerado por la pandemia), el bienestar de los trabajadores en estos nuevos entornos o la sostenibilidad. A escala internacional, ha realizado una labor de gran relevancia, destacando la presidencia de la EAWOP (European Association of Work and Organizational Psychology, 1995-97) y de la IAAP (International Association of Applied Psychology, 2011-2014). Desde siempre, Jos\u00e9 M\u00aa ha contribuido a la innovaci\u00f3n docente, siendo impulsor de programas de doctorado inter-universitarios y dirigiendo el Consorcio Internacional para el M\u00e1ster Erasmus Mundus en Psicolog\u00eda del Trabajo, de las Organizaciones y de los RRHH. Jos\u00e9 M\u00aa es, asimismo, miembro numerario de la Academia de Psicolog\u00eda de Espa\u00f1a y ha sido nombrado Doctor Honoris Causa por la Universidad Methodista de Sao Paulo (2010), la Universidad Miguel Hern\u00e1ndez (2017), la Universidad de Maastricht (2020), la Universidad de Coimbra (2020) y la Universidad Nacional Federico Villareal (2021). Adem\u00e1s, ha recibido reconocimientos nacionales e internacionales como el Premio Arist\u00f3teles de la Federaci\u00f3n Europea de Asociaciones de Psicolog\u00eda (Milan, 2015), el Distinguished Teaching Award de la Society for Industrial and Organizational Psychology (2022), el Machiko Fokuhara Award Excellence in International Research and Service del International Council of Psychology (2013), el EAWOP Life Time Achievement Award (2013), el Certificado de Honor de la IAPP (2018) el Premio \u00abJos\u00e9 Luis Pinillos\u00bb de Psic\u00f3logo del A\u00f1o de la Psicofundaci\u00f3n (2016) y el Premio de investigaci\u00f3n del Consejo Econ\u00f3mico y Social de Espa\u00f1a (2017). Es Honorary Fellowship de la Society for Industrial and Organizational Psychology de USA (2009) y de la European Academy of Occupational Health Psychology (2001).<\/p>\n<p>Esperamos que el Congreso nos sirva para acompa\u00f1ar a Jos\u00e9 M\u00aa en este homenaje tan merecido.<\/p>\n<div align=\"center\"><div class=\"fusion-button-wrapper\"><a class=\"fusion-button button-flat fusion-button-default-size button-custom fusion-button-default button-1 fusion-button-default-span fusion-button-default-type\" style=\"--button_accent_color:#ffffff;--button_border_color:#8a5e9e;--button_accent_hover_color:#ffffff;--button_border_hover_color:#ffffff;--button_gradient_top_color:#b67cd1;--button_gradient_bottom_color:#b67cd1;--button_gradient_top_color_hover:#b67cd1;--button_gradient_bottom_color_hover:#b67cd1;\" target=\"_blank\" rel=\"noopener noreferrer\" href=\"https:\/\/www.jornadas.cop.es\/CongresoTrabajo\/index.php\"><span class=\"fusion-button-text\">M\u00c1S INFORMACI\u00d3N<\/span><\/a><\/div><\/div>\n<p>&nbsp;<\/p>\n<\/div>\n","protected":false},"excerpt":{"rendered":"<p>BIENVENIDA \u00b7 EN HONOR DE JOS\u00c9 MAR\u00cdA PEIR\u00d3 Os damos  [&#8230;]<\/p>\n","protected":false},"author":1,"featured_media":1603,"comment_status":"closed","ping_status":"closed","template":"","meta":{"_tribe_events_status":"","_tribe_events_status_reason":"","footnotes":""},"tags":[],"tribe_events_cat":[],"class_list":["post-1605","tribe_events","type-tribe_events","status-publish","has-post-thumbnail","hentry"],"_links":{"self":[{"href":"https:\/\/www.academiapsicologia.com\/index.php\/wp-json\/wp\/v2\/tribe_events\/1605","targetHints":{"allow":["GET"]}}],"collection":[{"href":"https:\/\/www.academiapsicologia.com\/index.php\/wp-json\/wp\/v2\/tribe_events"}],"about":[{"href":"https:\/\/www.academiapsicologia.com\/index.php\/wp-json\/wp\/v2\/types\/tribe_events"}],"author":[{"embeddable":true,"href":"https:\/\/www.academiapsicologia.com\/index.php\/wp-json\/wp\/v2\/users\/1"}],"replies":[{"embeddable":true,"href":"https:\/\/www.academiapsicologia.com\/index.php\/wp-json\/wp\/v2\/comments?post=1605"}],"version-history":[{"count":9,"href":"https:\/\/www.academiapsicologia.com\/index.php\/wp-json\/wp\/v2\/tribe_events\/1605\/revisions"}],"predecessor-version":[{"id":1617,"href":"https:\/\/www.academiapsicologia.com\/index.php\/wp-json\/wp\/v2\/tribe_events\/1605\/revisions\/1617"}],"wp:featuredmedia":[{"embeddable":true,"href":"https:\/\/www.academiapsicologia.com\/index.php\/wp-json\/wp\/v2\/media\/1603"}],"wp:attachment":[{"href":"https:\/\/www.academiapsicologia.com\/index.php\/wp-json\/wp\/v2\/media?parent=1605"}],"wp:term":[{"taxonomy":"post_tag","embeddable":true,"href":"https:\/\/www.academiapsicologia.com\/index.php\/wp-json\/wp\/v2\/tags?post=1605"},{"taxonomy":"tribe_events_cat","embeddable":true,"href":"https:\/\/www.academiapsicologia.com\/index.php\/wp-json\/wp\/v2\/tribe_events_cat?post=1605"}],"curies":[{"name":"wp","href":"https:\/\/api.w.org\/{rel}","templated":true}]}}

Congreso Internacional de Psicología del Trabajo y de las Organizaciones. En honor a José María Peiró

<div align="justify">
<h3><strong><a href="https://www.academiapsicologia.com/wp-content/uploads/2022/09/Congreso-Internacional-de-Psicologia-del-Trabajo-y-de-las-Organizaciones-02.jpg" target="_blank" rel="noopener"><img decoding="async" class="alignleft wp-image-1604 size-medium" src="https://www.academiapsicologia.com/wp-content/uploads/2022/09/Congreso-Internacional-de-Psicologia-del-Trabajo-y-de-las-Organizaciones-02-212x300.jpg" alt="" width="212" height="300" srcset="https://www.academiapsicologia.com/wp-content/uploads/2022/09/Congreso-Internacional-de-Psicologia-del-Trabajo-y-de-las-Organizaciones-02-200x283.jpg 200w, https://www.academiapsicologia.com/wp-content/uploads/2022/09/Congreso-Internacional-de-Psicologia-del-Trabajo-y-de-las-Organizaciones-02-212x300.jpg 212w, https://www.academiapsicologia.com/wp-content/uploads/2022/09/Congreso-Internacional-de-Psicologia-del-Trabajo-y-de-las-Organizaciones-02-400x566.jpg 400w, https://www.academiapsicologia.com/wp-content/uploads/2022/09/Congreso-Internacional-de-Psicologia-del-Trabajo-y-de-las-Organizaciones-02-600x848.jpg 600w, https://www.academiapsicologia.com/wp-content/uploads/2022/09/Congreso-Internacional-de-Psicologia-del-Trabajo-y-de-las-Organizaciones-02-724x1024.jpg 724w, https://www.academiapsicologia.com/wp-content/uploads/2022/09/Congreso-Internacional-de-Psicologia-del-Trabajo-y-de-las-Organizaciones-02-768x1086.jpg 768w, https://www.academiapsicologia.com/wp-content/uploads/2022/09/Congreso-Internacional-de-Psicologia-del-Trabajo-y-de-las-Organizaciones-02-800x1131.jpg 800w, https://www.academiapsicologia.com/wp-content/uploads/2022/09/Congreso-Internacional-de-Psicologia-del-Trabajo-y-de-las-Organizaciones-02.jpg 1000w" sizes="(max-width: 212px) 100vw, 212px" /></a>BIENVENIDA · EN HONOR DE JOSÉ MARÍA PEIRÓ</strong></h3>
<p>Os damos la bienvenida al «Congreso Internacional de Psicología del Trabajo y de las Organizaciones. En honor a la carrera de José Mª Peiró». Se trata de un evento organizado con gran ilusión y que cuenta con la participación de profesionales e investigadores de la psicología del trabajo y de las organizaciones, así como con el apoyo del Consejo General de Colegios Oficiales de Psicología de España.</p>
<p>El congreso tiene como eje central el homenaje a nuestro colega y amigo, José Mª Peiró Silla. Es importante entender la relevancia de José María Peiró en el contexto histórico en el que comienza su trayectoria. La dictadura (1939-1975) supuso un parón en el desarrollo de la psicología en España. Con el consiguiente comienzo de la democracia en España, se ponen en marcha las primeras facultades de Psicología, que se van desarrollando en todo el territorio nacional. En este contexto, José Mª impulsa la psicología del trabajo y de las organizaciones en este país favoreciendo su apertura internacional. En buena medida, coge el relevo de esfuerzos anteriores. Cabe destacar, en las primeras décadas del Siglo XX, la creación del Instituto de Orientación Profesional de Barcelona o del Servicio de Orientación de Madrid. Desarrollaron actividades de distinta índole como la investigación de los aspectos fisiológicos y psicológicos relacionados con el trabajo; orientación y selección profesional; formación del personal; o el estudio de las condiciones de trabajo. En aquella época la psicología española empezaba a ser reconocida internacionalmente. Madrid fue escogida como sede de XI Congreso Internacional de Psicología Científica, previsto para 1936, que tuvo que cancelarse por el comienzo de la guerra civil. Posteriormente, la dictadura fue un periodo de obstáculos importantes, con algunos avances muy tímidos en comparación con la efervescencia de Psicología en Europa o Estados Unidos. En las últimas cinco décadas, con la llegada y la consolidación de la democracia en España, José Mª contribuye de manera significativa a la eclosión de la psicología del trabajo y de las organizaciones en este país. Esta área de la psicología se consolida dentro de los programas universitarios, se desarrolla como una actividad profesional de gran vigor y se profesionaliza creando la División de Psicología del Trabajo, de las Organizaciones y los Recursos Humanos en el Consejo General de Colegios Oficiales de Psicología de España. José Mª también contribuye de manera evidente a su desarrollo académico y profesional en España y a su internacionalización.</p>
<p>En este contexto, el homenaje a José Mª tiene todo su sentido si se considera su trayectoria. En su investigación aborda numerosas temáticas y analiza en profundidad los retos de nuestro mundo, como el trabajo en un contexto cada vez más digitalizado (acelerado por la pandemia), el bienestar de los trabajadores en estos nuevos entornos o la sostenibilidad. A escala internacional, ha realizado una labor de gran relevancia, destacando la presidencia de la EAWOP (European Association of Work and Organizational Psychology, 1995-97) y de la IAAP (International Association of Applied Psychology, 2011-2014). Desde siempre, José Mª ha contribuido a la innovación docente, siendo impulsor de programas de doctorado inter-universitarios y dirigiendo el Consorcio Internacional para el Máster Erasmus Mundus en Psicología del Trabajo, de las Organizaciones y de los RRHH. José Mª es, asimismo, miembro numerario de la Academia de Psicología de España y ha sido nombrado Doctor Honoris Causa por la Universidad Methodista de Sao Paulo (2010), la Universidad Miguel Hernández (2017), la Universidad de Maastricht (2020), la Universidad de Coimbra (2020) y la Universidad Nacional Federico Villareal (2021). Además, ha recibido reconocimientos nacionales e internacionales como el Premio Aristóteles de la Federación Europea de Asociaciones de Psicología (Milan, 2015), el Distinguished Teaching Award de la Society for Industrial and Organizational Psychology (2022), el Machiko Fokuhara Award Excellence in International Research and Service del International Council of Psychology (2013), el EAWOP Life Time Achievement Award (2013), el Certificado de Honor de la IAPP (2018) el Premio «José Luis Pinillos» de Psicólogo del Año de la Psicofundación (2016) y el Premio de investigación del Consejo Económico y Social de España (2017). Es Honorary Fellowship de la Society for Industrial and Organizational Psychology de USA (2009) y de la European Academy of Occupational Health Psychology (2001).</p>
<p>Esperamos que el Congreso nos sirva para acompañar a José Mª en este homenaje tan merecido.</p>
<div align="center"><div class="fusion-button-wrapper"><a class="fusion-button button-flat fusion-button-default-size button-custom fusion-button-default button-1 fusion-button-default-span fusion-button-default-type" style="--button_accent_color:#ffffff;--button_border_color:#8a5e9e;--button_accent_hover_color:#ffffff;--button_border_hover_color:#ffffff;--button_gradient_top_color:#b67cd1;--button_gradient_bottom_color:#b67cd1;--button_gradient_top_color_hover:#b67cd1;--button_gradient_bottom_color_hover:#b67cd1;" target="_blank" rel="noopener noreferrer" href="https://www.jornadas.cop.es/CongresoTrabajo/index.php"><span class="fusion-button-text">MÁS INFORMACIÓN</span></a></div></div>
<p>&nbsp;</p>
</div>

<p>BIENVENIDA · EN HONOR DE JOSÉ MARÍA PEIRÓ Os damos  [&#8230;]</p>
