{"id":1625,"date":"2022-09-08T13:36:48","date_gmt":"2022-09-08T11:36:48","guid":{"rendered":"https:\/\/www.academiapsicologia.com\/?post_type=tribe_events&#038;p=1625"},"modified":"2022-09-09T11:48:54","modified_gmt":"2022-09-09T09:48:54","slug":"presentacion-del-libro-luis-simarro-y-sus-contemporaneos","status":"publish","type":"tribe_events","link":"https:\/\/www.academiapsicologia.com\/index.php\/event\/presentacion-del-libro-luis-simarro-y-sus-contemporaneos\/","title":{"rendered":"Presentaci\u00f3n del libro: \u00abLuis Simarro y sus contempor\u00e1neos\u00bb"},"content":{"rendered":"<p><strong>Intervienen:<\/strong><\/p>\n<p><strong>D\u00aa. Isabel Mar\u00eda Garc\u00eda Fern\u00e1ndez<\/strong><br \/>\n<em><strong>Vicerrectora de Cultura de la UCM<\/strong><\/em><\/p>\n<p><strong>D. Heliodoro Carpintero Capell<\/strong><br \/>\n<em><strong>Presidente de la Academia de Psicolog\u00eda de Espa\u00f1a y Catedr\u00e1tico jubilado de Psicolog\u00eda B\u00e1sica de la UCM<\/strong><\/em><\/p>\n<p><strong>D. Carlos Berzosa Alonso-Mart\u00ednez <\/strong><br \/>\n<em><strong>Catedr\u00e1tico Em\u00e9rito de Econom\u00eda Aplicada de la UCM. Presidente de la Comisi\u00f3n Espa\u00f1ola de Ayuda al Refugiado (CEAR)<\/strong><\/em><\/p>\n<p><strong>D. Javier Campos Bueno <\/strong><br \/>\n<em><strong>Profesor Titular de Psicolog\u00eda Experimental de la Facultad de Psicolog\u00eda de la UCM<\/strong><\/em><\/p>\n<p><strong>D. Javier Bandr\u00e9s Ponce <\/strong><br \/>\n<em><strong><u>Autor del libro<\/u> y Profesor Titular de la Facultad de Psicolog\u00eda de la UCM y Director del Legado Simarro de la UCM<\/strong><\/em><\/p>\n<p>&nbsp;<\/p>\n<p><strong><u>Lugar de celebraci\u00f3n<\/u>:<\/strong><\/p>\n<p>UCM &#8211; Biblioteca Hist\u00f3rica Marqu\u00e9s de Valdecilla<br \/>\nC. del Noviciado, 3. 28015 &#8211; Madrid<\/p>\n<p>&nbsp;<\/p>\n<h3>Se ruega confirmaci\u00f3n de asistencia enviando un correo a: <span style=\"color: #b67cd1;\"><a style=\"color: #b67cd1;\" href=\"mailto:secretaria@academiadepsicologia.es\">secretaria@academiadepsicologia.es<\/a><\/span><\/h3>\n<p>&nbsp;<\/p>\n<div class=\"fusion-button-wrapper\"><a class=\"fusion-button button-flat fusion-button-default-size button-custom fusion-button-default button-1 fusion-button-default-span fusion-button-default-type\" style=\"--button_accent_color:#ffffff;--button_border_color:#8a5e9e;--button_accent_hover_color:#000000;--button_border_hover_color:#000000;--button_gradient_top_color:#b67cd1;--button_gradient_bottom_color:#b67cd1;--button_gradient_top_color_hover:#b67cd1;--button_gradient_bottom_color_hover:#b67cd1;\" target=\"_blank\" rel=\"noopener noreferrer\" href=\"https:\/\/www.academiapsicologia.com\/wp-content\/uploads\/2022\/09\/Presentacion-Libro-Luis-Simarro-y-sus-contemporaneos.pdf\"><i class=\"fa-info-circle fas button-icon-left\" aria-hidden=\"true\"><\/i><span class=\"fusion-button-text\">DESCARGAR PROGRAMA<\/span><\/a><\/div>\n<p>&nbsp;<\/p>\n<p>&nbsp;<\/p>\n","protected":false},"excerpt":{"rendered":"<p>Intervienen: D\u00aa. Isabel Mar\u00eda Garc\u00eda Fern\u00e1ndez Vicerrectora de Cultura de  [&#8230;]<\/p>\n","protected":false},"author":1,"featured_media":1626,"comment_status":"closed","ping_status":"closed","template":"","meta":{"_tribe_events_status":"","_tribe_events_status_reason":"","footnotes":""},"tags":[],"tribe_events_cat":[],"class_list":["post-1625","tribe_events","type-tribe_events","status-publish","has-post-thumbnail","hentry"],"_links":{"self":[{"href":"https:\/\/www.academiapsicologia.com\/index.php\/wp-json\/wp\/v2\/tribe_events\/1625","targetHints":{"allow":["GET"]}}],"collection":[{"href":"https:\/\/www.academiapsicologia.com\/index.php\/wp-json\/wp\/v2\/tribe_events"}],"about":[{"href":"https:\/\/www.academiapsicologia.com\/index.php\/wp-json\/wp\/v2\/types\/tribe_events"}],"author":[{"embeddable":true,"href":"https:\/\/www.academiapsicologia.com\/index.php\/wp-json\/wp\/v2\/users\/1"}],"replies":[{"embeddable":true,"href":"https:\/\/www.academiapsicologia.com\/index.php\/wp-json\/wp\/v2\/comments?post=1625"}],"version-history":[{"count":4,"href":"https:\/\/www.academiapsicologia.com\/index.php\/wp-json\/wp\/v2\/tribe_events\/1625\/revisions"}],"predecessor-version":[{"id":1636,"href":"https:\/\/www.academiapsicologia.com\/index.php\/wp-json\/wp\/v2\/tribe_events\/1625\/revisions\/1636"}],"wp:featuredmedia":[{"embeddable":true,"href":"https:\/\/www.academiapsicologia.com\/index.php\/wp-json\/wp\/v2\/media\/1626"}],"wp:attachment":[{"href":"https:\/\/www.academiapsicologia.com\/index.php\/wp-json\/wp\/v2\/media?parent=1625"}],"wp:term":[{"taxonomy":"post_tag","embeddable":true,"href":"https:\/\/www.academiapsicologia.com\/index.php\/wp-json\/wp\/v2\/tags?post=1625"},{"taxonomy":"tribe_events_cat","embeddable":true,"href":"https:\/\/www.academiapsicologia.com\/index.php\/wp-json\/wp\/v2\/tribe_events_cat?post=1625"}],"curies":[{"name":"wp","href":"https:\/\/api.w.org\/{rel}","templated":true}]}}

Presentación del libro: «Luis Simarro y sus contemporáneos»

<p><strong>Intervienen:</strong></p>
<p><strong>Dª. Isabel María García Fernández</strong><br />
<em><strong>Vicerrectora de Cultura de la UCM</strong></em></p>
<p><strong>D. Heliodoro Carpintero Capell</strong><br />
<em><strong>Presidente de la Academia de Psicología de España y Catedrático jubilado de Psicología Básica de la UCM</strong></em></p>
<p><strong>D. Carlos Berzosa Alonso-Martínez </strong><br />
<em><strong>Catedrático Emérito de Economía Aplicada de la UCM. Presidente de la Comisión Española de Ayuda al Refugiado (CEAR)</strong></em></p>
<p><strong>D. Javier Campos Bueno </strong><br />
<em><strong>Profesor Titular de Psicología Experimental de la Facultad de Psicología de la UCM</strong></em></p>
<p><strong>D. Javier Bandrés Ponce </strong><br />
<em><strong><u>Autor del libro</u> y Profesor Titular de la Facultad de Psicología de la UCM y Director del Legado Simarro de la UCM</strong></em></p>
<p>&nbsp;</p>
<p><strong><u>Lugar de celebración</u>:</strong></p>
<p>UCM &#8211; Biblioteca Histórica Marqués de Valdecilla<br />
C. del Noviciado, 3. 28015 &#8211; Madrid</p>
<p>&nbsp;</p>
<h3>Se ruega confirmación de asistencia enviando un correo a: <span style="color: #b67cd1;"><a style="color: #b67cd1;" href="mailto:secretaria@academiadepsicologia.es">secretaria@academiadepsicologia.es</a></span></h3>
<p>&nbsp;</p>
<div class="fusion-button-wrapper"><a class="fusion-button button-flat fusion-button-default-size button-custom fusion-button-default button-1 fusion-button-default-span fusion-button-default-type" style="--button_accent_color:#ffffff;--button_border_color:#8a5e9e;--button_accent_hover_color:#000000;--button_border_hover_color:#000000;--button_gradient_top_color:#b67cd1;--button_gradient_bottom_color:#b67cd1;--button_gradient_top_color_hover:#b67cd1;--button_gradient_bottom_color_hover:#b67cd1;" target="_blank" rel="noopener noreferrer" href="https://www.academiapsicologia.com/wp-content/uploads/2022/09/Presentacion-Libro-Luis-Simarro-y-sus-contemporaneos.pdf"><i class="fa-info-circle fas button-icon-left" aria-hidden="true"></i><span class="fusion-button-text">DESCARGAR PROGRAMA</span></a></div>
<p>&nbsp;</p>
<p>&nbsp;</p>

<p>Intervienen: Dª. Isabel María García Fernández Vicerrectora de Cultura de  [&#8230;]</p>
