{"id":1687,"date":"2022-10-07T16:43:18","date_gmt":"2022-10-07T14:43:18","guid":{"rendered":"https:\/\/www.academiapsicologia.com\/?post_type=tribe_events&#038;p=1687"},"modified":"2022-10-07T16:43:18","modified_gmt":"2022-10-07T14:43:18","slug":"homenaje-a-mariano-yela-en-la-ucm","status":"publish","type":"tribe_events","link":"https:\/\/www.academiapsicologia.com\/index.php\/event\/homenaje-a-mariano-yela-en-la-ucm\/","title":{"rendered":"Homenaje a Mariano Yela en la UCM"},"content":{"rendered":"<div align=\"justify\">\n<p>La Facultad de Psicolog\u00eda de la Universidad Complutense va a rendir un homenaje al Profesor Mariano Yela, (1921-1994), uno de los iniciadores de los estudios de psicolog\u00eda en Espa\u00f1a, y profesor en esa Facultad durante investig\u00f3 y ense\u00f1\u00f3 durante toda su vida.<\/p>\n<p>El acto estar\u00e1 presidido por el Rector de la Universidad, Profesor Goyeche, y contar\u00e1 con la participaci\u00f3n de autoridades acad\u00e9micas y varios profesores, entre ellos los Dres. Garc\u00eda Albea, Mart\u00ednez Arias, Mu\u00f1iz Fern\u00e1ndez y Carpintero Capell. Tambi\u00e9n intervendr\u00e1 el Profesor Yela Garc\u00eda, hijo del homenajeado.<\/p>\n<p>Tendr\u00e1 lugar el pr\u00f3ximo d\u00eda 13 de octubre, a las 13 horas, en el sal\u00f3n de actos de la mencionada Facultad. La entrada es libre.<\/p>\n<\/div>\n","protected":false},"excerpt":{"rendered":"<p>La Facultad de Psicolog\u00eda de la Universidad Complutense va a  [&#8230;]<\/p>\n","protected":false},"author":1,"featured_media":1686,"comment_status":"closed","ping_status":"closed","template":"","meta":{"_tribe_events_status":"","_tribe_events_status_reason":"","footnotes":""},"tags":[],"tribe_events_cat":[],"class_list":["post-1687","tribe_events","type-tribe_events","status-publish","has-post-thumbnail","hentry"],"_links":{"self":[{"href":"https:\/\/www.academiapsicologia.com\/index.php\/wp-json\/wp\/v2\/tribe_events\/1687","targetHints":{"allow":["GET"]}}],"collection":[{"href":"https:\/\/www.academiapsicologia.com\/index.php\/wp-json\/wp\/v2\/tribe_events"}],"about":[{"href":"https:\/\/www.academiapsicologia.com\/index.php\/wp-json\/wp\/v2\/types\/tribe_events"}],"author":[{"embeddable":true,"href":"https:\/\/www.academiapsicologia.com\/index.php\/wp-json\/wp\/v2\/users\/1"}],"replies":[{"embeddable":true,"href":"https:\/\/www.academiapsicologia.com\/index.php\/wp-json\/wp\/v2\/comments?post=1687"}],"version-history":[{"count":1,"href":"https:\/\/www.academiapsicologia.com\/index.php\/wp-json\/wp\/v2\/tribe_events\/1687\/revisions"}],"predecessor-version":[{"id":1688,"href":"https:\/\/www.academiapsicologia.com\/index.php\/wp-json\/wp\/v2\/tribe_events\/1687\/revisions\/1688"}],"wp:featuredmedia":[{"embeddable":true,"href":"https:\/\/www.academiapsicologia.com\/index.php\/wp-json\/wp\/v2\/media\/1686"}],"wp:attachment":[{"href":"https:\/\/www.academiapsicologia.com\/index.php\/wp-json\/wp\/v2\/media?parent=1687"}],"wp:term":[{"taxonomy":"post_tag","embeddable":true,"href":"https:\/\/www.academiapsicologia.com\/index.php\/wp-json\/wp\/v2\/tags?post=1687"},{"taxonomy":"tribe_events_cat","embeddable":true,"href":"https:\/\/www.academiapsicologia.com\/index.php\/wp-json\/wp\/v2\/tribe_events_cat?post=1687"}],"curies":[{"name":"wp","href":"https:\/\/api.w.org\/{rel}","templated":true}]}}

<div align="justify">
<p>La Facultad de Psicología de la Universidad Complutense va a rendir un homenaje al Profesor Mariano Yela, (1921-1994), uno de los iniciadores de los estudios de psicología en España, y profesor en esa Facultad durante investigó y enseñó durante toda su vida.</p>
<p>El acto estará presidido por el Rector de la Universidad, Profesor Goyeche, y contará con la participación de autoridades académicas y varios profesores, entre ellos los Dres. García Albea, Martínez Arias, Muñiz Fernández y Carpintero Capell. También intervendrá el Profesor Yela García, hijo del homenajeado.</p>
<p>Tendrá lugar el próximo día 13 de octubre, a las 13 horas, en el salón de actos de la mencionada Facultad. La entrada es libre.</p>
</div>

<p>La Facultad de Psicología de la Universidad Complutense va a  [&#8230;]</p>
