{"id":1695,"date":"2022-10-07T16:59:02","date_gmt":"2022-10-07T14:59:02","guid":{"rendered":"https:\/\/www.academiapsicologia.com\/?post_type=tribe_events&#038;p=1695"},"modified":"2022-10-07T16:59:02","modified_gmt":"2022-10-07T14:59:02","slug":"webinar-bases-cerebrales-de-la-identidad-de-genero","status":"publish","type":"tribe_events","link":"https:\/\/www.academiapsicologia.com\/index.php\/event\/webinar-bases-cerebrales-de-la-identidad-de-genero\/","title":{"rendered":"Webinar: \u00abBases cerebrales de la identidad de g\u00e9nero\u00bb"},"content":{"rendered":"<div align=\"justify\">\n<p><a href=\"https:\/\/www.academiapsicologia.com\/wp-content\/uploads\/2022\/10\/20221020-Bases-cerebrales-de-la-identidad-de-genero-01.jpg\" target=\"_blank\" rel=\"noopener\"><img decoding=\"async\" class=\"aligncenter wp-image-1700\" src=\"https:\/\/www.academiapsicologia.com\/wp-content\/uploads\/2022\/10\/20221020-Bases-cerebrales-de-la-identidad-de-genero-01-300x271.jpg\" alt=\"\" width=\"800\" height=\"724\" srcset=\"https:\/\/www.academiapsicologia.com\/wp-content\/uploads\/2022\/10\/20221020-Bases-cerebrales-de-la-identidad-de-genero-01-200x181.jpg 200w, https:\/\/www.academiapsicologia.com\/wp-content\/uploads\/2022\/10\/20221020-Bases-cerebrales-de-la-identidad-de-genero-01-300x271.jpg 300w, https:\/\/www.academiapsicologia.com\/wp-content\/uploads\/2022\/10\/20221020-Bases-cerebrales-de-la-identidad-de-genero-01-400x362.jpg 400w, https:\/\/www.academiapsicologia.com\/wp-content\/uploads\/2022\/10\/20221020-Bases-cerebrales-de-la-identidad-de-genero-01-600x543.jpg 600w, https:\/\/www.academiapsicologia.com\/wp-content\/uploads\/2022\/10\/20221020-Bases-cerebrales-de-la-identidad-de-genero-01-768x695.jpg 768w, https:\/\/www.academiapsicologia.com\/wp-content\/uploads\/2022\/10\/20221020-Bases-cerebrales-de-la-identidad-de-genero-01-800x724.jpg 800w, https:\/\/www.academiapsicologia.com\/wp-content\/uploads\/2022\/10\/20221020-Bases-cerebrales-de-la-identidad-de-genero-01-1024x926.jpg 1024w, https:\/\/www.academiapsicologia.com\/wp-content\/uploads\/2022\/10\/20221020-Bases-cerebrales-de-la-identidad-de-genero-01.jpg 1080w\" sizes=\"(max-width: 800px) 100vw, 800px\" \/><\/a><\/p>\n<h2><\/h2>\n<h2><strong>Dr. Antonio Guillam\u00f3n Fern\u00e1ndez<\/strong><\/h2>\n<p>Doctor en Medicina y catedr\u00e1tico em\u00e9rito de Psicobiolog\u00eda en el Departamento de Psicobiolog\u00eda de la UNED.<\/p>\n<p>Desde los a\u00f1os ochenta investiga sobre la diferenciaci\u00f3n sexual del cerebro en diversas especies de mam\u00edferos, incluida la nuestra, utilizando t\u00e9cnicas propias de la neurociencia, la psiconeuroendocrinolog\u00eda, la gen\u00e9tica molecular y la conducta.<\/p>\n<p>En la d\u00e9cada pasada, traslada su experiencia en el campo de la diferenciaci\u00f3n sexual al estudio de la identidad de g\u00e9nero en hombres y mujeres cisg\u00e9nero y transg\u00e9nero binarios. En esta l\u00ednea, ha descrito en la literatura cient\u00edfica la existencia de endofenotipos cerebrales con relaci\u00f3n a las variantes de la identidad de g\u00e9nero, y propuesto una teor\u00eda que las explica por un desarrollo diferencial de la corteza cerebral. La existencia de estos endofenotipos ha sido confirmada por un estudio internacional mega anal\u00edtico.<\/p>\n<p>Es autor del libro \u201cIdentidad de g\u00e9nero. Una aproximaci\u00f3n psicobiol\u00f3gica\u201d.<\/p>\n<div align=\"center\"><div class=\"fusion-button-wrapper\"><a class=\"fusion-button button-flat fusion-button-default-size button-custom fusion-button-default button-1 fusion-button-default-span fusion-button-default-type\" style=\"--button_bevel_color:#8a5e9e;--button_accent_color:#ffffff;--button_accent_hover_color:#ffffff;--button_border_hover_color:#ffffff;--button_gradient_top_color:#b67cd1;--button_gradient_bottom_color:#b67cd1;--button_gradient_top_color_hover:#b67cd1;--button_gradient_bottom_color_hover:#b67cd1;\" target=\"_blank\" rel=\"noopener noreferrer\" href=\"https:\/\/www.academiapsicologia.com\/wp-content\/uploads\/2022\/10\/20221020-Bases-cerebrales-de-la-identidad-de-genero.pdf\"><span class=\"fusion-button-text\">Descargar Invitaci\u00f3n<\/span><\/a><\/div><\/div>\n<p>&nbsp;<\/p>\n<div align=\"center\"><div class=\"fusion-button-wrapper\"><a class=\"fusion-button button-flat fusion-button-default-size button-custom fusion-button-default button-2 fusion-button-default-span fusion-button-default-type\" style=\"--button_accent_color:#ffffff;--button_border_color:#8a5e9e;--button_accent_hover_color:#ffffff;--button_border_hover_color:#ffffff;--button_gradient_top_color:#b67cd1;--button_gradient_bottom_color:#b67cd1;--button_gradient_top_color_hover:#b67cd1;--button_gradient_bottom_color_hover:#b67cd1;\" target=\"_blank\" rel=\"noopener noreferrer\" href=\"https:\/\/www.cop-cv.org\/formacion\/4335\"><span class=\"fusion-button-text\">Inscripci\u00f3n con registro para obtenci\u00f3n certificaci\u00f3n<\/span><\/a><\/div><\/div>\n<p>&nbsp;<\/p>\n<div align=\"center\"><div class=\"fusion-button-wrapper\"><a class=\"fusion-button button-flat fusion-button-default-size button-custom fusion-button-default button-3 fusion-button-default-span fusion-button-default-type\" style=\"--button_accent_color:#ffffff;--button_border_color:#8a5e9e;--button_accent_hover_color:#ffffff;--button_border_hover_color:#ffffff;--button_gradient_top_color:#b67cd1;--button_gradient_bottom_color:#b67cd1;--button_gradient_top_color_hover:#b67cd1;--button_gradient_bottom_color_hover:#b67cd1;\" target=\"_blank\" rel=\"noopener noreferrer\" href=\"https:\/\/www.cop-cv.org\/formacion\/emision-en-directo\/4335\"><span class=\"fusion-button-text\">Acceso libre sin registro<\/span><\/a><\/div><\/div>\n<\/div>\n<p>&nbsp;<\/p>\n","protected":false},"excerpt":{"rendered":"<p>Dr. Antonio Guillam\u00f3n Fern\u00e1ndez Doctor en Medicina y catedr\u00e1tico em\u00e9rito  [&#8230;]<\/p>\n","protected":false},"author":1,"featured_media":1696,"comment_status":"closed","ping_status":"closed","template":"","meta":{"_tribe_events_status":"","_tribe_events_status_reason":"","footnotes":""},"tags":[],"tribe_events_cat":[],"class_list":["post-1695","tribe_events","type-tribe_events","status-publish","has-post-thumbnail","hentry"],"_links":{"self":[{"href":"https:\/\/www.academiapsicologia.com\/index.php\/wp-json\/wp\/v2\/tribe_events\/1695","targetHints":{"allow":["GET"]}}],"collection":[{"href":"https:\/\/www.academiapsicologia.com\/index.php\/wp-json\/wp\/v2\/tribe_events"}],"about":[{"href":"https:\/\/www.academiapsicologia.com\/index.php\/wp-json\/wp\/v2\/types\/tribe_events"}],"author":[{"embeddable":true,"href":"https:\/\/www.academiapsicologia.com\/index.php\/wp-json\/wp\/v2\/users\/1"}],"replies":[{"embeddable":true,"href":"https:\/\/www.academiapsicologia.com\/index.php\/wp-json\/wp\/v2\/comments?post=1695"}],"version-history":[{"count":3,"href":"https:\/\/www.academiapsicologia.com\/index.php\/wp-json\/wp\/v2\/tribe_events\/1695\/revisions"}],"predecessor-version":[{"id":1702,"href":"https:\/\/www.academiapsicologia.com\/index.php\/wp-json\/wp\/v2\/tribe_events\/1695\/revisions\/1702"}],"wp:featuredmedia":[{"embeddable":true,"href":"https:\/\/www.academiapsicologia.com\/index.php\/wp-json\/wp\/v2\/media\/1696"}],"wp:attachment":[{"href":"https:\/\/www.academiapsicologia.com\/index.php\/wp-json\/wp\/v2\/media?parent=1695"}],"wp:term":[{"taxonomy":"post_tag","embeddable":true,"href":"https:\/\/www.academiapsicologia.com\/index.php\/wp-json\/wp\/v2\/tags?post=1695"},{"taxonomy":"tribe_events_cat","embeddable":true,"href":"https:\/\/www.academiapsicologia.com\/index.php\/wp-json\/wp\/v2\/tribe_events_cat?post=1695"}],"curies":[{"name":"wp","href":"https:\/\/api.w.org\/{rel}","templated":true}]}}

Webinar: «Bases cerebrales de la identidad de género»

<div align="justify">
<p><a href="https://www.academiapsicologia.com/wp-content/uploads/2022/10/20221020-Bases-cerebrales-de-la-identidad-de-genero-01.jpg" target="_blank" rel="noopener"><img decoding="async" class="aligncenter wp-image-1700" src="https://www.academiapsicologia.com/wp-content/uploads/2022/10/20221020-Bases-cerebrales-de-la-identidad-de-genero-01-300x271.jpg" alt="" width="800" height="724" srcset="https://www.academiapsicologia.com/wp-content/uploads/2022/10/20221020-Bases-cerebrales-de-la-identidad-de-genero-01-200x181.jpg 200w, https://www.academiapsicologia.com/wp-content/uploads/2022/10/20221020-Bases-cerebrales-de-la-identidad-de-genero-01-300x271.jpg 300w, https://www.academiapsicologia.com/wp-content/uploads/2022/10/20221020-Bases-cerebrales-de-la-identidad-de-genero-01-400x362.jpg 400w, https://www.academiapsicologia.com/wp-content/uploads/2022/10/20221020-Bases-cerebrales-de-la-identidad-de-genero-01-600x543.jpg 600w, https://www.academiapsicologia.com/wp-content/uploads/2022/10/20221020-Bases-cerebrales-de-la-identidad-de-genero-01-768x695.jpg 768w, https://www.academiapsicologia.com/wp-content/uploads/2022/10/20221020-Bases-cerebrales-de-la-identidad-de-genero-01-800x724.jpg 800w, https://www.academiapsicologia.com/wp-content/uploads/2022/10/20221020-Bases-cerebrales-de-la-identidad-de-genero-01-1024x926.jpg 1024w, https://www.academiapsicologia.com/wp-content/uploads/2022/10/20221020-Bases-cerebrales-de-la-identidad-de-genero-01.jpg 1080w" sizes="(max-width: 800px) 100vw, 800px" /></a></p>
<h2></h2>
<h2><strong>Dr. Antonio Guillamón Fernández</strong></h2>
<p>Doctor en Medicina y catedrático emérito de Psicobiología en el Departamento de Psicobiología de la UNED.</p>
<p>Desde los años ochenta investiga sobre la diferenciación sexual del cerebro en diversas especies de mamíferos, incluida la nuestra, utilizando técnicas propias de la neurociencia, la psiconeuroendocrinología, la genética molecular y la conducta.</p>
<p>En la década pasada, traslada su experiencia en el campo de la diferenciación sexual al estudio de la identidad de género en hombres y mujeres cisgénero y transgénero binarios. En esta línea, ha descrito en la literatura científica la existencia de endofenotipos cerebrales con relación a las variantes de la identidad de género, y propuesto una teoría que las explica por un desarrollo diferencial de la corteza cerebral. La existencia de estos endofenotipos ha sido confirmada por un estudio internacional mega analítico.</p>
<p>Es autor del libro “Identidad de género. Una aproximación psicobiológica”.</p>
<div align="center"><div class="fusion-button-wrapper"><a class="fusion-button button-flat fusion-button-default-size button-custom fusion-button-default button-1 fusion-button-default-span fusion-button-default-type" style="--button_bevel_color:#8a5e9e;--button_accent_color:#ffffff;--button_accent_hover_color:#ffffff;--button_border_hover_color:#ffffff;--button_gradient_top_color:#b67cd1;--button_gradient_bottom_color:#b67cd1;--button_gradient_top_color_hover:#b67cd1;--button_gradient_bottom_color_hover:#b67cd1;" target="_blank" rel="noopener noreferrer" href="https://www.academiapsicologia.com/wp-content/uploads/2022/10/20221020-Bases-cerebrales-de-la-identidad-de-genero.pdf"><span class="fusion-button-text">Descargar Invitación</span></a></div></div>
<p>&nbsp;</p>
<div align="center"><div class="fusion-button-wrapper"><a class="fusion-button button-flat fusion-button-default-size button-custom fusion-button-default button-2 fusion-button-default-span fusion-button-default-type" style="--button_accent_color:#ffffff;--button_border_color:#8a5e9e;--button_accent_hover_color:#ffffff;--button_border_hover_color:#ffffff;--button_gradient_top_color:#b67cd1;--button_gradient_bottom_color:#b67cd1;--button_gradient_top_color_hover:#b67cd1;--button_gradient_bottom_color_hover:#b67cd1;" target="_blank" rel="noopener noreferrer" href="https://www.cop-cv.org/formacion/4335"><span class="fusion-button-text">Inscripción con registro para obtención certificación</span></a></div></div>
<p>&nbsp;</p>
<div align="center"><div class="fusion-button-wrapper"><a class="fusion-button button-flat fusion-button-default-size button-custom fusion-button-default button-3 fusion-button-default-span fusion-button-default-type" style="--button_accent_color:#ffffff;--button_border_color:#8a5e9e;--button_accent_hover_color:#ffffff;--button_border_hover_color:#ffffff;--button_gradient_top_color:#b67cd1;--button_gradient_bottom_color:#b67cd1;--button_gradient_top_color_hover:#b67cd1;--button_gradient_bottom_color_hover:#b67cd1;" target="_blank" rel="noopener noreferrer" href="https://www.cop-cv.org/formacion/emision-en-directo/4335"><span class="fusion-button-text">Acceso libre sin registro</span></a></div></div>
</div>
<p>&nbsp;</p>

<p>Dr. Antonio Guillamón Fernández Doctor en Medicina y catedrático emérito  [&#8230;]</p>
