{"id":1705,"date":"2022-10-10T14:32:02","date_gmt":"2022-10-10T12:32:02","guid":{"rendered":"https:\/\/www.academiapsicologia.com\/?post_type=tribe_events&#038;p=1705"},"modified":"2022-10-10T14:35:33","modified_gmt":"2022-10-10T12:35:33","slug":"presentacion-del-libro-identidad-de-genero-una-aproximacion-psicobiologica","status":"publish","type":"tribe_events","link":"https:\/\/www.academiapsicologia.com\/index.php\/event\/presentacion-del-libro-identidad-de-genero-una-aproximacion-psicobiologica\/","title":{"rendered":"Presentaci\u00f3n del libro: \u00abIdentidad de g\u00e9nero. Una aproximaci\u00f3n psicobiol\u00f3gica\u00bb"},"content":{"rendered":"<p>El Presidente del Consejo General de la Psicolog\u00eda de Espa\u00f1a, Francisco Santolaya, y el Presidente de la Academia de la Psicolog\u00eda de Espa\u00f1a, Helio Carpintero, le invitan a la presentaci\u00f3n del libro \u00abIdentidad de G\u00e9nero. Una aproximaci\u00f3n psicobiol\u00f3gica\u00bb.<\/p>\n<p><strong>Intervienen:<\/strong><\/p>\n<p><strong>D. Helio Carpintero<br \/>\nD\u00aa. Isabel Esteva<br \/>\nD. Luis Garc\u00eda Segura<br \/>\nD. Ignacio Morgado<br \/>\nD. Antonio Guillam\u00f3n (autor)<\/strong><\/p>\n<p>&nbsp;<\/p>\n<p><strong><u>Lugar de celebraci\u00f3n<\/u>:<\/strong><\/p>\n<p>Sal\u00f3n de Actos del Consejo General de la Psicolog\u00eda de Espa\u00f1a.<br \/>\nC. del Conde de Pe\u00f1alver, 45. 3\u00aa planta. 28006 &#8211; Madrid<\/p>\n<p>&nbsp;<\/p>\n<h3>Se ruega confirmaci\u00f3n de asistencia enviando un correo a: <span style=\"color: #b67cd1;\"><a style=\"color: #b67cd1;\" href=\"mailto:secretaria@academiadepsicologia.es\">secretaria@academiadepsicologia.es<\/a><\/span><\/h3>\n<p>&nbsp;<\/p>\n<div class=\"fusion-button-wrapper\"><a class=\"fusion-button button-flat fusion-button-default-size button-custom fusion-button-default button-1 fusion-button-default-span fusion-button-default-type\" style=\"--button_accent_color:#ffffff;--button_border_color:#8a5e9e;--button_accent_hover_color:#000000;--button_border_hover_color:#000000;--button_gradient_top_color:#b67cd1;--button_gradient_bottom_color:#b67cd1;--button_gradient_top_color_hover:#b67cd1;--button_gradient_bottom_color_hover:#b67cd1;\" target=\"_blank\" rel=\"noopener noreferrer\" href=\"https:\/\/www.academiapsicologia.com\/wp-content\/uploads\/2022\/10\/20221020-Presentacion-del-Libro-Identidad-de-genero.-Una-aproximacion-psicobiologica.pdf\"><i class=\"fa-info-circle fas button-icon-left\" aria-hidden=\"true\"><\/i><span class=\"fusion-button-text\">DESCARGAR PROGRAMA<\/span><\/a><\/div>\n<p>&nbsp;<\/p>\n<p>&nbsp;<\/p>\n","protected":false},"excerpt":{"rendered":"<p>El Presidente del Consejo General de la Psicolog\u00eda de Espa\u00f1a,  [&#8230;]<\/p>\n","protected":false},"author":1,"featured_media":1703,"comment_status":"closed","ping_status":"closed","template":"","meta":{"_tribe_events_status":"","_tribe_events_status_reason":"","footnotes":""},"tags":[],"tribe_events_cat":[],"class_list":["post-1705","tribe_events","type-tribe_events","status-publish","has-post-thumbnail","hentry"],"_links":{"self":[{"href":"https:\/\/www.academiapsicologia.com\/index.php\/wp-json\/wp\/v2\/tribe_events\/1705","targetHints":{"allow":["GET"]}}],"collection":[{"href":"https:\/\/www.academiapsicologia.com\/index.php\/wp-json\/wp\/v2\/tribe_events"}],"about":[{"href":"https:\/\/www.academiapsicologia.com\/index.php\/wp-json\/wp\/v2\/types\/tribe_events"}],"author":[{"embeddable":true,"href":"https:\/\/www.academiapsicologia.com\/index.php\/wp-json\/wp\/v2\/users\/1"}],"replies":[{"embeddable":true,"href":"https:\/\/www.academiapsicologia.com\/index.php\/wp-json\/wp\/v2\/comments?post=1705"}],"version-history":[{"count":3,"href":"https:\/\/www.academiapsicologia.com\/index.php\/wp-json\/wp\/v2\/tribe_events\/1705\/revisions"}],"predecessor-version":[{"id":1708,"href":"https:\/\/www.academiapsicologia.com\/index.php\/wp-json\/wp\/v2\/tribe_events\/1705\/revisions\/1708"}],"wp:featuredmedia":[{"embeddable":true,"href":"https:\/\/www.academiapsicologia.com\/index.php\/wp-json\/wp\/v2\/media\/1703"}],"wp:attachment":[{"href":"https:\/\/www.academiapsicologia.com\/index.php\/wp-json\/wp\/v2\/media?parent=1705"}],"wp:term":[{"taxonomy":"post_tag","embeddable":true,"href":"https:\/\/www.academiapsicologia.com\/index.php\/wp-json\/wp\/v2\/tags?post=1705"},{"taxonomy":"tribe_events_cat","embeddable":true,"href":"https:\/\/www.academiapsicologia.com\/index.php\/wp-json\/wp\/v2\/tribe_events_cat?post=1705"}],"curies":[{"name":"wp","href":"https:\/\/api.w.org\/{rel}","templated":true}]}}

Presentación del libro: «Identidad de género. Una aproximación psicobiológica»

<p>El Presidente del Consejo General de la Psicología de España, Francisco Santolaya, y el Presidente de la Academia de la Psicología de España, Helio Carpintero, le invitan a la presentación del libro «Identidad de Género. Una aproximación psicobiológica».</p>
<p><strong>Intervienen:</strong></p>
<p><strong>D. Helio Carpintero<br />
Dª. Isabel Esteva<br />
D. Luis García Segura<br />
D. Ignacio Morgado<br />
D. Antonio Guillamón (autor)</strong></p>
<p>&nbsp;</p>
<p><strong><u>Lugar de celebración</u>:</strong></p>
<p>Salón de Actos del Consejo General de la Psicología de España.<br />
C. del Conde de Peñalver, 45. 3ª planta. 28006 &#8211; Madrid</p>
<p>&nbsp;</p>
<h3>Se ruega confirmación de asistencia enviando un correo a: <span style="color: #b67cd1;"><a style="color: #b67cd1;" href="mailto:secretaria@academiadepsicologia.es">secretaria@academiadepsicologia.es</a></span></h3>
<p>&nbsp;</p>
<div class="fusion-button-wrapper"><a class="fusion-button button-flat fusion-button-default-size button-custom fusion-button-default button-1 fusion-button-default-span fusion-button-default-type" style="--button_accent_color:#ffffff;--button_border_color:#8a5e9e;--button_accent_hover_color:#000000;--button_border_hover_color:#000000;--button_gradient_top_color:#b67cd1;--button_gradient_bottom_color:#b67cd1;--button_gradient_top_color_hover:#b67cd1;--button_gradient_bottom_color_hover:#b67cd1;" target="_blank" rel="noopener noreferrer" href="https://www.academiapsicologia.com/wp-content/uploads/2022/10/20221020-Presentacion-del-Libro-Identidad-de-genero.-Una-aproximacion-psicobiologica.pdf"><i class="fa-info-circle fas button-icon-left" aria-hidden="true"></i><span class="fusion-button-text">DESCARGAR PROGRAMA</span></a></div>
<p>&nbsp;</p>
<p>&nbsp;</p>

<p>El Presidente del Consejo General de la Psicología de España,  [&#8230;]</p>
