{"id":1734,"date":"2022-10-24T10:12:06","date_gmt":"2022-10-24T08:12:06","guid":{"rendered":"https:\/\/www.academiapsicologia.com\/?post_type=tribe_events&#038;p=1734"},"modified":"2022-10-24T10:12:06","modified_gmt":"2022-10-24T08:12:06","slug":"webinar-factores-psicosociales-y-solidaridad","status":"publish","type":"tribe_events","link":"https:\/\/www.academiapsicologia.com\/index.php\/event\/webinar-factores-psicosociales-y-solidaridad\/","title":{"rendered":"Webinar: \u00abFactores Psicosociales y Solidaridad\u00bb"},"content":{"rendered":"<p style=\"text-align: center;\"><a href=\"https:\/\/www.academiapsicologia.com\/wp-content\/uploads\/2022\/10\/20221103-Factores-Psicosociales-y-Solidaridad-02.jpg\"><img decoding=\"async\" class=\"alignnone wp-image-1732\" src=\"https:\/\/www.academiapsicologia.com\/wp-content\/uploads\/2022\/10\/20221103-Factores-Psicosociales-y-Solidaridad-02-300x261.jpg\" alt=\"\" width=\"800\" height=\"696\" srcset=\"https:\/\/www.academiapsicologia.com\/wp-content\/uploads\/2022\/10\/20221103-Factores-Psicosociales-y-Solidaridad-02-200x174.jpg 200w, https:\/\/www.academiapsicologia.com\/wp-content\/uploads\/2022\/10\/20221103-Factores-Psicosociales-y-Solidaridad-02-300x261.jpg 300w, https:\/\/www.academiapsicologia.com\/wp-content\/uploads\/2022\/10\/20221103-Factores-Psicosociales-y-Solidaridad-02-400x348.jpg 400w, https:\/\/www.academiapsicologia.com\/wp-content\/uploads\/2022\/10\/20221103-Factores-Psicosociales-y-Solidaridad-02-600x522.jpg 600w, https:\/\/www.academiapsicologia.com\/wp-content\/uploads\/2022\/10\/20221103-Factores-Psicosociales-y-Solidaridad-02-768x668.jpg 768w, https:\/\/www.academiapsicologia.com\/wp-content\/uploads\/2022\/10\/20221103-Factores-Psicosociales-y-Solidaridad-02-800x696.jpg 800w, https:\/\/www.academiapsicologia.com\/wp-content\/uploads\/2022\/10\/20221103-Factores-Psicosociales-y-Solidaridad-02-1024x891.jpg 1024w, https:\/\/www.academiapsicologia.com\/wp-content\/uploads\/2022\/10\/20221103-Factores-Psicosociales-y-Solidaridad-02.jpg 1080w\" sizes=\"(max-width: 800px) 100vw, 800px\" \/><\/a><\/p>\n<div align=\"justify\">\n<h2><strong>Dr. Fernando Chac\u00f3n Fuertes<\/strong><\/h2>\n<p>Naci\u00f3 en 1959 en Jerez de la Frontera (C\u00e1diz). Se licenci\u00f3 en Psicolog\u00eda en la Universidad Complutense de Madrid en 1981. En 1985 defendi\u00f3 su tesis doctoral \u201cAltruismo y Conductas de Ayuda: una Taxonom\u00eda de Episodios Sociales de Ayuda\u201d, por la que obtuvo el Premio Extraordinario de Doctorado.<\/p>\n<p>En 1987 obtuvo la plaza de Profesor Titular en el Departamento de Psicolog\u00eda Social de la Universidad Complutense, donde ejerce la docencia desde entonces. En 2014 obtuvo la acreditaci\u00f3n de Catedr\u00e1tico de Universidad.<\/p>\n<p>Es uno de los introductores del estudio de las conductas prosociales, la intervenci\u00f3n en servicios sociales y la psicolog\u00eda comunitaria en la universidad espa\u00f1ola.<\/p>\n<p>Desde 1989 a 1993 ocup\u00f3 el cargo de Consejero T\u00e9cnico en el Ministerio de Asuntos Sociales. En el periodo 1995 a 2021 fue Decano del Colegio Oficial de Psic\u00f3logos de Madrid (COP-M). Actualmente es Vicepresidente Primero del Consejo General de la Psicolog\u00eda. Es vicepresidente de Psicofundaci\u00f3n y patrono de la Fundaci\u00f3n Lafourcade-Ponce para el Bienestar Psicol\u00f3gico.<\/p>\n<p>Fue el coordinador de los dispositivos de psic\u00f3logos del COPM que intervinieron tras el accidente de Spanair (2008) y los atentados del 11 de Marzo de 2004. Por esta \u00faltima actuaci\u00f3n fue concedida la Medalla de Oro de la Cruz Roja.<\/p>\n<p>Es autor de m\u00e1s de un centenar de publicaciones cient\u00edficas. Desde 1994 dirige un Grupo de Investigaci\u00f3n sobre \u201cFactores Psicosociales y Voluntariado\u201d que ha dado lugar a m\u00e1s de una treintena de publicaciones cient\u00edficas. Una de sus aportaciones m\u00e1s relevantes y de mayor repercusiones el \u201cModelo de las tres fases del voluntariado\u201d en el que plantea que la permanencia del voluntariado a corto, medio y largo plazo depende de variables distintas (satisfacci\u00f3n, compromiso e identidad personal). Este Modelo es extensible a otro tipo de relaciones y contextos distintos.<\/p>\n<\/div>\n<div align=\"justify\">\n<div align=\"center\"><div class=\"fusion-button-wrapper\"><a class=\"fusion-button button-flat fusion-button-default-size button-custom fusion-button-default button-1 fusion-button-default-span fusion-button-default-type\" style=\"--button_bevel_color:#8a5e9e;--button_accent_color:#ffffff;--button_accent_hover_color:#ffffff;--button_border_hover_color:#ffffff;--button_gradient_top_color:#b67cd1;--button_gradient_bottom_color:#b67cd1;--button_gradient_top_color_hover:#b67cd1;--button_gradient_bottom_color_hover:#b67cd1;\" target=\"_blank\" rel=\"noopener noreferrer\" href=\"https:\/\/www.academiapsicologia.com\/wp-content\/uploads\/2022\/10\/20221103-Factores-Psicosociales-y-Solidaridad.pdf\"><span class=\"fusion-button-text\">Descargar Invitaci\u00f3n<\/span><\/a><\/div><\/div>\n<p>&nbsp;<\/p>\n<div align=\"center\"><div class=\"fusion-button-wrapper\"><a class=\"fusion-button button-flat fusion-button-default-size button-custom fusion-button-default button-2 fusion-button-default-span fusion-button-default-type\" style=\"--button_accent_color:#ffffff;--button_border_color:#8a5e9e;--button_accent_hover_color:#ffffff;--button_border_hover_color:#ffffff;--button_gradient_top_color:#b67cd1;--button_gradient_bottom_color:#b67cd1;--button_gradient_top_color_hover:#b67cd1;--button_gradient_bottom_color_hover:#b67cd1;\" target=\"_blank\" rel=\"noopener noreferrer\" href=\"https:\/\/www.cop-cv.org\/formacion\/4336\"><span class=\"fusion-button-text\">Inscripci\u00f3n con registro para obtenci\u00f3n certificaci\u00f3n<\/span><\/a><\/div><\/div>\n<p>&nbsp;<\/p>\n<div align=\"center\"><div class=\"fusion-button-wrapper\"><a class=\"fusion-button button-flat fusion-button-default-size button-custom fusion-button-default button-3 fusion-button-default-span fusion-button-default-type\" style=\"--button_accent_color:#ffffff;--button_border_color:#8a5e9e;--button_accent_hover_color:#ffffff;--button_border_hover_color:#ffffff;--button_gradient_top_color:#b67cd1;--button_gradient_bottom_color:#b67cd1;--button_gradient_top_color_hover:#b67cd1;--button_gradient_bottom_color_hover:#b67cd1;\" target=\"_blank\" rel=\"noopener noreferrer\" href=\"https:\/\/www.cop-cv.org\/formacion\/emision-en-directo\/4336\"><span class=\"fusion-button-text\">Acceso libre sin registro<\/span><\/a><\/div><\/div>\n<\/div>\n<p>&nbsp;<\/p>\n<p>&nbsp;<\/p>\n","protected":false},"excerpt":{"rendered":"<p>Dr. Fernando Chac\u00f3n Fuertes Naci\u00f3 en 1959 en Jerez de  [&#8230;]<\/p>\n","protected":false},"author":1,"featured_media":1731,"comment_status":"closed","ping_status":"closed","template":"","meta":{"_tribe_events_status":"","_tribe_events_status_reason":"","footnotes":""},"tags":[],"tribe_events_cat":[],"class_list":["post-1734","tribe_events","type-tribe_events","status-publish","has-post-thumbnail","hentry"],"_links":{"self":[{"href":"https:\/\/www.academiapsicologia.com\/index.php\/wp-json\/wp\/v2\/tribe_events\/1734","targetHints":{"allow":["GET"]}}],"collection":[{"href":"https:\/\/www.academiapsicologia.com\/index.php\/wp-json\/wp\/v2\/tribe_events"}],"about":[{"href":"https:\/\/www.academiapsicologia.com\/index.php\/wp-json\/wp\/v2\/types\/tribe_events"}],"author":[{"embeddable":true,"href":"https:\/\/www.academiapsicologia.com\/index.php\/wp-json\/wp\/v2\/users\/1"}],"replies":[{"embeddable":true,"href":"https:\/\/www.academiapsicologia.com\/index.php\/wp-json\/wp\/v2\/comments?post=1734"}],"version-history":[{"count":2,"href":"https:\/\/www.academiapsicologia.com\/index.php\/wp-json\/wp\/v2\/tribe_events\/1734\/revisions"}],"predecessor-version":[{"id":1736,"href":"https:\/\/www.academiapsicologia.com\/index.php\/wp-json\/wp\/v2\/tribe_events\/1734\/revisions\/1736"}],"wp:featuredmedia":[{"embeddable":true,"href":"https:\/\/www.academiapsicologia.com\/index.php\/wp-json\/wp\/v2\/media\/1731"}],"wp:attachment":[{"href":"https:\/\/www.academiapsicologia.com\/index.php\/wp-json\/wp\/v2\/media?parent=1734"}],"wp:term":[{"taxonomy":"post_tag","embeddable":true,"href":"https:\/\/www.academiapsicologia.com\/index.php\/wp-json\/wp\/v2\/tags?post=1734"},{"taxonomy":"tribe_events_cat","embeddable":true,"href":"https:\/\/www.academiapsicologia.com\/index.php\/wp-json\/wp\/v2\/tribe_events_cat?post=1734"}],"curies":[{"name":"wp","href":"https:\/\/api.w.org\/{rel}","templated":true}]}}

<p style="text-align: center;"><a href="https://www.academiapsicologia.com/wp-content/uploads/2022/10/20221103-Factores-Psicosociales-y-Solidaridad-02.jpg"><img decoding="async" class="alignnone wp-image-1732" src="https://www.academiapsicologia.com/wp-content/uploads/2022/10/20221103-Factores-Psicosociales-y-Solidaridad-02-300x261.jpg" alt="" width="800" height="696" srcset="https://www.academiapsicologia.com/wp-content/uploads/2022/10/20221103-Factores-Psicosociales-y-Solidaridad-02-200x174.jpg 200w, https://www.academiapsicologia.com/wp-content/uploads/2022/10/20221103-Factores-Psicosociales-y-Solidaridad-02-300x261.jpg 300w, https://www.academiapsicologia.com/wp-content/uploads/2022/10/20221103-Factores-Psicosociales-y-Solidaridad-02-400x348.jpg 400w, https://www.academiapsicologia.com/wp-content/uploads/2022/10/20221103-Factores-Psicosociales-y-Solidaridad-02-600x522.jpg 600w, https://www.academiapsicologia.com/wp-content/uploads/2022/10/20221103-Factores-Psicosociales-y-Solidaridad-02-768x668.jpg 768w, https://www.academiapsicologia.com/wp-content/uploads/2022/10/20221103-Factores-Psicosociales-y-Solidaridad-02-800x696.jpg 800w, https://www.academiapsicologia.com/wp-content/uploads/2022/10/20221103-Factores-Psicosociales-y-Solidaridad-02-1024x891.jpg 1024w, https://www.academiapsicologia.com/wp-content/uploads/2022/10/20221103-Factores-Psicosociales-y-Solidaridad-02.jpg 1080w" sizes="(max-width: 800px) 100vw, 800px" /></a></p>
<div align="justify">
<h2><strong>Dr. Fernando Chacón Fuertes</strong></h2>
<p>Nació en 1959 en Jerez de la Frontera (Cádiz). Se licenció en Psicología en la Universidad Complutense de Madrid en 1981. En 1985 defendió su tesis doctoral “Altruismo y Conductas de Ayuda: una Taxonomía de Episodios Sociales de Ayuda”, por la que obtuvo el Premio Extraordinario de Doctorado.</p>
<p>En 1987 obtuvo la plaza de Profesor Titular en el Departamento de Psicología Social de la Universidad Complutense, donde ejerce la docencia desde entonces. En 2014 obtuvo la acreditación de Catedrático de Universidad.</p>
<p>Es uno de los introductores del estudio de las conductas prosociales, la intervención en servicios sociales y la psicología comunitaria en la universidad española.</p>
<p>Desde 1989 a 1993 ocupó el cargo de Consejero Técnico en el Ministerio de Asuntos Sociales. En el periodo 1995 a 2021 fue Decano del Colegio Oficial de Psicólogos de Madrid (COP-M). Actualmente es Vicepresidente Primero del Consejo General de la Psicología. Es vicepresidente de Psicofundación y patrono de la Fundación Lafourcade-Ponce para el Bienestar Psicológico.</p>
<p>Fue el coordinador de los dispositivos de psicólogos del COPM que intervinieron tras el accidente de Spanair (2008) y los atentados del 11 de Marzo de 2004. Por esta última actuación fue concedida la Medalla de Oro de la Cruz Roja.</p>
<p>Es autor de más de un centenar de publicaciones científicas. Desde 1994 dirige un Grupo de Investigación sobre “Factores Psicosociales y Voluntariado” que ha dado lugar a más de una treintena de publicaciones científicas. Una de sus aportaciones más relevantes y de mayor repercusiones el “Modelo de las tres fases del voluntariado” en el que plantea que la permanencia del voluntariado a corto, medio y largo plazo depende de variables distintas (satisfacción, compromiso e identidad personal). Este Modelo es extensible a otro tipo de relaciones y contextos distintos.</p>
</div>
<div align="justify">
<div align="center"><div class="fusion-button-wrapper"><a class="fusion-button button-flat fusion-button-default-size button-custom fusion-button-default button-1 fusion-button-default-span fusion-button-default-type" style="--button_bevel_color:#8a5e9e;--button_accent_color:#ffffff;--button_accent_hover_color:#ffffff;--button_border_hover_color:#ffffff;--button_gradient_top_color:#b67cd1;--button_gradient_bottom_color:#b67cd1;--button_gradient_top_color_hover:#b67cd1;--button_gradient_bottom_color_hover:#b67cd1;" target="_blank" rel="noopener noreferrer" href="https://www.academiapsicologia.com/wp-content/uploads/2022/10/20221103-Factores-Psicosociales-y-Solidaridad.pdf"><span class="fusion-button-text">Descargar Invitación</span></a></div></div>
<p>&nbsp;</p>
<div align="center"><div class="fusion-button-wrapper"><a class="fusion-button button-flat fusion-button-default-size button-custom fusion-button-default button-2 fusion-button-default-span fusion-button-default-type" style="--button_accent_color:#ffffff;--button_border_color:#8a5e9e;--button_accent_hover_color:#ffffff;--button_border_hover_color:#ffffff;--button_gradient_top_color:#b67cd1;--button_gradient_bottom_color:#b67cd1;--button_gradient_top_color_hover:#b67cd1;--button_gradient_bottom_color_hover:#b67cd1;" target="_blank" rel="noopener noreferrer" href="https://www.cop-cv.org/formacion/4336"><span class="fusion-button-text">Inscripción con registro para obtención certificación</span></a></div></div>
<p>&nbsp;</p>
<div align="center"><div class="fusion-button-wrapper"><a class="fusion-button button-flat fusion-button-default-size button-custom fusion-button-default button-3 fusion-button-default-span fusion-button-default-type" style="--button_accent_color:#ffffff;--button_border_color:#8a5e9e;--button_accent_hover_color:#ffffff;--button_border_hover_color:#ffffff;--button_gradient_top_color:#b67cd1;--button_gradient_bottom_color:#b67cd1;--button_gradient_top_color_hover:#b67cd1;--button_gradient_bottom_color_hover:#b67cd1;" target="_blank" rel="noopener noreferrer" href="https://www.cop-cv.org/formacion/emision-en-directo/4336"><span class="fusion-button-text">Acceso libre sin registro</span></a></div></div>
</div>
<p>&nbsp;</p>
<p>&nbsp;</p>

<p>Dr. Fernando Chacón Fuertes Nació en 1959 en Jerez de  [&#8230;]</p>
