{"id":1747,"date":"2022-11-03T19:32:51","date_gmt":"2022-11-03T18:32:51","guid":{"rendered":"https:\/\/www.academiapsicologia.com\/?post_type=tribe_events&#038;p=1747"},"modified":"2022-11-03T19:35:18","modified_gmt":"2022-11-03T18:35:18","slug":"webinar-por-que-nos-quejamos-de-nuestra-memoria-causas-y-significado","status":"publish","type":"tribe_events","link":"https:\/\/www.academiapsicologia.com\/index.php\/event\/webinar-por-que-nos-quejamos-de-nuestra-memoria-causas-y-significado\/","title":{"rendered":"Webinar: \u201c\u00bfPor qu\u00e9 nos quejamos de nuestra memoria?. Causas y significado\u201d"},"content":{"rendered":"<p style=\"text-align: center;\"><a href=\"https:\/\/www.academiapsicologia.com\/wp-content\/uploads\/2022\/11\/20221110-Por-que-nos-quejamos-de-nuestra-memoria-02.jpg\" target=\"_blank\" rel=\"noopener\"><img decoding=\"async\" class=\"alignnone wp-image-1750\" src=\"https:\/\/www.academiapsicologia.com\/wp-content\/uploads\/2022\/11\/20221110-Por-que-nos-quejamos-de-nuestra-memoria-02-300x269.jpg\" alt=\"\" width=\"800\" height=\"719\" srcset=\"https:\/\/www.academiapsicologia.com\/wp-content\/uploads\/2022\/11\/20221110-Por-que-nos-quejamos-de-nuestra-memoria-02-200x180.jpg 200w, https:\/\/www.academiapsicologia.com\/wp-content\/uploads\/2022\/11\/20221110-Por-que-nos-quejamos-de-nuestra-memoria-02-300x269.jpg 300w, https:\/\/www.academiapsicologia.com\/wp-content\/uploads\/2022\/11\/20221110-Por-que-nos-quejamos-de-nuestra-memoria-02-400x359.jpg 400w, https:\/\/www.academiapsicologia.com\/wp-content\/uploads\/2022\/11\/20221110-Por-que-nos-quejamos-de-nuestra-memoria-02-600x539.jpg 600w, https:\/\/www.academiapsicologia.com\/wp-content\/uploads\/2022\/11\/20221110-Por-que-nos-quejamos-de-nuestra-memoria-02-768x690.jpg 768w, https:\/\/www.academiapsicologia.com\/wp-content\/uploads\/2022\/11\/20221110-Por-que-nos-quejamos-de-nuestra-memoria-02-800x719.jpg 800w, https:\/\/www.academiapsicologia.com\/wp-content\/uploads\/2022\/11\/20221110-Por-que-nos-quejamos-de-nuestra-memoria-02-1024x920.jpg 1024w, https:\/\/www.academiapsicologia.com\/wp-content\/uploads\/2022\/11\/20221110-Por-que-nos-quejamos-de-nuestra-memoria-02.jpg 1080w\" sizes=\"(max-width: 800px) 100vw, 800px\" \/><\/a><\/p>\n<div align=\"justify\">\n<h2><strong>Dra. Alicia Salvador Fern\u00e1ndez-Montejo<\/strong><\/h2>\n<p>Licenciada en Psicolog\u00eda y en Ciencias de la Educaci\u00f3n por la Universitat de Val\u00e8ncia en 1978 y 1979, respectivamente, y Doctora en 1981 por esta misma universidad. Catedr\u00e1tica de Psicobiolog\u00eda desde 2002 en la Universitat de Valencia. Ha sido Directora del Departamento de Psicobiolog\u00eda desde 2004 a 2011 y Decana de la Facultad de Psicolog\u00eda desde 2012 a 2015. Es coordinadora del Laboratorio de Neurociencia Social Cognitiva y del grupo de excelencia. Actualmente es Directora del Programa de Doctorado de Neurociencias (RD2011) de la Universitat de Val\u00e8ncia, y previamente del Doctorado de Neurociencia (RD2007), con menci\u00f3n hacia la excelencia. Iniciadora y codirectora del M\u00e1ster Universitario de Neurociencias B\u00e1sicas y Aplicadas.<\/p>\n<p>Es miembro del Comit\u00e9 Ejecutivo de la International Union of Psychological Science (IUPsyS) y Acad\u00e9mica de N\u00famero de la Academia de Psicolog\u00eda de Espa\u00f1a. Ha sido Investigadora Principal de doce proyectos del Plan nacional de I+D de investigaci\u00f3n y de otros convocados por diversos organismos con convocatorias competitivas. Ha dirigido m\u00e1s de veinte tesis doctorales y publicado m\u00e1s de ciento veinte art\u00edculos en revistas cient\u00edficas de alto impacto como Neuroscience and Biobehavioral Reviews, Psychoneuroendocrinology, Hormones and Behavior, o Biological Psychology. Es autora de cap\u00edtulos de monograf\u00edas y manuales y ha presentado ponencias por<br \/>\ninvitaci\u00f3n en congresos nacionales e internacionales. Ha recibido el reconocimiento a la larga trayectoria investigadora (seis sexenios de investigaci\u00f3n) por la Universitat de Val\u00e8ncia (2015). La mayor parte de su investigaci\u00f3n se ha centrado en las bases biol\u00f3gicas de la conducta social, estudiando las interacciones sociales y los efectos del estr\u00e9s agudo y cr\u00f3nico sobre la function cognitiva, analizando variables psicofisiol\u00f3gicas y comportamentales. Ha simultaneado la investigaci\u00f3n animal y humana, participando en la puesta en marcha y consolidaci\u00f3n de los laboratorios de investigaci\u00f3n psicobiol\u00f3gica en Valencia.<\/p>\n<p>Ha sido investigadora invitada en la Universidad de Swansea (Reino Unido, 1992), Universidad de Trier (Alemania, 1998), University College de Londres (2002), University of Maastricht (2008) and State University of Portland (2009 y 2010). Ha sido Presidenta de la Sociedad Espa\u00f1ola de Psicofisiolog\u00eda (2006-\u20102008), actualmente SEPNECA, y de la Sociedad de Estudios de Psicolog\u00eda (2004-\u20102010). Es miembro titular de la Sociedad Espa\u00f1ola de Neurociencia y de sociedades internacionales como la International Society of Psychoneuroendocrinology (ISPNE), la Behavioral Endocrinology Society (SBN) y la International Association of Applied Psychology (IAAP). Ha sido miembro de la Asamblea general de la IUPsyS (2008-\u20102012). Ha participado en comisiones de evaluaci\u00f3n de la actividad investigadora nacionales (ANEP, FECYT, CNEAI) y auton\u00f3micas (como AGAUR, AGAE, ACSUG).<\/p>\n<\/div>\n<div align=\"justify\">\n<div align=\"center\"><div class=\"fusion-button-wrapper\"><a class=\"fusion-button button-flat fusion-button-default-size button-custom fusion-button-default button-1 fusion-button-default-span fusion-button-default-type\" style=\"--button_bevel_color:#8a5e9e;--button_accent_color:#ffffff;--button_accent_hover_color:#ffffff;--button_border_hover_color:#ffffff;--button_gradient_top_color:#b67cd1;--button_gradient_bottom_color:#b67cd1;--button_gradient_top_color_hover:#b67cd1;--button_gradient_bottom_color_hover:#b67cd1;\" target=\"_blank\" rel=\"noopener noreferrer\" href=\"https:\/\/www.academiapsicologia.com\/wp-content\/uploads\/2022\/11\/20221110-Por-que-nos-quejamos-de-nuestra-memoria.pdf\"><span class=\"fusion-button-text\">Descargar Invitaci\u00f3n<\/span><\/a><\/div><\/div>\n<p>&nbsp;<\/p>\n<div align=\"center\"><div class=\"fusion-button-wrapper\"><a class=\"fusion-button button-flat fusion-button-default-size button-custom fusion-button-default button-2 fusion-button-default-span fusion-button-default-type\" style=\"--button_accent_color:#ffffff;--button_border_color:#8a5e9e;--button_accent_hover_color:#ffffff;--button_border_hover_color:#ffffff;--button_gradient_top_color:#b67cd1;--button_gradient_bottom_color:#b67cd1;--button_gradient_top_color_hover:#b67cd1;--button_gradient_bottom_color_hover:#b67cd1;\" target=\"_blank\" rel=\"noopener noreferrer\" href=\"https:\/\/www.cop-cv.org\/formacion\/4337\"><span class=\"fusion-button-text\">Inscripci\u00f3n con registro para obtenci\u00f3n certificaci\u00f3n<\/span><\/a><\/div><\/div>\n<p>&nbsp;<\/p>\n<div align=\"center\"><div class=\"fusion-button-wrapper\"><a class=\"fusion-button button-flat fusion-button-default-size button-custom fusion-button-default button-3 fusion-button-default-span fusion-button-default-type\" style=\"--button_accent_color:#ffffff;--button_border_color:#8a5e9e;--button_accent_hover_color:#ffffff;--button_border_hover_color:#ffffff;--button_gradient_top_color:#b67cd1;--button_gradient_bottom_color:#b67cd1;--button_gradient_top_color_hover:#b67cd1;--button_gradient_bottom_color_hover:#b67cd1;\" target=\"_blank\" rel=\"noopener noreferrer\" href=\"https:\/\/www.cop-cv.org\/formacion\/emision-en-directo\/4337\"><span class=\"fusion-button-text\">Acceso libre sin registro<\/span><\/a><\/div><\/div>\n<\/div>\n<p>&nbsp;<\/p>\n<p>&nbsp;<\/p>\n","protected":false},"excerpt":{"rendered":"<p>Dra. Alicia Salvador Fern\u00e1ndez-Montejo Licenciada en Psicolog\u00eda y en Ciencias  [&#8230;]<\/p>\n","protected":false},"author":1,"featured_media":1744,"comment_status":"closed","ping_status":"closed","template":"","meta":{"_tribe_events_status":"","_tribe_events_status_reason":"","footnotes":""},"tags":[],"tribe_events_cat":[],"class_list":["post-1747","tribe_events","type-tribe_events","status-publish","has-post-thumbnail","hentry"],"_links":{"self":[{"href":"https:\/\/www.academiapsicologia.com\/index.php\/wp-json\/wp\/v2\/tribe_events\/1747","targetHints":{"allow":["GET"]}}],"collection":[{"href":"https:\/\/www.academiapsicologia.com\/index.php\/wp-json\/wp\/v2\/tribe_events"}],"about":[{"href":"https:\/\/www.academiapsicologia.com\/index.php\/wp-json\/wp\/v2\/types\/tribe_events"}],"author":[{"embeddable":true,"href":"https:\/\/www.academiapsicologia.com\/index.php\/wp-json\/wp\/v2\/users\/1"}],"replies":[{"embeddable":true,"href":"https:\/\/www.academiapsicologia.com\/index.php\/wp-json\/wp\/v2\/comments?post=1747"}],"version-history":[{"count":5,"href":"https:\/\/www.academiapsicologia.com\/index.php\/wp-json\/wp\/v2\/tribe_events\/1747\/revisions"}],"predecessor-version":[{"id":1754,"href":"https:\/\/www.academiapsicologia.com\/index.php\/wp-json\/wp\/v2\/tribe_events\/1747\/revisions\/1754"}],"wp:featuredmedia":[{"embeddable":true,"href":"https:\/\/www.academiapsicologia.com\/index.php\/wp-json\/wp\/v2\/media\/1744"}],"wp:attachment":[{"href":"https:\/\/www.academiapsicologia.com\/index.php\/wp-json\/wp\/v2\/media?parent=1747"}],"wp:term":[{"taxonomy":"post_tag","embeddable":true,"href":"https:\/\/www.academiapsicologia.com\/index.php\/wp-json\/wp\/v2\/tags?post=1747"},{"taxonomy":"tribe_events_cat","embeddable":true,"href":"https:\/\/www.academiapsicologia.com\/index.php\/wp-json\/wp\/v2\/tribe_events_cat?post=1747"}],"curies":[{"name":"wp","href":"https:\/\/api.w.org\/{rel}","templated":true}]}}

Webinar: “¿Por qué nos quejamos de nuestra memoria?. Causas y significado”

<p style="text-align: center;"><a href="https://www.academiapsicologia.com/wp-content/uploads/2022/11/20221110-Por-que-nos-quejamos-de-nuestra-memoria-02.jpg" target="_blank" rel="noopener"><img decoding="async" class="alignnone wp-image-1750" src="https://www.academiapsicologia.com/wp-content/uploads/2022/11/20221110-Por-que-nos-quejamos-de-nuestra-memoria-02-300x269.jpg" alt="" width="800" height="719" srcset="https://www.academiapsicologia.com/wp-content/uploads/2022/11/20221110-Por-que-nos-quejamos-de-nuestra-memoria-02-200x180.jpg 200w, https://www.academiapsicologia.com/wp-content/uploads/2022/11/20221110-Por-que-nos-quejamos-de-nuestra-memoria-02-300x269.jpg 300w, https://www.academiapsicologia.com/wp-content/uploads/2022/11/20221110-Por-que-nos-quejamos-de-nuestra-memoria-02-400x359.jpg 400w, https://www.academiapsicologia.com/wp-content/uploads/2022/11/20221110-Por-que-nos-quejamos-de-nuestra-memoria-02-600x539.jpg 600w, https://www.academiapsicologia.com/wp-content/uploads/2022/11/20221110-Por-que-nos-quejamos-de-nuestra-memoria-02-768x690.jpg 768w, https://www.academiapsicologia.com/wp-content/uploads/2022/11/20221110-Por-que-nos-quejamos-de-nuestra-memoria-02-800x719.jpg 800w, https://www.academiapsicologia.com/wp-content/uploads/2022/11/20221110-Por-que-nos-quejamos-de-nuestra-memoria-02-1024x920.jpg 1024w, https://www.academiapsicologia.com/wp-content/uploads/2022/11/20221110-Por-que-nos-quejamos-de-nuestra-memoria-02.jpg 1080w" sizes="(max-width: 800px) 100vw, 800px" /></a></p>
<div align="justify">
<h2><strong>Dra. Alicia Salvador Fernández-Montejo</strong></h2>
<p>Licenciada en Psicología y en Ciencias de la Educación por la Universitat de València en 1978 y 1979, respectivamente, y Doctora en 1981 por esta misma universidad. Catedrática de Psicobiología desde 2002 en la Universitat de Valencia. Ha sido Directora del Departamento de Psicobiología desde 2004 a 2011 y Decana de la Facultad de Psicología desde 2012 a 2015. Es coordinadora del Laboratorio de Neurociencia Social Cognitiva y del grupo de excelencia. Actualmente es Directora del Programa de Doctorado de Neurociencias (RD2011) de la Universitat de València, y previamente del Doctorado de Neurociencia (RD2007), con mención hacia la excelencia. Iniciadora y codirectora del Máster Universitario de Neurociencias Básicas y Aplicadas.</p>
<p>Es miembro del Comité Ejecutivo de la International Union of Psychological Science (IUPsyS) y Académica de Número de la Academia de Psicología de España. Ha sido Investigadora Principal de doce proyectos del Plan nacional de I+D de investigación y de otros convocados por diversos organismos con convocatorias competitivas. Ha dirigido más de veinte tesis doctorales y publicado más de ciento veinte artículos en revistas científicas de alto impacto como Neuroscience and Biobehavioral Reviews, Psychoneuroendocrinology, Hormones and Behavior, o Biological Psychology. Es autora de capítulos de monografías y manuales y ha presentado ponencias por<br />
invitación en congresos nacionales e internacionales. Ha recibido el reconocimiento a la larga trayectoria investigadora (seis sexenios de investigación) por la Universitat de València (2015). La mayor parte de su investigación se ha centrado en las bases biológicas de la conducta social, estudiando las interacciones sociales y los efectos del estrés agudo y crónico sobre la function cognitiva, analizando variables psicofisiológicas y comportamentales. Ha simultaneado la investigación animal y humana, participando en la puesta en marcha y consolidación de los laboratorios de investigación psicobiológica en Valencia.</p>
<p>Ha sido investigadora invitada en la Universidad de Swansea (Reino Unido, 1992), Universidad de Trier (Alemania, 1998), University College de Londres (2002), University of Maastricht (2008) and State University of Portland (2009 y 2010). Ha sido Presidenta de la Sociedad Española de Psicofisiología (2006-‐2008), actualmente SEPNECA, y de la Sociedad de Estudios de Psicología (2004-‐2010). Es miembro titular de la Sociedad Española de Neurociencia y de sociedades internacionales como la International Society of Psychoneuroendocrinology (ISPNE), la Behavioral Endocrinology Society (SBN) y la International Association of Applied Psychology (IAAP). Ha sido miembro de la Asamblea general de la IUPsyS (2008-‐2012). Ha participado en comisiones de evaluación de la actividad investigadora nacionales (ANEP, FECYT, CNEAI) y autonómicas (como AGAUR, AGAE, ACSUG).</p>
</div>
<div align="justify">
<div align="center"><div class="fusion-button-wrapper"><a class="fusion-button button-flat fusion-button-default-size button-custom fusion-button-default button-1 fusion-button-default-span fusion-button-default-type" style="--button_bevel_color:#8a5e9e;--button_accent_color:#ffffff;--button_accent_hover_color:#ffffff;--button_border_hover_color:#ffffff;--button_gradient_top_color:#b67cd1;--button_gradient_bottom_color:#b67cd1;--button_gradient_top_color_hover:#b67cd1;--button_gradient_bottom_color_hover:#b67cd1;" target="_blank" rel="noopener noreferrer" href="https://www.academiapsicologia.com/wp-content/uploads/2022/11/20221110-Por-que-nos-quejamos-de-nuestra-memoria.pdf"><span class="fusion-button-text">Descargar Invitación</span></a></div></div>
<p>&nbsp;</p>
<div align="center"><div class="fusion-button-wrapper"><a class="fusion-button button-flat fusion-button-default-size button-custom fusion-button-default button-2 fusion-button-default-span fusion-button-default-type" style="--button_accent_color:#ffffff;--button_border_color:#8a5e9e;--button_accent_hover_color:#ffffff;--button_border_hover_color:#ffffff;--button_gradient_top_color:#b67cd1;--button_gradient_bottom_color:#b67cd1;--button_gradient_top_color_hover:#b67cd1;--button_gradient_bottom_color_hover:#b67cd1;" target="_blank" rel="noopener noreferrer" href="https://www.cop-cv.org/formacion/4337"><span class="fusion-button-text">Inscripción con registro para obtención certificación</span></a></div></div>
<p>&nbsp;</p>
<div align="center"><div class="fusion-button-wrapper"><a class="fusion-button button-flat fusion-button-default-size button-custom fusion-button-default button-3 fusion-button-default-span fusion-button-default-type" style="--button_accent_color:#ffffff;--button_border_color:#8a5e9e;--button_accent_hover_color:#ffffff;--button_border_hover_color:#ffffff;--button_gradient_top_color:#b67cd1;--button_gradient_bottom_color:#b67cd1;--button_gradient_top_color_hover:#b67cd1;--button_gradient_bottom_color_hover:#b67cd1;" target="_blank" rel="noopener noreferrer" href="https://www.cop-cv.org/formacion/emision-en-directo/4337"><span class="fusion-button-text">Acceso libre sin registro</span></a></div></div>
</div>
<p>&nbsp;</p>
<p>&nbsp;</p>

<p>Dra. Alicia Salvador Fernández-Montejo Licenciada en Psicología y en Ciencias  [&#8230;]</p>
