{"id":1757,"date":"2022-11-07T14:02:03","date_gmt":"2022-11-07T13:02:03","guid":{"rendered":"https:\/\/www.academiapsicologia.com\/?post_type=tribe_events&#038;p=1757"},"modified":"2022-12-03T09:18:35","modified_gmt":"2022-12-03T08:18:35","slug":"los-miercoles-con-la-academia-psicologia-social-de-la-ciencia-y-del-conocimiento-tributo-a-florencio-jimenez-burillo","status":"publish","type":"tribe_events","link":"https:\/\/www.academiapsicologia.com\/index.php\/event\/los-miercoles-con-la-academia-psicologia-social-de-la-ciencia-y-del-conocimiento-tributo-a-florencio-jimenez-burillo\/","title":{"rendered":"Los Mi\u00e9rcoles con la Academia \u2013 Psicolog\u00eda social de la ciencia y del conocimiento: Tributo a Florencio Jim\u00e9nez Burillo"},"content":{"rendered":"<h1><strong>WEBINAR DE LA APE<\/strong><\/h1>\n<p><b>Moderadora:<\/b><\/p>\n<p><strong>Dra. Mar\u00eda Paz Garc\u00eda-Vera<\/strong><br \/>\n<strong><em>Acad\u00e9mica de N\u00famero de la APE <\/em><\/strong><\/p>\n<p><b>Intervienen:<\/b><\/p>\n<p><strong>Dr. Amalio Blanco Abarca<\/strong><br \/>\n<em><strong>Acad\u00e9mico de N\u00famero de la APE<\/strong><\/em><\/p>\n<p><strong>Dr. Carlos M\u00aa. Alcover<\/strong><br \/>\n<em><strong>Catedr\u00e1tico de Psicolog\u00eda de los Grupos y de las Organizaciones de la Universidad Rey Juan Carlos<\/strong><\/em><\/p>\n<p>&nbsp;<\/p>\n<div class=\"fusion-button-wrapper\"><a class=\"fusion-button button-flat fusion-button-default-size button-custom fusion-button-default button-1 fusion-button-default-span fusion-button-default-type\" style=\"--button_accent_color:#ffffff;--button_border_color:#8a5e9e;--button_accent_hover_color:#000000;--button_border_hover_color:#000000;--button_gradient_top_color:#b67cd1;--button_gradient_bottom_color:#b67cd1;--button_gradient_top_color_hover:#b67cd1;--button_gradient_bottom_color_hover:#b67cd1;\" target=\"_blank\" rel=\"noopener noreferrer\" href=\"https:\/\/www.academiapsicologia.com\/wp-content\/uploads\/2022\/11\/20221130-Conferencia-Psicologia-social-de-la-ciencia-y-del-conocimiento.pdf\"><i class=\"fa-info-circle fas button-icon-left\" aria-hidden=\"true\"><\/i><span class=\"fusion-button-text\">DESCARGAR PROGRAMA<\/span><\/a><\/div>\n<div class=\"fusion-button-wrapper\"><a class=\"fusion-button button-flat fusion-button-default-size button-custom fusion-button-default button-2 fusion-button-default-span fusion-button-default-type\" style=\"--button_accent_color:#ffffff;--button_border_color:#8a5e9e;--button_accent_hover_color:#000000;--button_border_hover_color:#000000;--button_gradient_top_color:#b67cd1;--button_gradient_bottom_color:#b67cd1;--button_gradient_top_color_hover:#b67cd1;--button_gradient_bottom_color_hover:#b67cd1;\" target=\"_blank\" rel=\"noopener noreferrer\" href=\"https:\/\/us06web.zoom.us\/meeting\/register\/tZcqde-vpzojGdx7CqTEXhRYh4rB83ApaDW0\"><i class=\"fa-calendar-check fas button-icon-left\" aria-hidden=\"true\"><\/i><span class=\"fusion-button-text\">INSCRIPCI\u00d3N<\/span><\/a><\/div>\n<p>&nbsp;<\/p>\n<p>&nbsp;<\/p>\n<p>&nbsp;<\/p>\n","protected":false},"excerpt":{"rendered":"<p>WEBINAR DE LA APE Moderadora: Dra. Mar\u00eda Paz Garc\u00eda-Vera Acad\u00e9mica  [&#8230;]<\/p>\n","protected":false},"author":1,"featured_media":1755,"comment_status":"closed","ping_status":"closed","template":"","meta":{"_tribe_events_status":"","_tribe_events_status_reason":"","footnotes":""},"tags":[],"tribe_events_cat":[],"class_list":["post-1757","tribe_events","type-tribe_events","status-publish","has-post-thumbnail","hentry"],"_links":{"self":[{"href":"https:\/\/www.academiapsicologia.com\/index.php\/wp-json\/wp\/v2\/tribe_events\/1757","targetHints":{"allow":["GET"]}}],"collection":[{"href":"https:\/\/www.academiapsicologia.com\/index.php\/wp-json\/wp\/v2\/tribe_events"}],"about":[{"href":"https:\/\/www.academiapsicologia.com\/index.php\/wp-json\/wp\/v2\/types\/tribe_events"}],"author":[{"embeddable":true,"href":"https:\/\/www.academiapsicologia.com\/index.php\/wp-json\/wp\/v2\/users\/1"}],"replies":[{"embeddable":true,"href":"https:\/\/www.academiapsicologia.com\/index.php\/wp-json\/wp\/v2\/comments?post=1757"}],"version-history":[{"count":3,"href":"https:\/\/www.academiapsicologia.com\/index.php\/wp-json\/wp\/v2\/tribe_events\/1757\/revisions"}],"predecessor-version":[{"id":1888,"href":"https:\/\/www.academiapsicologia.com\/index.php\/wp-json\/wp\/v2\/tribe_events\/1757\/revisions\/1888"}],"wp:featuredmedia":[{"embeddable":true,"href":"https:\/\/www.academiapsicologia.com\/index.php\/wp-json\/wp\/v2\/media\/1755"}],"wp:attachment":[{"href":"https:\/\/www.academiapsicologia.com\/index.php\/wp-json\/wp\/v2\/media?parent=1757"}],"wp:term":[{"taxonomy":"post_tag","embeddable":true,"href":"https:\/\/www.academiapsicologia.com\/index.php\/wp-json\/wp\/v2\/tags?post=1757"},{"taxonomy":"tribe_events_cat","embeddable":true,"href":"https:\/\/www.academiapsicologia.com\/index.php\/wp-json\/wp\/v2\/tribe_events_cat?post=1757"}],"curies":[{"name":"wp","href":"https:\/\/api.w.org\/{rel}","templated":true}]}}

Los Miércoles con la Academia – Psicología social de la ciencia y del conocimiento: Tributo a Florencio Jiménez Burillo

<h1><strong>WEBINAR DE LA APE</strong></h1>
<p><b>Moderadora:</b></p>
<p><strong>Dra. María Paz García-Vera</strong><br />
<strong><em>Académica de Número de la APE </em></strong></p>
<p><b>Intervienen:</b></p>
<p><strong>Dr. Amalio Blanco Abarca</strong><br />
<em><strong>Académico de Número de la APE</strong></em></p>
<p><strong>Dr. Carlos Mª. Alcover</strong><br />
<em><strong>Catedrático de Psicología de los Grupos y de las Organizaciones de la Universidad Rey Juan Carlos</strong></em></p>
<p>&nbsp;</p>
<div class="fusion-button-wrapper"><a class="fusion-button button-flat fusion-button-default-size button-custom fusion-button-default button-1 fusion-button-default-span fusion-button-default-type" style="--button_accent_color:#ffffff;--button_border_color:#8a5e9e;--button_accent_hover_color:#000000;--button_border_hover_color:#000000;--button_gradient_top_color:#b67cd1;--button_gradient_bottom_color:#b67cd1;--button_gradient_top_color_hover:#b67cd1;--button_gradient_bottom_color_hover:#b67cd1;" target="_blank" rel="noopener noreferrer" href="https://www.academiapsicologia.com/wp-content/uploads/2022/11/20221130-Conferencia-Psicologia-social-de-la-ciencia-y-del-conocimiento.pdf"><i class="fa-info-circle fas button-icon-left" aria-hidden="true"></i><span class="fusion-button-text">DESCARGAR PROGRAMA</span></a></div>
<div class="fusion-button-wrapper"><a class="fusion-button button-flat fusion-button-default-size button-custom fusion-button-default button-2 fusion-button-default-span fusion-button-default-type" style="--button_accent_color:#ffffff;--button_border_color:#8a5e9e;--button_accent_hover_color:#000000;--button_border_hover_color:#000000;--button_gradient_top_color:#b67cd1;--button_gradient_bottom_color:#b67cd1;--button_gradient_top_color_hover:#b67cd1;--button_gradient_bottom_color_hover:#b67cd1;" target="_blank" rel="noopener noreferrer" href="https://us06web.zoom.us/meeting/register/tZcqde-vpzojGdx7CqTEXhRYh4rB83ApaDW0"><i class="fa-calendar-check fas button-icon-left" aria-hidden="true"></i><span class="fusion-button-text">INSCRIPCIÓN</span></a></div>
<p>&nbsp;</p>
<p>&nbsp;</p>
<p>&nbsp;</p>

<p>WEBINAR DE LA APE Moderadora: Dra. María Paz García-Vera Académica  [&#8230;]</p>
