{"id":2159,"date":"2023-05-26T15:58:58","date_gmt":"2023-05-26T13:58:58","guid":{"rendered":"https:\/\/www.academiapsicologia.com\/?post_type=tribe_events&#038;p=2159"},"modified":"2023-05-26T15:58:58","modified_gmt":"2023-05-26T13:58:58","slug":"webinar-redes-sociales-individuos-flotantes-y-salud-mental-nueva-vida-para-la-psicoterapia","status":"publish","type":"tribe_events","link":"https:\/\/www.academiapsicologia.com\/index.php\/event\/webinar-redes-sociales-individuos-flotantes-y-salud-mental-nueva-vida-para-la-psicoterapia\/","title":{"rendered":"Webinar: \u201cRedes sociales, individuos flotantes y salud mental: Nueva vida para la psicoterapia\u201d"},"content":{"rendered":"<p style=\"text-align: center;\"><img decoding=\"async\" class=\"aligncenter wp-image-2157 size-fusion-800\" src=\"https:\/\/www.academiapsicologia.com\/wp-content\/uploads\/2023\/05\/20230615-Redes-sociales-individuos-flotantes-y-salud-mental.-Nueva-vida-para-la-psicoterapia-02-800x801.jpg\" alt=\"\" width=\"800\" height=\"801\" srcset=\"https:\/\/www.academiapsicologia.com\/wp-content\/uploads\/2023\/05\/20230615-Redes-sociales-individuos-flotantes-y-salud-mental.-Nueva-vida-para-la-psicoterapia-02-66x66.jpg 66w, https:\/\/www.academiapsicologia.com\/wp-content\/uploads\/2023\/05\/20230615-Redes-sociales-individuos-flotantes-y-salud-mental.-Nueva-vida-para-la-psicoterapia-02-150x150.jpg 150w, https:\/\/www.academiapsicologia.com\/wp-content\/uploads\/2023\/05\/20230615-Redes-sociales-individuos-flotantes-y-salud-mental.-Nueva-vida-para-la-psicoterapia-02-200x200.jpg 200w, https:\/\/www.academiapsicologia.com\/wp-content\/uploads\/2023\/05\/20230615-Redes-sociales-individuos-flotantes-y-salud-mental.-Nueva-vida-para-la-psicoterapia-02-300x300.jpg 300w, https:\/\/www.academiapsicologia.com\/wp-content\/uploads\/2023\/05\/20230615-Redes-sociales-individuos-flotantes-y-salud-mental.-Nueva-vida-para-la-psicoterapia-02-400x400.jpg 400w, https:\/\/www.academiapsicologia.com\/wp-content\/uploads\/2023\/05\/20230615-Redes-sociales-individuos-flotantes-y-salud-mental.-Nueva-vida-para-la-psicoterapia-02-600x601.jpg 600w, https:\/\/www.academiapsicologia.com\/wp-content\/uploads\/2023\/05\/20230615-Redes-sociales-individuos-flotantes-y-salud-mental.-Nueva-vida-para-la-psicoterapia-02-768x769.jpg 768w, https:\/\/www.academiapsicologia.com\/wp-content\/uploads\/2023\/05\/20230615-Redes-sociales-individuos-flotantes-y-salud-mental.-Nueva-vida-para-la-psicoterapia-02-800x801.jpg 800w, https:\/\/www.academiapsicologia.com\/wp-content\/uploads\/2023\/05\/20230615-Redes-sociales-individuos-flotantes-y-salud-mental.-Nueva-vida-para-la-psicoterapia-02-1024x1024.jpg 1024w, https:\/\/www.academiapsicologia.com\/wp-content\/uploads\/2023\/05\/20230615-Redes-sociales-individuos-flotantes-y-salud-mental.-Nueva-vida-para-la-psicoterapia-02.jpg 1080w\" sizes=\"(max-width: 800px) 100vw, 800px\" \/><\/p>\n<div align=\"justify\">\n<h2><strong>Dr. D. Marino P\u00e9rez \u00c1lvarez<\/strong><\/h2>\n<p>Psic\u00f3logo, especialista en psicolog\u00eda cl\u00ednica y miembro de n\u00famero de la Academia de Psicolog\u00eda de Espa\u00f1a desde 2022. Hasta 2022 ha sido catedr\u00e1tico de Psicolog\u00eda de la Universidad de Oviedo, donde fue profesor desde 1979. Ha ejercido pr\u00e1ctica profesional, cl\u00ednica y escolar. Realiz\u00f3 sus estudios de licenciatura (1977) y de doctorado en la Universidad Complutense de Madrid con una tesis dirigida por Jos\u00e9 Luis Pinillos, presentada en 1986.<\/p>\n<p>Sus trabajos se caracterizan por el cruce de fronteras entre las ciencias naturales, las ciencias sociales, y las humanidades, con particular inter\u00e9s en la filosof\u00eda de la ciencia y en la historia cultural. Entre sus temas de inter\u00e9s figuran actualmente la demarcaci\u00f3n entre el cientificismo, la ciencia y la pseudociencia, la ontolog\u00eda hist\u00f3rica de los trastornos psicol\u00f3gicos, y el funcionamiento de la psicoterapia.<\/p>\n<p>Como contribuciones a la innovaci\u00f3n de la psicolog\u00eda cl\u00ednica destacan su papel en la introducci\u00f3n de las terapias contextuales y en el creciente inter\u00e9s por el enfoque fenomenol\u00f3gico-existencial.<\/p>\n<p>Es autor del orden de doscientos art\u00edculos en revistas especializadas, as\u00ed como de m\u00e1s de cincuenta cap\u00edtulos en libros colectivos, y m\u00e1s de veinte libros.<\/p>\n<\/div>\n<div align=\"justify\">\n<div align=\"center\"><div class=\"fusion-button-wrapper\"><a class=\"fusion-button button-flat fusion-button-default-size button-custom fusion-button-default button-1 fusion-button-default-span fusion-button-default-type\" style=\"--button_bevel_color:#8a5e9e;--button_accent_color:#ffffff;--button_accent_hover_color:#ffffff;--button_border_hover_color:#ffffff;--button_gradient_top_color:#b67cd1;--button_gradient_bottom_color:#b67cd1;--button_gradient_top_color_hover:#b67cd1;--button_gradient_bottom_color_hover:#b67cd1;\" target=\"_blank\" rel=\"noopener noreferrer\" href=\"https:\/\/www.academiapsicologia.com\/wp-content\/uploads\/2023\/05\/20230615-Redes-sociales-individuos-flotantes-y-salud-mental.-Nueva-vida-para-la-psicoterapia.pdf\"><span class=\"fusion-button-text\">Descargar Invitaci\u00f3n<\/span><\/a><\/div><\/div>\n<p>&nbsp;<\/p>\n<div align=\"center\"><div class=\"fusion-button-wrapper\"><a class=\"fusion-button button-flat fusion-button-default-size button-custom fusion-button-default button-2 fusion-button-default-span fusion-button-default-type\" style=\"--button_accent_color:#ffffff;--button_border_color:#8a5e9e;--button_accent_hover_color:#ffffff;--button_border_hover_color:#ffffff;--button_gradient_top_color:#b67cd1;--button_gradient_bottom_color:#b67cd1;--button_gradient_top_color_hover:#b67cd1;--button_gradient_bottom_color_hover:#b67cd1;\" target=\"_blank\" rel=\"noopener noreferrer\" href=\"https:\/\/www.cop-cv.org\/formacion\/4543\"><span class=\"fusion-button-text\">Inscripci\u00f3n con registro para obtenci\u00f3n certificaci\u00f3n<\/span><\/a><\/div><\/div>\n<p>&nbsp;<\/p>\n<div align=\"center\"><div class=\"fusion-button-wrapper\"><a class=\"fusion-button button-flat fusion-button-default-size button-custom fusion-button-default button-3 fusion-button-default-span fusion-button-default-type\" style=\"--button_accent_color:#ffffff;--button_border_color:#8a5e9e;--button_accent_hover_color:#ffffff;--button_border_hover_color:#ffffff;--button_gradient_top_color:#b67cd1;--button_gradient_bottom_color:#b67cd1;--button_gradient_top_color_hover:#b67cd1;--button_gradient_bottom_color_hover:#b67cd1;\" target=\"_blank\" rel=\"noopener noreferrer\" href=\"https:\/\/www.cop-cv.org\/formacion\/emision-en-directo\/4543\"><span class=\"fusion-button-text\">Acceso libre sin registro<\/span><\/a><\/div><\/div>\n<\/div>\n<p>&nbsp;<\/p>\n<p>&nbsp;<\/p>\n","protected":false},"excerpt":{"rendered":"<p>Dr. D. Marino P\u00e9rez \u00c1lvarez Psic\u00f3logo, especialista en psicolog\u00eda cl\u00ednica  [&#8230;]<\/p>\n","protected":false},"author":1,"featured_media":2155,"comment_status":"closed","ping_status":"closed","template":"","meta":{"_tribe_events_status":"","_tribe_events_status_reason":"","footnotes":""},"tags":[],"tribe_events_cat":[],"class_list":["post-2159","tribe_events","type-tribe_events","status-publish","has-post-thumbnail","hentry"],"_links":{"self":[{"href":"https:\/\/www.academiapsicologia.com\/index.php\/wp-json\/wp\/v2\/tribe_events\/2159","targetHints":{"allow":["GET"]}}],"collection":[{"href":"https:\/\/www.academiapsicologia.com\/index.php\/wp-json\/wp\/v2\/tribe_events"}],"about":[{"href":"https:\/\/www.academiapsicologia.com\/index.php\/wp-json\/wp\/v2\/types\/tribe_events"}],"author":[{"embeddable":true,"href":"https:\/\/www.academiapsicologia.com\/index.php\/wp-json\/wp\/v2\/users\/1"}],"replies":[{"embeddable":true,"href":"https:\/\/www.academiapsicologia.com\/index.php\/wp-json\/wp\/v2\/comments?post=2159"}],"version-history":[{"count":1,"href":"https:\/\/www.academiapsicologia.com\/index.php\/wp-json\/wp\/v2\/tribe_events\/2159\/revisions"}],"predecessor-version":[{"id":2160,"href":"https:\/\/www.academiapsicologia.com\/index.php\/wp-json\/wp\/v2\/tribe_events\/2159\/revisions\/2160"}],"wp:featuredmedia":[{"embeddable":true,"href":"https:\/\/www.academiapsicologia.com\/index.php\/wp-json\/wp\/v2\/media\/2155"}],"wp:attachment":[{"href":"https:\/\/www.academiapsicologia.com\/index.php\/wp-json\/wp\/v2\/media?parent=2159"}],"wp:term":[{"taxonomy":"post_tag","embeddable":true,"href":"https:\/\/www.academiapsicologia.com\/index.php\/wp-json\/wp\/v2\/tags?post=2159"},{"taxonomy":"tribe_events_cat","embeddable":true,"href":"https:\/\/www.academiapsicologia.com\/index.php\/wp-json\/wp\/v2\/tribe_events_cat?post=2159"}],"curies":[{"name":"wp","href":"https:\/\/api.w.org\/{rel}","templated":true}]}}

<p style="text-align: center;"><img decoding="async" class="aligncenter wp-image-2157 size-fusion-800" src="https://www.academiapsicologia.com/wp-content/uploads/2023/05/20230615-Redes-sociales-individuos-flotantes-y-salud-mental.-Nueva-vida-para-la-psicoterapia-02-800x801.jpg" alt="" width="800" height="801" srcset="https://www.academiapsicologia.com/wp-content/uploads/2023/05/20230615-Redes-sociales-individuos-flotantes-y-salud-mental.-Nueva-vida-para-la-psicoterapia-02-66x66.jpg 66w, https://www.academiapsicologia.com/wp-content/uploads/2023/05/20230615-Redes-sociales-individuos-flotantes-y-salud-mental.-Nueva-vida-para-la-psicoterapia-02-150x150.jpg 150w, https://www.academiapsicologia.com/wp-content/uploads/2023/05/20230615-Redes-sociales-individuos-flotantes-y-salud-mental.-Nueva-vida-para-la-psicoterapia-02-200x200.jpg 200w, https://www.academiapsicologia.com/wp-content/uploads/2023/05/20230615-Redes-sociales-individuos-flotantes-y-salud-mental.-Nueva-vida-para-la-psicoterapia-02-300x300.jpg 300w, https://www.academiapsicologia.com/wp-content/uploads/2023/05/20230615-Redes-sociales-individuos-flotantes-y-salud-mental.-Nueva-vida-para-la-psicoterapia-02-400x400.jpg 400w, https://www.academiapsicologia.com/wp-content/uploads/2023/05/20230615-Redes-sociales-individuos-flotantes-y-salud-mental.-Nueva-vida-para-la-psicoterapia-02-600x601.jpg 600w, https://www.academiapsicologia.com/wp-content/uploads/2023/05/20230615-Redes-sociales-individuos-flotantes-y-salud-mental.-Nueva-vida-para-la-psicoterapia-02-768x769.jpg 768w, https://www.academiapsicologia.com/wp-content/uploads/2023/05/20230615-Redes-sociales-individuos-flotantes-y-salud-mental.-Nueva-vida-para-la-psicoterapia-02-800x801.jpg 800w, https://www.academiapsicologia.com/wp-content/uploads/2023/05/20230615-Redes-sociales-individuos-flotantes-y-salud-mental.-Nueva-vida-para-la-psicoterapia-02-1024x1024.jpg 1024w, https://www.academiapsicologia.com/wp-content/uploads/2023/05/20230615-Redes-sociales-individuos-flotantes-y-salud-mental.-Nueva-vida-para-la-psicoterapia-02.jpg 1080w" sizes="(max-width: 800px) 100vw, 800px" /></p>
<div align="justify">
<h2><strong>Dr. D. Marino Pérez Álvarez</strong></h2>
<p>Psicólogo, especialista en psicología clínica y miembro de número de la Academia de Psicología de España desde 2022. Hasta 2022 ha sido catedrático de Psicología de la Universidad de Oviedo, donde fue profesor desde 1979. Ha ejercido práctica profesional, clínica y escolar. Realizó sus estudios de licenciatura (1977) y de doctorado en la Universidad Complutense de Madrid con una tesis dirigida por José Luis Pinillos, presentada en 1986.</p>
<p>Sus trabajos se caracterizan por el cruce de fronteras entre las ciencias naturales, las ciencias sociales, y las humanidades, con particular interés en la filosofía de la ciencia y en la historia cultural. Entre sus temas de interés figuran actualmente la demarcación entre el cientificismo, la ciencia y la pseudociencia, la ontología histórica de los trastornos psicológicos, y el funcionamiento de la psicoterapia.</p>
<p>Como contribuciones a la innovación de la psicología clínica destacan su papel en la introducción de las terapias contextuales y en el creciente interés por el enfoque fenomenológico-existencial.</p>
<p>Es autor del orden de doscientos artículos en revistas especializadas, así como de más de cincuenta capítulos en libros colectivos, y más de veinte libros.</p>
</div>
<div align="justify">
<div align="center"><div class="fusion-button-wrapper"><a class="fusion-button button-flat fusion-button-default-size button-custom fusion-button-default button-1 fusion-button-default-span fusion-button-default-type" style="--button_bevel_color:#8a5e9e;--button_accent_color:#ffffff;--button_accent_hover_color:#ffffff;--button_border_hover_color:#ffffff;--button_gradient_top_color:#b67cd1;--button_gradient_bottom_color:#b67cd1;--button_gradient_top_color_hover:#b67cd1;--button_gradient_bottom_color_hover:#b67cd1;" target="_blank" rel="noopener noreferrer" href="https://www.academiapsicologia.com/wp-content/uploads/2023/05/20230615-Redes-sociales-individuos-flotantes-y-salud-mental.-Nueva-vida-para-la-psicoterapia.pdf"><span class="fusion-button-text">Descargar Invitación</span></a></div></div>
<p>&nbsp;</p>
<div align="center"><div class="fusion-button-wrapper"><a class="fusion-button button-flat fusion-button-default-size button-custom fusion-button-default button-2 fusion-button-default-span fusion-button-default-type" style="--button_accent_color:#ffffff;--button_border_color:#8a5e9e;--button_accent_hover_color:#ffffff;--button_border_hover_color:#ffffff;--button_gradient_top_color:#b67cd1;--button_gradient_bottom_color:#b67cd1;--button_gradient_top_color_hover:#b67cd1;--button_gradient_bottom_color_hover:#b67cd1;" target="_blank" rel="noopener noreferrer" href="https://www.cop-cv.org/formacion/4543"><span class="fusion-button-text">Inscripción con registro para obtención certificación</span></a></div></div>
<p>&nbsp;</p>
<div align="center"><div class="fusion-button-wrapper"><a class="fusion-button button-flat fusion-button-default-size button-custom fusion-button-default button-3 fusion-button-default-span fusion-button-default-type" style="--button_accent_color:#ffffff;--button_border_color:#8a5e9e;--button_accent_hover_color:#ffffff;--button_border_hover_color:#ffffff;--button_gradient_top_color:#b67cd1;--button_gradient_bottom_color:#b67cd1;--button_gradient_top_color_hover:#b67cd1;--button_gradient_bottom_color_hover:#b67cd1;" target="_blank" rel="noopener noreferrer" href="https://www.cop-cv.org/formacion/emision-en-directo/4543"><span class="fusion-button-text">Acceso libre sin registro</span></a></div></div>
</div>
<p>&nbsp;</p>
<p>&nbsp;</p>

<p>Dr. D. Marino Pérez Álvarez Psicólogo, especialista en psicología clínica  [&#8230;]</p>
