{"id":2255,"date":"2023-09-04T10:42:21","date_gmt":"2023-09-04T08:42:21","guid":{"rendered":"https:\/\/www.academiapsicologia.com\/?post_type=tribe_events&#038;p=2255"},"modified":"2023-09-04T10:42:21","modified_gmt":"2023-09-04T08:42:21","slug":"webinar-en-casa-del-herrero-cuchillo-de-palo-ideas-equivocadas-sobre-la-depresion-infantil-y-adolescente-y-su-tratamiento","status":"publish","type":"tribe_events","link":"https:\/\/www.academiapsicologia.com\/index.php\/event\/webinar-en-casa-del-herrero-cuchillo-de-palo-ideas-equivocadas-sobre-la-depresion-infantil-y-adolescente-y-su-tratamiento\/","title":{"rendered":"Webinar: \u201cEn casa del herrero cuchillo de palo: Ideas equivocadas sobre la depresi\u00f3n infantil y adolescente y su tratamiento\u201d"},"content":{"rendered":"<div align=\"justify\">\n<h2><strong>Dra. D\u00aa Mar\u00eda Paz Garc\u00eda Vera<\/strong><\/h2>\n<p>Es catedr\u00e1tica de psicolog\u00eda cl\u00ednica del Departamento de Personalidad, Evaluaci\u00f3n y Psicolog\u00eda Cl\u00ednica de la Universidad Complutense de Madrid (UCM), acad\u00e9mica de n\u00famero de la Academia de Psicolog\u00eda de Espa\u00f1a, psic\u00f3loga especialista en psicolog\u00eda cl\u00ednica y directora del Grupo Internacional sobre Terrorismo y Construcci\u00f3n de la Paz (Task Force on Terrorism and Peace Building) de la International Association of Applied Psychology (IAAP). Desde octubre de 2018 hasta abril de 2019, sirvi\u00f3 como subdelegada del Gobierno de Espa\u00f1a en la Comunidad de Madrid y, desde abril de 2019 hasta febrero de 2020, como delegada del Gobierno en la Comunidad de Madrid. Tras disfrutar de una beca de formaci\u00f3n de personal investigador de la Comunidad de Madrid, se doctor\u00f3 en psicolog\u00eda cl\u00ednica con premio extraordinario en la UCM y, antes de incorporarse como profesora a esta Universidad en 1993, trabaj\u00f3 como psic\u00f3loga cl\u00ednica y coordinadora de programas en la Unidad de Voluntarios de Socorro y Emergencia de la Cruz Roja.<\/p>\n<\/div>\n<div align=\"justify\">\n<div align=\"center\"><div class=\"fusion-button-wrapper\"><a class=\"fusion-button button-flat fusion-button-default-size button-custom fusion-button-default button-1 fusion-button-default-span fusion-button-default-type\" style=\"--button_bevel_color:#8a5e9e;--button_accent_color:#ffffff;--button_accent_hover_color:#ffffff;--button_border_hover_color:#ffffff;--button_gradient_top_color:#b67cd1;--button_gradient_bottom_color:#b67cd1;--button_gradient_top_color_hover:#b67cd1;--button_gradient_bottom_color_hover:#b67cd1;\" target=\"_blank\" rel=\"noopener noreferrer\" href=\"https:\/\/www.academiapsicologia.com\/wp-content\/uploads\/2023\/09\/20230914-En-casa-del-herrero-cuchillo-de-palo-Dra.-Da-Maria-Paz-Garcia-Vera.pdf\"><span class=\"fusion-button-text\">Descargar Invitaci\u00f3n<\/span><\/a><\/div><\/div>\n<p>&nbsp;<\/p>\n<div align=\"center\"><div class=\"fusion-button-wrapper\"><a class=\"fusion-button button-flat fusion-button-default-size button-custom fusion-button-default button-2 fusion-button-default-span fusion-button-default-type\" style=\"--button_accent_color:#ffffff;--button_border_color:#8a5e9e;--button_accent_hover_color:#ffffff;--button_border_hover_color:#ffffff;--button_gradient_top_color:#b67cd1;--button_gradient_bottom_color:#b67cd1;--button_gradient_top_color_hover:#b67cd1;--button_gradient_bottom_color_hover:#b67cd1;\" target=\"_blank\" rel=\"noopener noreferrer\" href=\"https:\/\/www.cop-cv.org\/formacion\/4542\"><span class=\"fusion-button-text\">Inscripci\u00f3n con registro para obtenci\u00f3n certificaci\u00f3n<\/span><\/a><\/div><\/div>\n<p>&nbsp;<\/p>\n<div align=\"center\"><div class=\"fusion-button-wrapper\"><a class=\"fusion-button button-flat fusion-button-default-size button-custom fusion-button-default button-3 fusion-button-default-span fusion-button-default-type\" style=\"--button_accent_color:#ffffff;--button_border_color:#8a5e9e;--button_accent_hover_color:#ffffff;--button_border_hover_color:#ffffff;--button_gradient_top_color:#b67cd1;--button_gradient_bottom_color:#b67cd1;--button_gradient_top_color_hover:#b67cd1;--button_gradient_bottom_color_hover:#b67cd1;\" target=\"_blank\" rel=\"noopener noreferrer\" href=\"https:\/\/www.cop-cv.org\/formacion\/emision-en-directo\/4542\"><span class=\"fusion-button-text\">Acceso libre sin registro<\/span><\/a><\/div><\/div>\n<\/div>\n<p>&nbsp;<\/p>\n<p>&nbsp;<\/p>\n","protected":false},"excerpt":{"rendered":"<p>Dra. D\u00aa Mar\u00eda Paz Garc\u00eda Vera Es catedr\u00e1tica de psicolog\u00eda  [&#8230;]<\/p>\n","protected":false},"author":1,"featured_media":2253,"comment_status":"closed","ping_status":"closed","template":"","meta":{"_tribe_events_status":"","_tribe_events_status_reason":"","footnotes":""},"tags":[],"tribe_events_cat":[],"class_list":["post-2255","tribe_events","type-tribe_events","status-publish","has-post-thumbnail","hentry"],"_links":{"self":[{"href":"https:\/\/www.academiapsicologia.com\/index.php\/wp-json\/wp\/v2\/tribe_events\/2255","targetHints":{"allow":["GET"]}}],"collection":[{"href":"https:\/\/www.academiapsicologia.com\/index.php\/wp-json\/wp\/v2\/tribe_events"}],"about":[{"href":"https:\/\/www.academiapsicologia.com\/index.php\/wp-json\/wp\/v2\/types\/tribe_events"}],"author":[{"embeddable":true,"href":"https:\/\/www.academiapsicologia.com\/index.php\/wp-json\/wp\/v2\/users\/1"}],"replies":[{"embeddable":true,"href":"https:\/\/www.academiapsicologia.com\/index.php\/wp-json\/wp\/v2\/comments?post=2255"}],"version-history":[{"count":1,"href":"https:\/\/www.academiapsicologia.com\/index.php\/wp-json\/wp\/v2\/tribe_events\/2255\/revisions"}],"predecessor-version":[{"id":2256,"href":"https:\/\/www.academiapsicologia.com\/index.php\/wp-json\/wp\/v2\/tribe_events\/2255\/revisions\/2256"}],"wp:featuredmedia":[{"embeddable":true,"href":"https:\/\/www.academiapsicologia.com\/index.php\/wp-json\/wp\/v2\/media\/2253"}],"wp:attachment":[{"href":"https:\/\/www.academiapsicologia.com\/index.php\/wp-json\/wp\/v2\/media?parent=2255"}],"wp:term":[{"taxonomy":"post_tag","embeddable":true,"href":"https:\/\/www.academiapsicologia.com\/index.php\/wp-json\/wp\/v2\/tags?post=2255"},{"taxonomy":"tribe_events_cat","embeddable":true,"href":"https:\/\/www.academiapsicologia.com\/index.php\/wp-json\/wp\/v2\/tribe_events_cat?post=2255"}],"curies":[{"name":"wp","href":"https:\/\/api.w.org\/{rel}","templated":true}]}}

Webinar: “En casa del herrero cuchillo de palo: Ideas equivocadas sobre la depresión infantil y adolescente y su tratamiento”

<div align="justify">
<h2><strong>Dra. Dª María Paz García Vera</strong></h2>
<p>Es catedrática de psicología clínica del Departamento de Personalidad, Evaluación y Psicología Clínica de la Universidad Complutense de Madrid (UCM), académica de número de la Academia de Psicología de España, psicóloga especialista en psicología clínica y directora del Grupo Internacional sobre Terrorismo y Construcción de la Paz (Task Force on Terrorism and Peace Building) de la International Association of Applied Psychology (IAAP). Desde octubre de 2018 hasta abril de 2019, sirvió como subdelegada del Gobierno de España en la Comunidad de Madrid y, desde abril de 2019 hasta febrero de 2020, como delegada del Gobierno en la Comunidad de Madrid. Tras disfrutar de una beca de formación de personal investigador de la Comunidad de Madrid, se doctoró en psicología clínica con premio extraordinario en la UCM y, antes de incorporarse como profesora a esta Universidad en 1993, trabajó como psicóloga clínica y coordinadora de programas en la Unidad de Voluntarios de Socorro y Emergencia de la Cruz Roja.</p>
</div>
<div align="justify">
<div align="center"><div class="fusion-button-wrapper"><a class="fusion-button button-flat fusion-button-default-size button-custom fusion-button-default button-1 fusion-button-default-span fusion-button-default-type" style="--button_bevel_color:#8a5e9e;--button_accent_color:#ffffff;--button_accent_hover_color:#ffffff;--button_border_hover_color:#ffffff;--button_gradient_top_color:#b67cd1;--button_gradient_bottom_color:#b67cd1;--button_gradient_top_color_hover:#b67cd1;--button_gradient_bottom_color_hover:#b67cd1;" target="_blank" rel="noopener noreferrer" href="https://www.academiapsicologia.com/wp-content/uploads/2023/09/20230914-En-casa-del-herrero-cuchillo-de-palo-Dra.-Da-Maria-Paz-Garcia-Vera.pdf"><span class="fusion-button-text">Descargar Invitación</span></a></div></div>
<p>&nbsp;</p>
<div align="center"><div class="fusion-button-wrapper"><a class="fusion-button button-flat fusion-button-default-size button-custom fusion-button-default button-2 fusion-button-default-span fusion-button-default-type" style="--button_accent_color:#ffffff;--button_border_color:#8a5e9e;--button_accent_hover_color:#ffffff;--button_border_hover_color:#ffffff;--button_gradient_top_color:#b67cd1;--button_gradient_bottom_color:#b67cd1;--button_gradient_top_color_hover:#b67cd1;--button_gradient_bottom_color_hover:#b67cd1;" target="_blank" rel="noopener noreferrer" href="https://www.cop-cv.org/formacion/4542"><span class="fusion-button-text">Inscripción con registro para obtención certificación</span></a></div></div>
<p>&nbsp;</p>
<div align="center"><div class="fusion-button-wrapper"><a class="fusion-button button-flat fusion-button-default-size button-custom fusion-button-default button-3 fusion-button-default-span fusion-button-default-type" style="--button_accent_color:#ffffff;--button_border_color:#8a5e9e;--button_accent_hover_color:#ffffff;--button_border_hover_color:#ffffff;--button_gradient_top_color:#b67cd1;--button_gradient_bottom_color:#b67cd1;--button_gradient_top_color_hover:#b67cd1;--button_gradient_bottom_color_hover:#b67cd1;" target="_blank" rel="noopener noreferrer" href="https://www.cop-cv.org/formacion/emision-en-directo/4542"><span class="fusion-button-text">Acceso libre sin registro</span></a></div></div>
</div>
<p>&nbsp;</p>
<p>&nbsp;</p>

<p>Dra. Dª María Paz García Vera Es catedrática de psicología  [&#8230;]</p>
