{"id":2280,"date":"2023-09-21T10:47:00","date_gmt":"2023-09-21T08:47:00","guid":{"rendered":"https:\/\/www.academiapsicologia.com\/?post_type=tribe_events&#038;p=2280"},"modified":"2023-09-21T10:47:00","modified_gmt":"2023-09-21T08:47:00","slug":"webinar-teletrabajo-y-desarrollo-sostenible-de-las-organizaciones","status":"publish","type":"tribe_events","link":"https:\/\/www.academiapsicologia.com\/index.php\/event\/webinar-teletrabajo-y-desarrollo-sostenible-de-las-organizaciones\/","title":{"rendered":"Webinar: \u201cTeletrabajo y desarrollo sostenible de las organizaciones\u201d"},"content":{"rendered":"<div align=\"justify\">\n<h2><strong>Dr. D. Jos\u00e9 Mar\u00eda Peir\u00f3 Silla<\/strong><\/h2>\n<p>Profesor de Psicolog\u00eda Social de las Organizaciones de la Universidad de Valencia (1981- ) y Director fundador del Instituto de Investigaci\u00f3n de Psicolog\u00eda de los RRHH, Desarrollo Organizacional y Calidad de Vida Laboral (IDOCAL) (2009-2018). Acad\u00e9mico de N\u00famero de la Academia de Psicolog\u00eda de Espa\u00f1a (Medalla, 18). Investigador del IVIE (Instituto Valenciano de Investigaciones Econ\u00f3micas). Director de la C\u00e1tedra INNOVA de la Universidad de Valencia financiada por Labora. Ha sido tambi\u00e9n director de la<br \/>\nC\u00e1tedra sobre Salud Laboral financiada por UMIVALE (2005-2014).<\/p>\n<p>Ha publicado m\u00e1s de 200 art\u00edculos en revistas cient\u00edficas y unos 30 libros y monograf\u00edas. Ha sido Editor Asociado del European Journal of Work and Organizational Psychology (1995-2001) y Editor invitado de varios n\u00fameros monogr\u00e1ficos en diversas revistas internacionales como Work and Stress; Personality and Individual Differences, etc.<\/p>\n<p>Es Editor asociado de la Oxford Encyclopedia of Psychology y es miembro del comit\u00e9 cient\u00edfico de diversas revistas cient\u00edficas (Journal of Management, Work and Stress, Human Relations, etc.). Ha sido miembro del Consejo Asesor cient\u00edfico del Work and Organizational Research Centre de la Universidad de Tilburg (1993-99). Doctor Honoris Causa por la Universidad Miguel Hernandez Elx y por la Universidad Metodista de Sao Paulo. Ha recibido el premio Aristoteles (2015) de la European Federation of Psychology Associations (EFPA), el premio Advanced International Research and Service del Consejo Internacional de Psic\u00f3logos (2013), el premio Lifetime award de la European Association of Work and Organizational Psychology (2013) y el premio \u2018Jos\u00e9 L. Pinillos a la excelencia e Innovaci\u00f3n en Psicolog\u00eda (2016) de Psicofundaci\u00f3n. Miembro Fellow de la Society for Industrial and Organizational Psychology<br \/>\n(since 2009) y de la European Academy of Occupational Health Psychology (since 2001). Profesor Honorario de la Universidad Nacional Mayor de San Marcos de Lima (2009) y ha recibido la medalla de la Universidad de Almer\u00eda y de la Universidad A Distancia de Madrid (UDIMA).<\/p>\n<p>Es miembro Honorario de varias Asociaciones cient\u00edficas y Profesionales (Per\u00fa, Ukrania, Chile, Espa\u00f1a,\u2026). Ha sido Presidente (2011-2014) y Past-President (2014-18) de la International Association of Applied Psychology y miembro del European Awarding Committee del Certificado Europsy (2009-2016). Ha sido Presidente de la European Association of Work and Organizational Psychology (1995-97). Presidente de la ENOP, European Network of Work and Organizational Psychology Professors (2015-2017). Los temas sobre los que ha realizado investigaci\u00f3n incluyen clima y cultura organizacional y clima de seguridad; estr\u00e9s laboral, socializaci\u00f3n laboral de los j\u00f3venes; desempleo juvenil, an\u00e1lisis de los riesgos psicosociales, etc. Es director del Programa de Doctorado sobre Psicolog\u00eda de los RRHH (con menci\u00f3n hacia la excelencia) y ha sido Coordinador Internacional del Programa de Master Erasmus Mundus of Work, Organization and Personnel Psychology impartido por el consorcio de las Universidades de Barcelona, Bologna, Coimbra, Paris, Guelph, Brasilia and Valencia (2005-17).<\/p>\n<\/div>\n<div align=\"justify\">\n<div align=\"center\"><div class=\"fusion-button-wrapper\"><a class=\"fusion-button button-flat fusion-button-default-size button-custom fusion-button-default button-1 fusion-button-default-span fusion-button-default-type\" style=\"--button_bevel_color:#8a5e9e;--button_accent_color:#ffffff;--button_accent_hover_color:#ffffff;--button_border_hover_color:#ffffff;--button_gradient_top_color:#b67cd1;--button_gradient_bottom_color:#b67cd1;--button_gradient_top_color_hover:#b67cd1;--button_gradient_bottom_color_hover:#b67cd1;\" target=\"_blank\" rel=\"noopener noreferrer\" href=\"https:\/\/www.academiapsicologia.com\/wp-content\/uploads\/2023\/09\/20230928-Teletrabajo-y-desarrollo-sostenible-de-las-organizaciones-Dr.-D.-Jose-Maria-Peiro-Silla.pdf\"><span class=\"fusion-button-text\">Descargar Invitaci\u00f3n<\/span><\/a><\/div><\/div>\n<p>&nbsp;<\/p>\n<div align=\"center\"><div class=\"fusion-button-wrapper\"><a class=\"fusion-button button-flat fusion-button-default-size button-custom fusion-button-default button-2 fusion-button-default-span fusion-button-default-type\" style=\"--button_accent_color:#ffffff;--button_border_color:#8a5e9e;--button_accent_hover_color:#ffffff;--button_border_hover_color:#ffffff;--button_gradient_top_color:#b67cd1;--button_gradient_bottom_color:#b67cd1;--button_gradient_top_color_hover:#b67cd1;--button_gradient_bottom_color_hover:#b67cd1;\" target=\"_blank\" rel=\"noopener noreferrer\" href=\"https:\/\/www.cop-cv.org\/formacion\/4544\"><span class=\"fusion-button-text\">Inscripci\u00f3n con registro para obtenci\u00f3n certificaci\u00f3n<\/span><\/a><\/div><\/div>\n<p>&nbsp;<\/p>\n<div align=\"center\"><div class=\"fusion-button-wrapper\"><a class=\"fusion-button button-flat fusion-button-default-size button-custom fusion-button-default button-3 fusion-button-default-span fusion-button-default-type\" style=\"--button_accent_color:#ffffff;--button_border_color:#8a5e9e;--button_accent_hover_color:#ffffff;--button_border_hover_color:#ffffff;--button_gradient_top_color:#b67cd1;--button_gradient_bottom_color:#b67cd1;--button_gradient_top_color_hover:#b67cd1;--button_gradient_bottom_color_hover:#b67cd1;\" target=\"_blank\" rel=\"noopener noreferrer\" href=\"https:\/\/www.cop-cv.org\/formacion\/emision-en-directo\/4544\"><span class=\"fusion-button-text\">Acceso libre sin registro<\/span><\/a><\/div><\/div>\n<\/div>\n<p>&nbsp;<\/p>\n<p>&nbsp;<\/p>\n","protected":false},"excerpt":{"rendered":"<p>Dr. D. Jos\u00e9 Mar\u00eda Peir\u00f3 Silla Profesor de Psicolog\u00eda Social  [&#8230;]<\/p>\n","protected":false},"author":1,"featured_media":2278,"comment_status":"closed","ping_status":"closed","template":"","meta":{"_tribe_events_status":"","_tribe_events_status_reason":"","footnotes":""},"tags":[],"tribe_events_cat":[],"class_list":["post-2280","tribe_events","type-tribe_events","status-publish","has-post-thumbnail","hentry"],"_links":{"self":[{"href":"https:\/\/www.academiapsicologia.com\/index.php\/wp-json\/wp\/v2\/tribe_events\/2280","targetHints":{"allow":["GET"]}}],"collection":[{"href":"https:\/\/www.academiapsicologia.com\/index.php\/wp-json\/wp\/v2\/tribe_events"}],"about":[{"href":"https:\/\/www.academiapsicologia.com\/index.php\/wp-json\/wp\/v2\/types\/tribe_events"}],"author":[{"embeddable":true,"href":"https:\/\/www.academiapsicologia.com\/index.php\/wp-json\/wp\/v2\/users\/1"}],"replies":[{"embeddable":true,"href":"https:\/\/www.academiapsicologia.com\/index.php\/wp-json\/wp\/v2\/comments?post=2280"}],"version-history":[{"count":1,"href":"https:\/\/www.academiapsicologia.com\/index.php\/wp-json\/wp\/v2\/tribe_events\/2280\/revisions"}],"predecessor-version":[{"id":2281,"href":"https:\/\/www.academiapsicologia.com\/index.php\/wp-json\/wp\/v2\/tribe_events\/2280\/revisions\/2281"}],"wp:featuredmedia":[{"embeddable":true,"href":"https:\/\/www.academiapsicologia.com\/index.php\/wp-json\/wp\/v2\/media\/2278"}],"wp:attachment":[{"href":"https:\/\/www.academiapsicologia.com\/index.php\/wp-json\/wp\/v2\/media?parent=2280"}],"wp:term":[{"taxonomy":"post_tag","embeddable":true,"href":"https:\/\/www.academiapsicologia.com\/index.php\/wp-json\/wp\/v2\/tags?post=2280"},{"taxonomy":"tribe_events_cat","embeddable":true,"href":"https:\/\/www.academiapsicologia.com\/index.php\/wp-json\/wp\/v2\/tribe_events_cat?post=2280"}],"curies":[{"name":"wp","href":"https:\/\/api.w.org\/{rel}","templated":true}]}}

<div align="justify">
<h2><strong>Dr. D. José María Peiró Silla</strong></h2>
<p>Profesor de Psicología Social de las Organizaciones de la Universidad de Valencia (1981- ) y Director fundador del Instituto de Investigación de Psicología de los RRHH, Desarrollo Organizacional y Calidad de Vida Laboral (IDOCAL) (2009-2018). Académico de Número de la Academia de Psicología de España (Medalla, 18). Investigador del IVIE (Instituto Valenciano de Investigaciones Económicas). Director de la Cátedra INNOVA de la Universidad de Valencia financiada por Labora. Ha sido también director de la<br />
Cátedra sobre Salud Laboral financiada por UMIVALE (2005-2014).</p>
<p>Ha publicado más de 200 artículos en revistas científicas y unos 30 libros y monografías. Ha sido Editor Asociado del European Journal of Work and Organizational Psychology (1995-2001) y Editor invitado de varios números monográficos en diversas revistas internacionales como Work and Stress; Personality and Individual Differences, etc.</p>
<p>Es Editor asociado de la Oxford Encyclopedia of Psychology y es miembro del comité científico de diversas revistas científicas (Journal of Management, Work and Stress, Human Relations, etc.). Ha sido miembro del Consejo Asesor científico del Work and Organizational Research Centre de la Universidad de Tilburg (1993-99). Doctor Honoris Causa por la Universidad Miguel Hernandez Elx y por la Universidad Metodista de Sao Paulo. Ha recibido el premio Aristoteles (2015) de la European Federation of Psychology Associations (EFPA), el premio Advanced International Research and Service del Consejo Internacional de Psicólogos (2013), el premio Lifetime award de la European Association of Work and Organizational Psychology (2013) y el premio ‘José L. Pinillos a la excelencia e Innovación en Psicología (2016) de Psicofundación. Miembro Fellow de la Society for Industrial and Organizational Psychology<br />
(since 2009) y de la European Academy of Occupational Health Psychology (since 2001). Profesor Honorario de la Universidad Nacional Mayor de San Marcos de Lima (2009) y ha recibido la medalla de la Universidad de Almería y de la Universidad A Distancia de Madrid (UDIMA).</p>
<p>Es miembro Honorario de varias Asociaciones científicas y Profesionales (Perú, Ukrania, Chile, España,…). Ha sido Presidente (2011-2014) y Past-President (2014-18) de la International Association of Applied Psychology y miembro del European Awarding Committee del Certificado Europsy (2009-2016). Ha sido Presidente de la European Association of Work and Organizational Psychology (1995-97). Presidente de la ENOP, European Network of Work and Organizational Psychology Professors (2015-2017). Los temas sobre los que ha realizado investigación incluyen clima y cultura organizacional y clima de seguridad; estrés laboral, socialización laboral de los jóvenes; desempleo juvenil, análisis de los riesgos psicosociales, etc. Es director del Programa de Doctorado sobre Psicología de los RRHH (con mención hacia la excelencia) y ha sido Coordinador Internacional del Programa de Master Erasmus Mundus of Work, Organization and Personnel Psychology impartido por el consorcio de las Universidades de Barcelona, Bologna, Coimbra, Paris, Guelph, Brasilia and Valencia (2005-17).</p>
</div>
<div align="justify">
<div align="center"><div class="fusion-button-wrapper"><a class="fusion-button button-flat fusion-button-default-size button-custom fusion-button-default button-1 fusion-button-default-span fusion-button-default-type" style="--button_bevel_color:#8a5e9e;--button_accent_color:#ffffff;--button_accent_hover_color:#ffffff;--button_border_hover_color:#ffffff;--button_gradient_top_color:#b67cd1;--button_gradient_bottom_color:#b67cd1;--button_gradient_top_color_hover:#b67cd1;--button_gradient_bottom_color_hover:#b67cd1;" target="_blank" rel="noopener noreferrer" href="https://www.academiapsicologia.com/wp-content/uploads/2023/09/20230928-Teletrabajo-y-desarrollo-sostenible-de-las-organizaciones-Dr.-D.-Jose-Maria-Peiro-Silla.pdf"><span class="fusion-button-text">Descargar Invitación</span></a></div></div>
<p>&nbsp;</p>
<div align="center"><div class="fusion-button-wrapper"><a class="fusion-button button-flat fusion-button-default-size button-custom fusion-button-default button-2 fusion-button-default-span fusion-button-default-type" style="--button_accent_color:#ffffff;--button_border_color:#8a5e9e;--button_accent_hover_color:#ffffff;--button_border_hover_color:#ffffff;--button_gradient_top_color:#b67cd1;--button_gradient_bottom_color:#b67cd1;--button_gradient_top_color_hover:#b67cd1;--button_gradient_bottom_color_hover:#b67cd1;" target="_blank" rel="noopener noreferrer" href="https://www.cop-cv.org/formacion/4544"><span class="fusion-button-text">Inscripción con registro para obtención certificación</span></a></div></div>
<p>&nbsp;</p>
<div align="center"><div class="fusion-button-wrapper"><a class="fusion-button button-flat fusion-button-default-size button-custom fusion-button-default button-3 fusion-button-default-span fusion-button-default-type" style="--button_accent_color:#ffffff;--button_border_color:#8a5e9e;--button_accent_hover_color:#ffffff;--button_border_hover_color:#ffffff;--button_gradient_top_color:#b67cd1;--button_gradient_bottom_color:#b67cd1;--button_gradient_top_color_hover:#b67cd1;--button_gradient_bottom_color_hover:#b67cd1;" target="_blank" rel="noopener noreferrer" href="https://www.cop-cv.org/formacion/emision-en-directo/4544"><span class="fusion-button-text">Acceso libre sin registro</span></a></div></div>
</div>
<p>&nbsp;</p>
<p>&nbsp;</p>

<p>Dr. D. José María Peiró Silla Profesor de Psicología Social  [&#8230;]</p>
