{"id":2307,"date":"2023-10-20T16:59:22","date_gmt":"2023-10-20T14:59:22","guid":{"rendered":"https:\/\/www.academiapsicologia.com\/?post_type=tribe_events&#038;p=2307"},"modified":"2023-10-20T16:59:22","modified_gmt":"2023-10-20T14:59:22","slug":"webinar-la-resiliencia-comunitaria-como-herramienta-de-intervencion","status":"publish","type":"tribe_events","link":"https:\/\/www.academiapsicologia.com\/index.php\/event\/webinar-la-resiliencia-comunitaria-como-herramienta-de-intervencion\/","title":{"rendered":"Webinar: \u201cLa resiliencia comunitaria como herramienta de intervenci\u00f3n\u201d"},"content":{"rendered":"<div align=\"justify\">\n<h2><strong>Dr. D. Amalio Blanco Abarca<\/strong><\/h2>\n<p>Catedr\u00e1tico em\u00e9rito de Psicolog\u00eda en la Universidad Aut\u00f3noma de Madrid de cuya Facultad de Psicolog\u00eda fue Decano entre 1990 y 1998, as\u00ed como Presidente de la Conferencia de Decanos. Ha desarrollado su actividad docente en el campo de la Psicolog\u00eda social, la Psicolog\u00eda de los grupos y la Intervenci\u00f3n psicosocial.<\/p>\n<p>En los \u00faltimos a\u00f1os su actividad investigadora ha estado dirigida al estudio de las ra\u00edces de la violencia colectiva y de sus consecuencias el trauma psicosocial y al desarrollo de programas de intervenci\u00f3n dirigidos a los colectivos afectados. Es autor de varios art\u00edculos de investigaci\u00f3n, de algunos manuales y libros. Desde 2019 es miembro electo de la Academia de Psicolog\u00eda de Espa\u00f1a.<\/p>\n<\/div>\n<div align=\"justify\">\n<div align=\"center\"><div class=\"fusion-button-wrapper\"><a class=\"fusion-button button-flat fusion-button-default-size button-custom fusion-button-default button-1 fusion-button-default-span fusion-button-default-type\" style=\"--button_bevel_color:#8a5e9e;--button_accent_color:#ffffff;--button_accent_hover_color:#ffffff;--button_border_hover_color:#ffffff;--button_gradient_top_color:#b67cd1;--button_gradient_bottom_color:#b67cd1;--button_gradient_top_color_hover:#b67cd1;--button_gradient_bottom_color_hover:#b67cd1;\" target=\"_blank\" rel=\"noopener noreferrer\" href=\"https:\/\/www.academiapsicologia.com\/wp-content\/uploads\/2023\/10\/20231026-La-resiliencia-comunitaria-como-herramienta-de-intervencion-Dr.-D.-Amalio-Blanco-Abarca.pdf\"><span class=\"fusion-button-text\">Descargar Invitaci\u00f3n<\/span><\/a><\/div><\/div>\n<p>&nbsp;<\/p>\n<div align=\"center\"><div class=\"fusion-button-wrapper\"><a class=\"fusion-button button-flat fusion-button-default-size button-custom fusion-button-default button-2 fusion-button-default-span fusion-button-default-type\" style=\"--button_accent_color:#ffffff;--button_border_color:#8a5e9e;--button_accent_hover_color:#ffffff;--button_border_hover_color:#ffffff;--button_gradient_top_color:#b67cd1;--button_gradient_bottom_color:#b67cd1;--button_gradient_top_color_hover:#b67cd1;--button_gradient_bottom_color_hover:#b67cd1;\" target=\"_blank\" rel=\"noopener noreferrer\" href=\"https:\/\/www.cop-cv.org\/formacion\/4540\"><span class=\"fusion-button-text\">Inscripci\u00f3n con registro para obtenci\u00f3n certificaci\u00f3n<\/span><\/a><\/div><\/div>\n<p>&nbsp;<\/p>\n<div align=\"center\"><div class=\"fusion-button-wrapper\"><a class=\"fusion-button button-flat fusion-button-default-size button-custom fusion-button-default button-3 fusion-button-default-span fusion-button-default-type\" style=\"--button_accent_color:#ffffff;--button_border_color:#8a5e9e;--button_accent_hover_color:#ffffff;--button_border_hover_color:#ffffff;--button_gradient_top_color:#b67cd1;--button_gradient_bottom_color:#b67cd1;--button_gradient_top_color_hover:#b67cd1;--button_gradient_bottom_color_hover:#b67cd1;\" target=\"_blank\" rel=\"noopener noreferrer\" href=\"https:\/\/www.cop-cv.org\/formacion\/emision-en-directo\/4540\"><span class=\"fusion-button-text\">Acceso libre sin registro<\/span><\/a><\/div><\/div>\n<\/div>\n<p>&nbsp;<\/p>\n<p>&nbsp;<\/p>\n","protected":false},"excerpt":{"rendered":"<p>Dr. D. Amalio Blanco Abarca Catedr\u00e1tico em\u00e9rito de Psicolog\u00eda en  [&#8230;]<\/p>\n","protected":false},"author":1,"featured_media":2305,"comment_status":"closed","ping_status":"closed","template":"","meta":{"_tribe_events_status":"","_tribe_events_status_reason":"","footnotes":""},"tags":[],"tribe_events_cat":[],"class_list":["post-2307","tribe_events","type-tribe_events","status-publish","has-post-thumbnail","hentry"],"_links":{"self":[{"href":"https:\/\/www.academiapsicologia.com\/index.php\/wp-json\/wp\/v2\/tribe_events\/2307","targetHints":{"allow":["GET"]}}],"collection":[{"href":"https:\/\/www.academiapsicologia.com\/index.php\/wp-json\/wp\/v2\/tribe_events"}],"about":[{"href":"https:\/\/www.academiapsicologia.com\/index.php\/wp-json\/wp\/v2\/types\/tribe_events"}],"author":[{"embeddable":true,"href":"https:\/\/www.academiapsicologia.com\/index.php\/wp-json\/wp\/v2\/users\/1"}],"replies":[{"embeddable":true,"href":"https:\/\/www.academiapsicologia.com\/index.php\/wp-json\/wp\/v2\/comments?post=2307"}],"version-history":[{"count":2,"href":"https:\/\/www.academiapsicologia.com\/index.php\/wp-json\/wp\/v2\/tribe_events\/2307\/revisions"}],"predecessor-version":[{"id":2309,"href":"https:\/\/www.academiapsicologia.com\/index.php\/wp-json\/wp\/v2\/tribe_events\/2307\/revisions\/2309"}],"wp:featuredmedia":[{"embeddable":true,"href":"https:\/\/www.academiapsicologia.com\/index.php\/wp-json\/wp\/v2\/media\/2305"}],"wp:attachment":[{"href":"https:\/\/www.academiapsicologia.com\/index.php\/wp-json\/wp\/v2\/media?parent=2307"}],"wp:term":[{"taxonomy":"post_tag","embeddable":true,"href":"https:\/\/www.academiapsicologia.com\/index.php\/wp-json\/wp\/v2\/tags?post=2307"},{"taxonomy":"tribe_events_cat","embeddable":true,"href":"https:\/\/www.academiapsicologia.com\/index.php\/wp-json\/wp\/v2\/tribe_events_cat?post=2307"}],"curies":[{"name":"wp","href":"https:\/\/api.w.org\/{rel}","templated":true}]}}

Webinar: “La resiliencia comunitaria como herramienta de intervención”

<div align="justify">
<h2><strong>Dr. D. Amalio Blanco Abarca</strong></h2>
<p>Catedrático emérito de Psicología en la Universidad Autónoma de Madrid de cuya Facultad de Psicología fue Decano entre 1990 y 1998, así como Presidente de la Conferencia de Decanos. Ha desarrollado su actividad docente en el campo de la Psicología social, la Psicología de los grupos y la Intervención psicosocial.</p>
<p>En los últimos años su actividad investigadora ha estado dirigida al estudio de las raíces de la violencia colectiva y de sus consecuencias el trauma psicosocial y al desarrollo de programas de intervención dirigidos a los colectivos afectados. Es autor de varios artículos de investigación, de algunos manuales y libros. Desde 2019 es miembro electo de la Academia de Psicología de España.</p>
</div>
<div align="justify">
<div align="center"><div class="fusion-button-wrapper"><a class="fusion-button button-flat fusion-button-default-size button-custom fusion-button-default button-1 fusion-button-default-span fusion-button-default-type" style="--button_bevel_color:#8a5e9e;--button_accent_color:#ffffff;--button_accent_hover_color:#ffffff;--button_border_hover_color:#ffffff;--button_gradient_top_color:#b67cd1;--button_gradient_bottom_color:#b67cd1;--button_gradient_top_color_hover:#b67cd1;--button_gradient_bottom_color_hover:#b67cd1;" target="_blank" rel="noopener noreferrer" href="https://www.academiapsicologia.com/wp-content/uploads/2023/10/20231026-La-resiliencia-comunitaria-como-herramienta-de-intervencion-Dr.-D.-Amalio-Blanco-Abarca.pdf"><span class="fusion-button-text">Descargar Invitación</span></a></div></div>
<p>&nbsp;</p>
<div align="center"><div class="fusion-button-wrapper"><a class="fusion-button button-flat fusion-button-default-size button-custom fusion-button-default button-2 fusion-button-default-span fusion-button-default-type" style="--button_accent_color:#ffffff;--button_border_color:#8a5e9e;--button_accent_hover_color:#ffffff;--button_border_hover_color:#ffffff;--button_gradient_top_color:#b67cd1;--button_gradient_bottom_color:#b67cd1;--button_gradient_top_color_hover:#b67cd1;--button_gradient_bottom_color_hover:#b67cd1;" target="_blank" rel="noopener noreferrer" href="https://www.cop-cv.org/formacion/4540"><span class="fusion-button-text">Inscripción con registro para obtención certificación</span></a></div></div>
<p>&nbsp;</p>
<div align="center"><div class="fusion-button-wrapper"><a class="fusion-button button-flat fusion-button-default-size button-custom fusion-button-default button-3 fusion-button-default-span fusion-button-default-type" style="--button_accent_color:#ffffff;--button_border_color:#8a5e9e;--button_accent_hover_color:#ffffff;--button_border_hover_color:#ffffff;--button_gradient_top_color:#b67cd1;--button_gradient_bottom_color:#b67cd1;--button_gradient_top_color_hover:#b67cd1;--button_gradient_bottom_color_hover:#b67cd1;" target="_blank" rel="noopener noreferrer" href="https://www.cop-cv.org/formacion/emision-en-directo/4540"><span class="fusion-button-text">Acceso libre sin registro</span></a></div></div>
</div>
<p>&nbsp;</p>
<p>&nbsp;</p>

<p>Dr. D. Amalio Blanco Abarca Catedrático emérito de Psicología en  [&#8230;]</p>
