{"id":2523,"date":"2024-03-08T21:49:30","date_gmt":"2024-03-08T20:49:30","guid":{"rendered":"https:\/\/www.academiapsicologia.com\/?post_type=tribe_events&#038;p=2523"},"modified":"2024-03-08T22:02:50","modified_gmt":"2024-03-08T21:02:50","slug":"seminario-internacional-sobre-salud-mental-y-bienestar-en-el-trabajo-contribuciones-para-su-sostenibilidad","status":"publish","type":"tribe_events","link":"https:\/\/www.academiapsicologia.com\/index.php\/event\/seminario-internacional-sobre-salud-mental-y-bienestar-en-el-trabajo-contribuciones-para-su-sostenibilidad\/","title":{"rendered":"Seminario Internacional sobre Salud Mental y Bienestar en el Trabajo. Contribuciones para su Sostenibilidad"},"content":{"rendered":"<div align=\"justify\"><a href=\"https:\/\/www.academiapsicologia.com\/wp-content\/uploads\/2024\/03\/SEMINARIO-INTERNACIONAL-SOBRE-SALUD-MENTAL-Y-BIENESTAR-EN-EL-TRABAJO-20240412-02.jpg\" target=\"_blank\" rel=\"noopener\"><img decoding=\"async\" class=\"alignleft wp-image-2521\" src=\"https:\/\/www.academiapsicologia.com\/wp-content\/uploads\/2024\/03\/SEMINARIO-INTERNACIONAL-SOBRE-SALUD-MENTAL-Y-BIENESTAR-EN-EL-TRABAJO-20240412-02-228x300.jpg\" alt=\"\" width=\"350\" height=\"461\" srcset=\"https:\/\/www.academiapsicologia.com\/wp-content\/uploads\/2024\/03\/SEMINARIO-INTERNACIONAL-SOBRE-SALUD-MENTAL-Y-BIENESTAR-EN-EL-TRABAJO-20240412-02-200x264.jpg 200w, https:\/\/www.academiapsicologia.com\/wp-content\/uploads\/2024\/03\/SEMINARIO-INTERNACIONAL-SOBRE-SALUD-MENTAL-Y-BIENESTAR-EN-EL-TRABAJO-20240412-02-228x300.jpg 228w, https:\/\/www.academiapsicologia.com\/wp-content\/uploads\/2024\/03\/SEMINARIO-INTERNACIONAL-SOBRE-SALUD-MENTAL-Y-BIENESTAR-EN-EL-TRABAJO-20240412-02-400x527.jpg 400w, https:\/\/www.academiapsicologia.com\/wp-content\/uploads\/2024\/03\/SEMINARIO-INTERNACIONAL-SOBRE-SALUD-MENTAL-Y-BIENESTAR-EN-EL-TRABAJO-20240412-02-600x791.jpg 600w, https:\/\/www.academiapsicologia.com\/wp-content\/uploads\/2024\/03\/SEMINARIO-INTERNACIONAL-SOBRE-SALUD-MENTAL-Y-BIENESTAR-EN-EL-TRABAJO-20240412-02-768x1012.jpg 768w, https:\/\/www.academiapsicologia.com\/wp-content\/uploads\/2024\/03\/SEMINARIO-INTERNACIONAL-SOBRE-SALUD-MENTAL-Y-BIENESTAR-EN-EL-TRABAJO-20240412-02-777x1024.jpg 777w, https:\/\/www.academiapsicologia.com\/wp-content\/uploads\/2024\/03\/SEMINARIO-INTERNACIONAL-SOBRE-SALUD-MENTAL-Y-BIENESTAR-EN-EL-TRABAJO-20240412-02-800x1054.jpg 800w, https:\/\/www.academiapsicologia.com\/wp-content\/uploads\/2024\/03\/SEMINARIO-INTERNACIONAL-SOBRE-SALUD-MENTAL-Y-BIENESTAR-EN-EL-TRABAJO-20240412-02-1166x1536.jpg 1166w, https:\/\/www.academiapsicologia.com\/wp-content\/uploads\/2024\/03\/SEMINARIO-INTERNACIONAL-SOBRE-SALUD-MENTAL-Y-BIENESTAR-EN-EL-TRABAJO-20240412-02.jpg 1184w\" sizes=\"(max-width: 350px) 100vw, 350px\" \/><\/a>Tendr\u00e1 lugar el viernes, 12 de Abril de 2024 en el Real Colegio Complutense en Harvard y esta Organizado por el Instituto de Investigaci\u00f3n IDOCAL de la Universidad de Valencia y coordinado por el prof. Jose M. Peir\u00f3, acad\u00e9mico de n\u00famero de la Academia de Psicolog\u00eda de Espa\u00f1a.<\/div>\n<div align=\"justify\"><\/div>\n<div style=\"text-align: center;\" align=\"justify\"><div class=\"fusion-button-wrapper\"><a class=\"fusion-button button-flat fusion-button-default-size button-custom fusion-button-default button-1 fusion-button-default-span fusion-button-default-type\" style=\"--button_accent_color:#ffffff;--button_border_color:#8a5e9e;--button_accent_hover_color:#000000;--button_border_hover_color:#000000;--button_gradient_top_color:#b67cd1;--button_gradient_bottom_color:#b67cd1;--button_gradient_top_color_hover:#b67cd1;--button_gradient_bottom_color_hover:#b67cd1;\" target=\"_blank\" rel=\"noopener noreferrer\" href=\"https:\/\/us06web.zoom.us\/j\/84430801639?pwd=Ckzmu6b9JF2fPeo3J4Ac4UOodfShT6.1\"><i class=\"fa-video fas button-icon-left\" aria-hidden=\"true\"><\/i><span class=\"fusion-button-text\">ACCEDER AL SEMINARIO EN STREAMING<\/span><\/a><\/div><\/div>\n<div align=\"justify\"><\/div>\n<div align=\"justify\"><\/div>\n<div align=\"justify\"><\/div>\n","protected":false},"excerpt":{"rendered":"<p>Tendr\u00e1 lugar el viernes, 12 de Abril de 2024 en  [&#8230;]<\/p>\n","protected":false},"author":1,"featured_media":2522,"comment_status":"closed","ping_status":"closed","template":"","meta":{"_tribe_events_status":"","_tribe_events_status_reason":"","footnotes":""},"tags":[],"tribe_events_cat":[],"class_list":["post-2523","tribe_events","type-tribe_events","status-publish","has-post-thumbnail","hentry"],"_links":{"self":[{"href":"https:\/\/www.academiapsicologia.com\/index.php\/wp-json\/wp\/v2\/tribe_events\/2523","targetHints":{"allow":["GET"]}}],"collection":[{"href":"https:\/\/www.academiapsicologia.com\/index.php\/wp-json\/wp\/v2\/tribe_events"}],"about":[{"href":"https:\/\/www.academiapsicologia.com\/index.php\/wp-json\/wp\/v2\/types\/tribe_events"}],"author":[{"embeddable":true,"href":"https:\/\/www.academiapsicologia.com\/index.php\/wp-json\/wp\/v2\/users\/1"}],"replies":[{"embeddable":true,"href":"https:\/\/www.academiapsicologia.com\/index.php\/wp-json\/wp\/v2\/comments?post=2523"}],"version-history":[{"count":9,"href":"https:\/\/www.academiapsicologia.com\/index.php\/wp-json\/wp\/v2\/tribe_events\/2523\/revisions"}],"predecessor-version":[{"id":2536,"href":"https:\/\/www.academiapsicologia.com\/index.php\/wp-json\/wp\/v2\/tribe_events\/2523\/revisions\/2536"}],"wp:featuredmedia":[{"embeddable":true,"href":"https:\/\/www.academiapsicologia.com\/index.php\/wp-json\/wp\/v2\/media\/2522"}],"wp:attachment":[{"href":"https:\/\/www.academiapsicologia.com\/index.php\/wp-json\/wp\/v2\/media?parent=2523"}],"wp:term":[{"taxonomy":"post_tag","embeddable":true,"href":"https:\/\/www.academiapsicologia.com\/index.php\/wp-json\/wp\/v2\/tags?post=2523"},{"taxonomy":"tribe_events_cat","embeddable":true,"href":"https:\/\/www.academiapsicologia.com\/index.php\/wp-json\/wp\/v2\/tribe_events_cat?post=2523"}],"curies":[{"name":"wp","href":"https:\/\/api.w.org\/{rel}","templated":true}]}}

<div align="justify"><a href="https://www.academiapsicologia.com/wp-content/uploads/2024/03/SEMINARIO-INTERNACIONAL-SOBRE-SALUD-MENTAL-Y-BIENESTAR-EN-EL-TRABAJO-20240412-02.jpg" target="_blank" rel="noopener"><img decoding="async" class="alignleft wp-image-2521" src="https://www.academiapsicologia.com/wp-content/uploads/2024/03/SEMINARIO-INTERNACIONAL-SOBRE-SALUD-MENTAL-Y-BIENESTAR-EN-EL-TRABAJO-20240412-02-228x300.jpg" alt="" width="350" height="461" srcset="https://www.academiapsicologia.com/wp-content/uploads/2024/03/SEMINARIO-INTERNACIONAL-SOBRE-SALUD-MENTAL-Y-BIENESTAR-EN-EL-TRABAJO-20240412-02-200x264.jpg 200w, https://www.academiapsicologia.com/wp-content/uploads/2024/03/SEMINARIO-INTERNACIONAL-SOBRE-SALUD-MENTAL-Y-BIENESTAR-EN-EL-TRABAJO-20240412-02-228x300.jpg 228w, https://www.academiapsicologia.com/wp-content/uploads/2024/03/SEMINARIO-INTERNACIONAL-SOBRE-SALUD-MENTAL-Y-BIENESTAR-EN-EL-TRABAJO-20240412-02-400x527.jpg 400w, https://www.academiapsicologia.com/wp-content/uploads/2024/03/SEMINARIO-INTERNACIONAL-SOBRE-SALUD-MENTAL-Y-BIENESTAR-EN-EL-TRABAJO-20240412-02-600x791.jpg 600w, https://www.academiapsicologia.com/wp-content/uploads/2024/03/SEMINARIO-INTERNACIONAL-SOBRE-SALUD-MENTAL-Y-BIENESTAR-EN-EL-TRABAJO-20240412-02-768x1012.jpg 768w, https://www.academiapsicologia.com/wp-content/uploads/2024/03/SEMINARIO-INTERNACIONAL-SOBRE-SALUD-MENTAL-Y-BIENESTAR-EN-EL-TRABAJO-20240412-02-777x1024.jpg 777w, https://www.academiapsicologia.com/wp-content/uploads/2024/03/SEMINARIO-INTERNACIONAL-SOBRE-SALUD-MENTAL-Y-BIENESTAR-EN-EL-TRABAJO-20240412-02-800x1054.jpg 800w, https://www.academiapsicologia.com/wp-content/uploads/2024/03/SEMINARIO-INTERNACIONAL-SOBRE-SALUD-MENTAL-Y-BIENESTAR-EN-EL-TRABAJO-20240412-02-1166x1536.jpg 1166w, https://www.academiapsicologia.com/wp-content/uploads/2024/03/SEMINARIO-INTERNACIONAL-SOBRE-SALUD-MENTAL-Y-BIENESTAR-EN-EL-TRABAJO-20240412-02.jpg 1184w" sizes="(max-width: 350px) 100vw, 350px" /></a>Tendrá lugar el viernes, 12 de Abril de 2024 en el Real Colegio Complutense en Harvard y esta Organizado por el Instituto de Investigación IDOCAL de la Universidad de Valencia y coordinado por el prof. Jose M. Peiró, académico de número de la Academia de Psicología de España.</div>
<div align="justify"></div>
<div style="text-align: center;" align="justify"><div class="fusion-button-wrapper"><a class="fusion-button button-flat fusion-button-default-size button-custom fusion-button-default button-1 fusion-button-default-span fusion-button-default-type" style="--button_accent_color:#ffffff;--button_border_color:#8a5e9e;--button_accent_hover_color:#000000;--button_border_hover_color:#000000;--button_gradient_top_color:#b67cd1;--button_gradient_bottom_color:#b67cd1;--button_gradient_top_color_hover:#b67cd1;--button_gradient_bottom_color_hover:#b67cd1;" target="_blank" rel="noopener noreferrer" href="https://us06web.zoom.us/j/84430801639?pwd=Ckzmu6b9JF2fPeo3J4Ac4UOodfShT6.1"><i class="fa-video fas button-icon-left" aria-hidden="true"></i><span class="fusion-button-text">ACCEDER AL SEMINARIO EN STREAMING</span></a></div></div>
<div align="justify"></div>
<div align="justify"></div>
<div align="justify"></div>

<p>Tendrá lugar el viernes, 12 de Abril de 2024 en  [&#8230;]</p>
