{"id":2572,"date":"2024-05-17T11:16:51","date_gmt":"2024-05-17T09:16:51","guid":{"rendered":"https:\/\/www.academiapsicologia.com\/?post_type=tribe_events&#038;p=2572"},"modified":"2024-05-17T11:16:51","modified_gmt":"2024-05-17T09:16:51","slug":"estres-y-deficits-cognitivos-en-enfermedades-asociadas-a-la-edad","status":"publish","type":"tribe_events","link":"https:\/\/www.academiapsicologia.com\/index.php\/event\/estres-y-deficits-cognitivos-en-enfermedades-asociadas-a-la-edad\/","title":{"rendered":"Estr\u00e9s y d\u00e9ficits cognitivos en enfermedades asociadas a la edad"},"content":{"rendered":"<h1><strong>WEBINAR DE LA APE<\/strong><\/h1>\n<p><b>Moderadora:<\/b><\/p>\n<p style=\"padding-left: 40px;\"><strong>Dra. Mar\u00eda Paz Garc\u00eda-Vera<\/strong><br \/>\n<strong><em>Acad\u00e9mica de N\u00famero de la APE <\/em><\/strong><\/p>\n<p><b>Interviene:<\/b><\/p>\n<p style=\"padding-left: 40px;\"><strong>Dra.\u00a0Alicia Salvador\u00a0Fern\u00e1ndez-Montejo<\/strong><br \/>\n<em><strong>Acad\u00e9mica de N\u00famero de la APE<\/strong><\/em><\/p>\n<p>&nbsp;<\/p>\n<div class=\"fusion-button-wrapper\"><a class=\"fusion-button button-flat fusion-button-default-size button-custom fusion-button-default button-1 fusion-button-default-span fusion-button-default-type\" style=\"--button_accent_color:#ffffff;--button_border_color:#8a5e9e;--button_accent_hover_color:#000000;--button_border_hover_color:#000000;--button_gradient_top_color:#b67cd1;--button_gradient_bottom_color:#b67cd1;--button_gradient_top_color_hover:#b67cd1;--button_gradient_bottom_color_hover:#b67cd1;\" target=\"_blank\" rel=\"noopener noreferrer\" href=\"https:\/\/www.academiapsicologia.com\/wp-content\/uploads\/2024\/05\/20240529-Estres-y-deficits-cognitivos-en-enfermedades-asociadas-a-la-edad.pdf\"><i class=\"fa-info-circle fas button-icon-left\" aria-hidden=\"true\"><\/i><span class=\"fusion-button-text\">DESCARGAR PROGRAMA<\/span><\/a><\/div>\n<div class=\"fusion-button-wrapper\"><a class=\"fusion-button button-flat fusion-button-default-size button-custom fusion-button-default button-2 fusion-button-default-span fusion-button-default-type\" style=\"--button_accent_color:#ffffff;--button_border_color:#8a5e9e;--button_accent_hover_color:#000000;--button_border_hover_color:#000000;--button_gradient_top_color:#b67cd1;--button_gradient_bottom_color:#b67cd1;--button_gradient_top_color_hover:#b67cd1;--button_gradient_bottom_color_hover:#b67cd1;\" target=\"_blank\" rel=\"noopener noreferrer\" href=\"https:\/\/us06web.zoom.us\/meeting\/register\/tZcocuCprj0uEtSKB-GPZYg7OGvpwDVnCFBb#\/registration\"><i class=\"fa-calendar-check fas button-icon-left\" aria-hidden=\"true\"><\/i><span class=\"fusion-button-text\">INSCRIPCI\u00d3N<\/span><\/a><\/div>\n<p>&nbsp;<\/p>\n<p>&nbsp;<\/p>\n<p>&nbsp;<\/p>\n","protected":false},"excerpt":{"rendered":"<p>WEBINAR DE LA APE Moderadora: Dra. Mar\u00eda Paz Garc\u00eda-Vera Acad\u00e9mica  [&#8230;]<\/p>\n","protected":false},"author":1,"featured_media":2570,"comment_status":"closed","ping_status":"closed","template":"","meta":{"_tribe_events_status":"","_tribe_events_status_reason":"","footnotes":""},"tags":[],"tribe_events_cat":[],"class_list":["post-2572","tribe_events","type-tribe_events","status-publish","has-post-thumbnail","hentry"],"_links":{"self":[{"href":"https:\/\/www.academiapsicologia.com\/index.php\/wp-json\/wp\/v2\/tribe_events\/2572","targetHints":{"allow":["GET"]}}],"collection":[{"href":"https:\/\/www.academiapsicologia.com\/index.php\/wp-json\/wp\/v2\/tribe_events"}],"about":[{"href":"https:\/\/www.academiapsicologia.com\/index.php\/wp-json\/wp\/v2\/types\/tribe_events"}],"author":[{"embeddable":true,"href":"https:\/\/www.academiapsicologia.com\/index.php\/wp-json\/wp\/v2\/users\/1"}],"replies":[{"embeddable":true,"href":"https:\/\/www.academiapsicologia.com\/index.php\/wp-json\/wp\/v2\/comments?post=2572"}],"version-history":[{"count":2,"href":"https:\/\/www.academiapsicologia.com\/index.php\/wp-json\/wp\/v2\/tribe_events\/2572\/revisions"}],"predecessor-version":[{"id":2574,"href":"https:\/\/www.academiapsicologia.com\/index.php\/wp-json\/wp\/v2\/tribe_events\/2572\/revisions\/2574"}],"wp:featuredmedia":[{"embeddable":true,"href":"https:\/\/www.academiapsicologia.com\/index.php\/wp-json\/wp\/v2\/media\/2570"}],"wp:attachment":[{"href":"https:\/\/www.academiapsicologia.com\/index.php\/wp-json\/wp\/v2\/media?parent=2572"}],"wp:term":[{"taxonomy":"post_tag","embeddable":true,"href":"https:\/\/www.academiapsicologia.com\/index.php\/wp-json\/wp\/v2\/tags?post=2572"},{"taxonomy":"tribe_events_cat","embeddable":true,"href":"https:\/\/www.academiapsicologia.com\/index.php\/wp-json\/wp\/v2\/tribe_events_cat?post=2572"}],"curies":[{"name":"wp","href":"https:\/\/api.w.org\/{rel}","templated":true}]}}

Estrés y déficits cognitivos en enfermedades asociadas a la edad

<h1><strong>WEBINAR DE LA APE</strong></h1>
<p><b>Moderadora:</b></p>
<p style="padding-left: 40px;"><strong>Dra. María Paz García-Vera</strong><br />
<strong><em>Académica de Número de la APE </em></strong></p>
<p><b>Interviene:</b></p>
<p style="padding-left: 40px;"><strong>Dra. Alicia Salvador Fernández-Montejo</strong><br />
<em><strong>Académica de Número de la APE</strong></em></p>
<p>&nbsp;</p>
<div class="fusion-button-wrapper"><a class="fusion-button button-flat fusion-button-default-size button-custom fusion-button-default button-1 fusion-button-default-span fusion-button-default-type" style="--button_accent_color:#ffffff;--button_border_color:#8a5e9e;--button_accent_hover_color:#000000;--button_border_hover_color:#000000;--button_gradient_top_color:#b67cd1;--button_gradient_bottom_color:#b67cd1;--button_gradient_top_color_hover:#b67cd1;--button_gradient_bottom_color_hover:#b67cd1;" target="_blank" rel="noopener noreferrer" href="https://www.academiapsicologia.com/wp-content/uploads/2024/05/20240529-Estres-y-deficits-cognitivos-en-enfermedades-asociadas-a-la-edad.pdf"><i class="fa-info-circle fas button-icon-left" aria-hidden="true"></i><span class="fusion-button-text">DESCARGAR PROGRAMA</span></a></div>
<div class="fusion-button-wrapper"><a class="fusion-button button-flat fusion-button-default-size button-custom fusion-button-default button-2 fusion-button-default-span fusion-button-default-type" style="--button_accent_color:#ffffff;--button_border_color:#8a5e9e;--button_accent_hover_color:#000000;--button_border_hover_color:#000000;--button_gradient_top_color:#b67cd1;--button_gradient_bottom_color:#b67cd1;--button_gradient_top_color_hover:#b67cd1;--button_gradient_bottom_color_hover:#b67cd1;" target="_blank" rel="noopener noreferrer" href="https://us06web.zoom.us/meeting/register/tZcocuCprj0uEtSKB-GPZYg7OGvpwDVnCFBb#/registration"><i class="fa-calendar-check fas button-icon-left" aria-hidden="true"></i><span class="fusion-button-text">INSCRIPCIÓN</span></a></div>
<p>&nbsp;</p>
<p>&nbsp;</p>
<p>&nbsp;</p>

<p>WEBINAR DE LA APE Moderadora: Dra. María Paz García-Vera Académica  [&#8230;]</p>
