{"id":2622,"date":"2024-07-04T12:40:46","date_gmt":"2024-07-04T10:40:46","guid":{"rendered":"https:\/\/www.academiapsicologia.com\/?post_type=tribe_events&#038;p=2622"},"modified":"2025-02-10T15:21:27","modified_gmt":"2025-02-10T14:21:27","slug":"4a-edicion-2024-encuentros-en-la-fundacion","status":"publish","type":"tribe_events","link":"https:\/\/www.academiapsicologia.com\/index.php\/event\/4a-edicion-2024-encuentros-en-la-fundacion\/","title":{"rendered":"4\u00aa edici\u00f3n | 2024 &#8211; ENCUENTROS EN LA FUNDACI\u00d3N"},"content":{"rendered":"<div class=\"fusion-button-wrapper\"><a class=\"fusion-button button-flat fusion-button-default-size button-custom fusion-button-default button-1 fusion-button-default-span fusion-button-default-type\" style=\"--button_accent_color:#ffffff;--button_border_color:#8a5e9e;--button_accent_hover_color:#000000;--button_border_hover_color:#000000;--button_gradient_top_color:#b67cd1;--button_gradient_bottom_color:#b67cd1;--button_gradient_top_color_hover:#b67cd1;--button_gradient_bottom_color_hover:#b67cd1;\" target=\"_blank\" rel=\"noopener noreferrer\" href=\"https:\/\/www.academiapsicologia.com\/wp-content\/uploads\/2025\/02\/4a-edicion-2024-ENCUENTROS-EN-LA-FUNDACION.pdf\"><i class=\"fa-info-circle fas button-icon-left\" aria-hidden=\"true\"><\/i><span class=\"fusion-button-text\">DESCARGAR PROGRAMA<\/span><\/a><\/div>\n<p><a href=\"https:\/\/www.academiapsicologia.com\/wp-content\/uploads\/2025\/02\/4a-edicion-2024-ENCUENTROS-EN-LA-FUNDACION.pdf\" target=\"_blank\" rel=\"noopener\"><img decoding=\"async\" class=\"aligncenter wp-image-3125 size-full\" src=\"https:\/\/www.academiapsicologia.com\/wp-content\/uploads\/2025\/02\/4a-edicion-2024-ENCUENTROS-EN-LA-FUNDACION.jpg\" alt=\"\" width=\"1000\" height=\"563\" srcset=\"https:\/\/www.academiapsicologia.com\/wp-content\/uploads\/2025\/02\/4a-edicion-2024-ENCUENTROS-EN-LA-FUNDACION-200x113.jpg 200w, https:\/\/www.academiapsicologia.com\/wp-content\/uploads\/2025\/02\/4a-edicion-2024-ENCUENTROS-EN-LA-FUNDACION-300x169.jpg 300w, https:\/\/www.academiapsicologia.com\/wp-content\/uploads\/2025\/02\/4a-edicion-2024-ENCUENTROS-EN-LA-FUNDACION-400x225.jpg 400w, https:\/\/www.academiapsicologia.com\/wp-content\/uploads\/2025\/02\/4a-edicion-2024-ENCUENTROS-EN-LA-FUNDACION-600x338.jpg 600w, https:\/\/www.academiapsicologia.com\/wp-content\/uploads\/2025\/02\/4a-edicion-2024-ENCUENTROS-EN-LA-FUNDACION-768x432.jpg 768w, https:\/\/www.academiapsicologia.com\/wp-content\/uploads\/2025\/02\/4a-edicion-2024-ENCUENTROS-EN-LA-FUNDACION-800x450.jpg 800w, https:\/\/www.academiapsicologia.com\/wp-content\/uploads\/2025\/02\/4a-edicion-2024-ENCUENTROS-EN-LA-FUNDACION.jpg 1000w\" sizes=\"(max-width: 1000px) 100vw, 1000px\" \/><\/a><\/p>\n<p>&nbsp;<\/p>\n<ul>\n<li><strong>11\/07\/2024 &#8211; WEBINAR: \u00abLA RELEVANCIA DE LA PSICOLOG\u00cdA EDUCATIVA EN EL BIENESTAR PSICOL\u00d3GICO\u00bb<\/strong><\/li>\n<\/ul>\n<p style=\"padding-left: 40px;\">Impartido por: <strong>Dra. D\u00aa. Maite Garaigordobil<\/strong><\/p>\n<div align=\"center\"><iframe title=\"YouTube video player\" src=\"https:\/\/www.youtube.com\/embed\/vd2_5UQSpKM?si=YQYtk9n9MOiPbkOz\" width=\"560\" height=\"315\" frameborder=\"0\" allowfullscreen=\"allowfullscreen\"><\/iframe><\/div>\n<div align=\"center\"><\/div>\n<div style=\"text-align: left;\" align=\"center\">\n<ul>\n<li><strong>19\/09\/2024 &#8211; WEBINAR: \u00abBUENAS PR\u00c1CTICAS EN LA PREVENCI\u00d3N DE ADICCIONES\u00bb<\/strong><\/li>\n<\/ul>\n<p style=\"padding-left: 40px;\">Impartido por: <strong>Dr. D. Elisardo Beco\u00f1a Iglesias<\/strong><\/p>\n<div align=\"center\"><iframe title=\"YouTube video player\" src=\"https:\/\/www.youtube.com\/embed\/XiVqGs2BRsI?si=O5j8NYD7jit9SKW_\" width=\"560\" height=\"315\" frameborder=\"0\" allowfullscreen=\"allowfullscreen\"><\/iframe><\/div>\n<div align=\"center\"><\/div>\n<\/div>\n<ul>\n<li><strong>03\/10\/2024 &#8211; WEBINAR: \u00abLOS TRATAMIENTOS PSICOL\u00d3GICOS EN EL SIGLO XXI: \u00bfQU\u00c9 NOS PUEDEN OFRECER LAS TIC?\u00bb<\/strong><\/li>\n<\/ul>\n<p style=\"padding-left: 40px;\">Impartido por: <strong>Dra. D\u00aa. M\u00aa Cristina Botella Arbona<\/strong><\/p>\n<div align=\"center\"><iframe title=\"YouTube video player\" src=\"https:\/\/www.youtube.com\/embed\/Bo3rnjflVR0?si=JuHpqoirS826w17X\" width=\"560\" height=\"315\" frameborder=\"0\" allowfullscreen=\"allowfullscreen\"><span data-mce-type=\"bookmark\" style=\"display: inline-block; width: 0px; overflow: hidden; line-height: 0;\" class=\"mce_SELRES_start\">\ufeff<\/span><\/iframe><\/div>\n<div align=\"center\"><\/div>\n<ul>\n<li><strong>17\/10\/2024 &#8211; WEBINAR: \u00abM\u00c1S ALL\u00c1 DE LA FELICIDAD: HACIA UNA CULTURA GLOBAL DEL APOYO SOCIAL Y LA PAZ\u00bb<\/strong><\/li>\n<\/ul>\n<p style=\"padding-left: 40px;\">Impartido por: <strong>Dr. D. Jaime Vila Castellar<\/strong><\/p>\n<div align=\"center\"><iframe title=\"YouTube video player\" src=\"https:\/\/www.youtube.com\/embed\/G-zolEQz6JU?si=V7F7RCxRd7HuRjPu\" width=\"560\" height=\"315\" frameborder=\"0\" allowfullscreen=\"allowfullscreen\"><\/iframe><\/div>\n<div align=\"center\"><\/div>\n<div align=\"center\">\n<ul>\n<li style=\"text-align: left;\"><strong>07\/11\/2024 &#8211; WEBINAR: \u00abLA ADOLESCENCIA, UN PER\u00cdODO CR\u00cdTICO PARA LA SALUD MENTAL\u00bb<\/strong><\/li>\n<\/ul>\n<p style=\"padding-left: 40px; text-align: left;\">Impartido por: <strong>Dr. D. Enrique Echebur\u00faa Odriozola<\/strong><\/p>\n<div align=\"center\"><iframe title=\"YouTube video player\" src=\"https:\/\/www.youtube.com\/embed\/4O-aob7YXYs?si=aCa5BQ9s0W1EfOgM\" width=\"560\" height=\"315\" frameborder=\"0\" allowfullscreen=\"allowfullscreen\"><\/iframe><\/div>\n<div align=\"center\"><\/div>\n<div style=\"text-align: left;\" align=\"center\">\n<div align=\"center\">\n<ul>\n<li style=\"text-align: left;\"><strong>21\/11\/2024 &#8211; WEBINAR: \u00abESTR\u00c9S, CORTISOL Y DIABETES\u00bb<\/strong><\/li>\n<\/ul>\n<p style=\"padding-left: 40px; text-align: left;\">Impartido por: <strong>Dra. D\u00aa. Alicia Salvador Fern\u00e1ndez-Montejo<\/strong><\/p>\n<div align=\"center\"><iframe title=\"YouTube video player\" src=\"https:\/\/www.youtube.com\/embed\/WtM2F0mBcno?si=1T6otWIKr3BHjeDP\" width=\"560\" height=\"315\" frameborder=\"0\" allowfullscreen=\"allowfullscreen\"><\/iframe><\/div>\n<div style=\"text-align: left;\" align=\"center\"><\/div>\n<\/div>\n<div align=\"center\">\n<ul>\n<li style=\"text-align: left;\"><strong>05\/12\/2024 &#8211; WEBINAR: \u00abEL DISCRETO ENCANTO DE SER EXC\u00c9NTRICO CON SENTIDO DEL HUMOR, UNA PERSPECTIVA PSICOL\u00d3GICA\u00bb<\/strong><\/li>\n<\/ul>\n<p style=\"padding-left: 40px; text-align: left;\">Impartido por: <strong>Dr. D. Jos\u00e9 Mar\u00eda Prieto Zamora<\/strong><\/p>\n<div align=\"center\"><iframe title=\"YouTube video player\" src=\"https:\/\/www.youtube.com\/embed\/3bwoERp2XUs?si=XtIRpGKWl0kL9k3B\" width=\"560\" height=\"315\" frameborder=\"0\" allowfullscreen=\"allowfullscreen\"><\/iframe><\/div>\n<div style=\"text-align: left;\" align=\"center\"><\/div>\n<\/div>\n<div align=\"center\">\n<ul>\n<li style=\"text-align: left;\"><strong>12\/12\/2024 &#8211; WEBINAR: \u00abAN\u00c1LISIS DE RIESGOS PSICOSOCIALES, SALUD MENTAL Y ABSENTISMO\u00bb<\/strong><\/li>\n<\/ul>\n<p style=\"padding-left: 40px; text-align: left;\">Impartido por: <strong>Dr. D. Jos\u00e9 Mar\u00eda Peir\u00f3 Silla<\/strong><\/p>\n<div align=\"center\"><iframe title=\"YouTube video player\" src=\"https:\/\/www.youtube.com\/embed\/f-CjtqX8HIw?si=hMQioRAhA6OyLlLU\" width=\"560\" height=\"315\" frameborder=\"0\" allowfullscreen=\"allowfullscreen\"><\/iframe><\/div>\n<div align=\"center\"><\/div>\n<div align=\"center\">\n<ul>\n<li style=\"text-align: left;\"><strong>16\/01\/2025 &#8211; WEBINAR: \u00abRETOS METODOL\u00d3GICOS DE LA MULTIMODALIDAD EN LA COMUNICACI\u00d3N HUMANA\u00bb<\/strong><\/li>\n<\/ul>\n<p style=\"padding-left: 40px; text-align: left;\">Impartido por: <strong>Dra. D\u00aa. Mar\u00eda Teresa Anguera Argilaga<\/strong><\/p>\n<div align=\"center\"><iframe title=\"YouTube video player\" src=\"https:\/\/www.youtube.com\/embed\/Aq6ml7yJJpQ?si=YVszcA6CIT1vVzn2\" width=\"560\" height=\"315\" frameborder=\"0\" allowfullscreen=\"allowfullscreen\"><\/iframe><\/div>\n<div align=\"center\"><\/div>\n<div style=\"text-align: left;\" align=\"center\">\n<div align=\"center\">\n<ul>\n<li style=\"text-align: left;\"><strong>30\/01\/2025 &#8211; WEBINAR: \u00abNI\u00d1OS Y ADOLESCENTES CRECIENDO CON EL TRAUMA: IMPACTO EN SUS VIDAS Y TRATAMIENTOS\u00bb<\/strong><\/li>\n<\/ul>\n<p style=\"padding-left: 40px; text-align: left;\">Impartido por: <strong>Dra. D\u00aa. Mar\u00eda Paz Garc\u00eda Vera<\/strong><\/p>\n<div align=\"center\"><iframe title=\"YouTube video player\" src=\"https:\/\/www.youtube.com\/embed\/kZmO9KkMs5U?si=MH5_eY-JiyuhGJbx\" width=\"560\" height=\"315\" frameborder=\"0\" allowfullscreen=\"allowfullscreen\" data-mce-fragment=\"1\"><span data-mce-type=\"bookmark\" style=\"display: inline-block; width: 0px; overflow: hidden; line-height: 0;\" class=\"mce_SELRES_start\">\ufeff<\/span><\/iframe><\/div>\n<\/div>\n<\/div>\n<\/div>\n<\/div>\n<\/div>\n<\/div>\n","protected":false},"excerpt":{"rendered":"<p>&nbsp; 11\/07\/2024 &#8211; WEBINAR: \u00abLA RELEVANCIA DE LA PSICOLOG\u00cdA EDUCATIVA  [&#8230;]<\/p>\n","protected":false},"author":1,"featured_media":3125,"comment_status":"closed","ping_status":"closed","template":"","meta":{"_tribe_events_status":"","_tribe_events_status_reason":"","footnotes":""},"tags":[],"tribe_events_cat":[],"class_list":["post-2622","tribe_events","type-tribe_events","status-publish","has-post-thumbnail","hentry"],"_links":{"self":[{"href":"https:\/\/www.academiapsicologia.com\/index.php\/wp-json\/wp\/v2\/tribe_events\/2622","targetHints":{"allow":["GET"]}}],"collection":[{"href":"https:\/\/www.academiapsicologia.com\/index.php\/wp-json\/wp\/v2\/tribe_events"}],"about":[{"href":"https:\/\/www.academiapsicologia.com\/index.php\/wp-json\/wp\/v2\/types\/tribe_events"}],"author":[{"embeddable":true,"href":"https:\/\/www.academiapsicologia.com\/index.php\/wp-json\/wp\/v2\/users\/1"}],"replies":[{"embeddable":true,"href":"https:\/\/www.academiapsicologia.com\/index.php\/wp-json\/wp\/v2\/comments?post=2622"}],"version-history":[{"count":25,"href":"https:\/\/www.academiapsicologia.com\/index.php\/wp-json\/wp\/v2\/tribe_events\/2622\/revisions"}],"predecessor-version":[{"id":2775,"href":"https:\/\/www.academiapsicologia.com\/index.php\/wp-json\/wp\/v2\/tribe_events\/2622\/revisions\/2775"}],"wp:featuredmedia":[{"embeddable":true,"href":"https:\/\/www.academiapsicologia.com\/index.php\/wp-json\/wp\/v2\/media\/3125"}],"wp:attachment":[{"href":"https:\/\/www.academiapsicologia.com\/index.php\/wp-json\/wp\/v2\/media?parent=2622"}],"wp:term":[{"taxonomy":"post_tag","embeddable":true,"href":"https:\/\/www.academiapsicologia.com\/index.php\/wp-json\/wp\/v2\/tags?post=2622"},{"taxonomy":"tribe_events_cat","embeddable":true,"href":"https:\/\/www.academiapsicologia.com\/index.php\/wp-json\/wp\/v2\/tribe_events_cat?post=2622"}],"curies":[{"name":"wp","href":"https:\/\/api.w.org\/{rel}","templated":true}]}}

4ª edición | 2024 &#8211; ENCUENTROS EN LA FUNDACIÓN

<div class="fusion-button-wrapper"><a class="fusion-button button-flat fusion-button-default-size button-custom fusion-button-default button-1 fusion-button-default-span fusion-button-default-type" style="--button_accent_color:#ffffff;--button_border_color:#8a5e9e;--button_accent_hover_color:#000000;--button_border_hover_color:#000000;--button_gradient_top_color:#b67cd1;--button_gradient_bottom_color:#b67cd1;--button_gradient_top_color_hover:#b67cd1;--button_gradient_bottom_color_hover:#b67cd1;" target="_blank" rel="noopener noreferrer" href="https://www.academiapsicologia.com/wp-content/uploads/2025/02/4a-edicion-2024-ENCUENTROS-EN-LA-FUNDACION.pdf"><i class="fa-info-circle fas button-icon-left" aria-hidden="true"></i><span class="fusion-button-text">DESCARGAR PROGRAMA</span></a></div>
<p><a href="https://www.academiapsicologia.com/wp-content/uploads/2025/02/4a-edicion-2024-ENCUENTROS-EN-LA-FUNDACION.pdf" target="_blank" rel="noopener"><img decoding="async" class="aligncenter wp-image-3125 size-full" src="https://www.academiapsicologia.com/wp-content/uploads/2025/02/4a-edicion-2024-ENCUENTROS-EN-LA-FUNDACION.jpg" alt="" width="1000" height="563" srcset="https://www.academiapsicologia.com/wp-content/uploads/2025/02/4a-edicion-2024-ENCUENTROS-EN-LA-FUNDACION-200x113.jpg 200w, https://www.academiapsicologia.com/wp-content/uploads/2025/02/4a-edicion-2024-ENCUENTROS-EN-LA-FUNDACION-300x169.jpg 300w, https://www.academiapsicologia.com/wp-content/uploads/2025/02/4a-edicion-2024-ENCUENTROS-EN-LA-FUNDACION-400x225.jpg 400w, https://www.academiapsicologia.com/wp-content/uploads/2025/02/4a-edicion-2024-ENCUENTROS-EN-LA-FUNDACION-600x338.jpg 600w, https://www.academiapsicologia.com/wp-content/uploads/2025/02/4a-edicion-2024-ENCUENTROS-EN-LA-FUNDACION-768x432.jpg 768w, https://www.academiapsicologia.com/wp-content/uploads/2025/02/4a-edicion-2024-ENCUENTROS-EN-LA-FUNDACION-800x450.jpg 800w, https://www.academiapsicologia.com/wp-content/uploads/2025/02/4a-edicion-2024-ENCUENTROS-EN-LA-FUNDACION.jpg 1000w" sizes="(max-width: 1000px) 100vw, 1000px" /></a></p>
<p>&nbsp;</p>
<ul>
<li><strong>11/07/2024 &#8211; WEBINAR: «LA RELEVANCIA DE LA PSICOLOGÍA EDUCATIVA EN EL BIENESTAR PSICOLÓGICO»</strong></li>
</ul>
<p style="padding-left: 40px;">Impartido por: <strong>Dra. Dª. Maite Garaigordobil</strong></p>
<div align="center"><iframe title="YouTube video player" src="https://www.youtube.com/embed/vd2_5UQSpKM?si=YQYtk9n9MOiPbkOz" width="560" height="315" frameborder="0" allowfullscreen="allowfullscreen"></iframe></div>
<div align="center"></div>
<div style="text-align: left;" align="center">
<ul>
<li><strong>19/09/2024 &#8211; WEBINAR: «BUENAS PRÁCTICAS EN LA PREVENCIÓN DE ADICCIONES»</strong></li>
</ul>
<p style="padding-left: 40px;">Impartido por: <strong>Dr. D. Elisardo Becoña Iglesias</strong></p>
<div align="center"><iframe title="YouTube video player" src="https://www.youtube.com/embed/XiVqGs2BRsI?si=O5j8NYD7jit9SKW_" width="560" height="315" frameborder="0" allowfullscreen="allowfullscreen"></iframe></div>
<div align="center"></div>
</div>
<ul>
<li><strong>03/10/2024 &#8211; WEBINAR: «LOS TRATAMIENTOS PSICOLÓGICOS EN EL SIGLO XXI: ¿QUÉ NOS PUEDEN OFRECER LAS TIC?»</strong></li>
</ul>
<p style="padding-left: 40px;">Impartido por: <strong>Dra. Dª. Mª Cristina Botella Arbona</strong></p>
<div align="center"><iframe title="YouTube video player" src="https://www.youtube.com/embed/Bo3rnjflVR0?si=JuHpqoirS826w17X" width="560" height="315" frameborder="0" allowfullscreen="allowfullscreen"><span data-mce-type="bookmark" style="display: inline-block; width: 0px; overflow: hidden; line-height: 0;" class="mce_SELRES_start">﻿</span></iframe></div>
<div align="center"></div>
<ul>
<li><strong>17/10/2024 &#8211; WEBINAR: «MÁS ALLÁ DE LA FELICIDAD: HACIA UNA CULTURA GLOBAL DEL APOYO SOCIAL Y LA PAZ»</strong></li>
</ul>
<p style="padding-left: 40px;">Impartido por: <strong>Dr. D. Jaime Vila Castellar</strong></p>
<div align="center"><iframe title="YouTube video player" src="https://www.youtube.com/embed/G-zolEQz6JU?si=V7F7RCxRd7HuRjPu" width="560" height="315" frameborder="0" allowfullscreen="allowfullscreen"></iframe></div>
<div align="center"></div>
<div align="center">
<ul>
<li style="text-align: left;"><strong>07/11/2024 &#8211; WEBINAR: «LA ADOLESCENCIA, UN PERÍODO CRÍTICO PARA LA SALUD MENTAL»</strong></li>
</ul>
<p style="padding-left: 40px; text-align: left;">Impartido por: <strong>Dr. D. Enrique Echeburúa Odriozola</strong></p>
<div align="center"><iframe title="YouTube video player" src="https://www.youtube.com/embed/4O-aob7YXYs?si=aCa5BQ9s0W1EfOgM" width="560" height="315" frameborder="0" allowfullscreen="allowfullscreen"></iframe></div>
<div align="center"></div>
<div style="text-align: left;" align="center">
<div align="center">
<ul>
<li style="text-align: left;"><strong>21/11/2024 &#8211; WEBINAR: «ESTRÉS, CORTISOL Y DIABETES»</strong></li>
</ul>
<p style="padding-left: 40px; text-align: left;">Impartido por: <strong>Dra. Dª. Alicia Salvador Fernández-Montejo</strong></p>
<div align="center"><iframe title="YouTube video player" src="https://www.youtube.com/embed/WtM2F0mBcno?si=1T6otWIKr3BHjeDP" width="560" height="315" frameborder="0" allowfullscreen="allowfullscreen"></iframe></div>
<div style="text-align: left;" align="center"></div>
</div>
<div align="center">
<ul>
<li style="text-align: left;"><strong>05/12/2024 &#8211; WEBINAR: «EL DISCRETO ENCANTO DE SER EXCÉNTRICO CON SENTIDO DEL HUMOR, UNA PERSPECTIVA PSICOLÓGICA»</strong></li>
</ul>
<p style="padding-left: 40px; text-align: left;">Impartido por: <strong>Dr. D. José María Prieto Zamora</strong></p>
<div align="center"><iframe title="YouTube video player" src="https://www.youtube.com/embed/3bwoERp2XUs?si=XtIRpGKWl0kL9k3B" width="560" height="315" frameborder="0" allowfullscreen="allowfullscreen"></iframe></div>
<div style="text-align: left;" align="center"></div>
</div>
<div align="center">
<ul>
<li style="text-align: left;"><strong>12/12/2024 &#8211; WEBINAR: «ANÁLISIS DE RIESGOS PSICOSOCIALES, SALUD MENTAL Y ABSENTISMO»</strong></li>
</ul>
<p style="padding-left: 40px; text-align: left;">Impartido por: <strong>Dr. D. José María Peiró Silla</strong></p>
<div align="center"><iframe title="YouTube video player" src="https://www.youtube.com/embed/f-CjtqX8HIw?si=hMQioRAhA6OyLlLU" width="560" height="315" frameborder="0" allowfullscreen="allowfullscreen"></iframe></div>
<div align="center"></div>
<div align="center">
<ul>
<li style="text-align: left;"><strong>16/01/2025 &#8211; WEBINAR: «RETOS METODOLÓGICOS DE LA MULTIMODALIDAD EN LA COMUNICACIÓN HUMANA»</strong></li>
</ul>
<p style="padding-left: 40px; text-align: left;">Impartido por: <strong>Dra. Dª. María Teresa Anguera Argilaga</strong></p>
<div align="center"><iframe title="YouTube video player" src="https://www.youtube.com/embed/Aq6ml7yJJpQ?si=YVszcA6CIT1vVzn2" width="560" height="315" frameborder="0" allowfullscreen="allowfullscreen"></iframe></div>
<div align="center"></div>
<div style="text-align: left;" align="center">
<div align="center">
<ul>
<li style="text-align: left;"><strong>30/01/2025 &#8211; WEBINAR: «NIÑOS Y ADOLESCENTES CRECIENDO CON EL TRAUMA: IMPACTO EN SUS VIDAS Y TRATAMIENTOS»</strong></li>
</ul>
<p style="padding-left: 40px; text-align: left;">Impartido por: <strong>Dra. Dª. María Paz García Vera</strong></p>
<div align="center"><iframe title="YouTube video player" src="https://www.youtube.com/embed/kZmO9KkMs5U?si=MH5_eY-JiyuhGJbx" width="560" height="315" frameborder="0" allowfullscreen="allowfullscreen" data-mce-fragment="1"><span data-mce-type="bookmark" style="display: inline-block; width: 0px; overflow: hidden; line-height: 0;" class="mce_SELRES_start">﻿</span></iframe></div>
</div>
</div>
</div>
</div>
</div>
</div>

<p>&nbsp; 11/07/2024 &#8211; WEBINAR: «LA RELEVANCIA DE LA PSICOLOGÍA EDUCATIVA  [&#8230;]</p>
