{"id":2626,"date":"2024-07-04T13:19:35","date_gmt":"2024-07-04T11:19:35","guid":{"rendered":"https:\/\/www.academiapsicologia.com\/?post_type=tribe_events&#038;p=2626"},"modified":"2024-07-04T13:19:35","modified_gmt":"2024-07-04T11:19:35","slug":"webinar-la-relevancia-de-la-psicologia-educativa-en-el-bienestar-psicologico-y-en-la-prevencion-y-promocion-de-la-salud-mental-infanto-juvenil","status":"publish","type":"tribe_events","link":"https:\/\/www.academiapsicologia.com\/index.php\/event\/webinar-la-relevancia-de-la-psicologia-educativa-en-el-bienestar-psicologico-y-en-la-prevencion-y-promocion-de-la-salud-mental-infanto-juvenil\/","title":{"rendered":"Webinar: \u201cLa relevancia de la psicolog\u00eda educativa en el bienestar psicol\u00f3gico y en la prevenci\u00f3n y promoci\u00f3n de la salud mental infanto-juvenil\u201d"},"content":{"rendered":"<div align=\"justify\">\n<h2><strong>Dra. D\u00aa. Maite Garaigordobil Landazabal<\/strong><\/h2>\n<p>Especialista en Psicolog\u00eda Cl\u00ednica, Catedr\u00e1tica de Evaluaci\u00f3n y Diagn\u00f3stico Psicol\u00f3gicos en la Universidad del Pa\u00eds Vasco (actualmente jubilada) y Miembro de n\u00famero en la Academia de Psicolog\u00eda de Espa\u00f1a (medalla 37). Su actividad docente e investigadora ha girado en torno a temas relacionados con la intervenci\u00f3n psicol\u00f3gica en contextos cl\u00ednicos y educativos, y con el desarrollo de instrumentos de evaluaci\u00f3n psicol\u00f3gica.<\/p>\n<p>Dentro de la intervenci\u00f3n psicol\u00f3gica infanto-juvenil ha creado 7 programas de intervenci\u00f3n: 4 programas de juego cooperativo y creativo para grupos de 4 a 12 a\u00f1os, que enlazan con otro de intervenci\u00f3n con adolescentes, y que han demostrado ser eficaces para fomentar el desarrollo socioemocional. Adem\u00e1s, ha creado un programa para prevenir y reducir el bullying\/cyberbullying durante la adolescencia con efectos muy positivos en la prevenci\u00f3n y reducci\u00f3n de esta problem\u00e1tica. Y tambi\u00e9n ha dise\u00f1ado y validado el programa \u201cVivir Feliz\u201d para prevenir la depresi\u00f3n infantil. En evaluaci\u00f3n psicol\u00f3gica ha construido 38 instrumentos para medir, autoestima, problemas emocionales y de conducta, creatividad, conducta prosocial, bullying\/- cyberbullying, riesgo de adicci\u00f3n a las redes sociales e internet\u2026 Es autora de 34 libros, 70 cap\u00edtulos y 196 art\u00edculos publicados en editoriales y revistas de reconocido prestigio nacional e internacional.<\/p>\n<p>Ha dirigido numerosos proyectos de investigaci\u00f3n nacionales e internacionales. Durante m\u00e1s de dos d\u00e9cadas ha dirigido el Grupo Consolidado de Investigaci\u00f3n \u201cEvaluaci\u00f3n Psicol\u00f3gica: Dise\u00f1o de instrumentos, evaluaci\u00f3n de programas de intervenci\u00f3n y estudios epidemiol\u00f3gicos\u201d financiado por el Dpto. de Educaci\u00f3n del Gobierno Vasco, dentro del cual ha dirigido 16 tesis doctorales, presentado 243 ponencias en congresos, impartido 136 conferencias, y un centenar de cursos de formaci\u00f3n para profesionales de la Psicolog\u00eda y la Educaci\u00f3n.<\/p>\n<p>Finalmente destacar que ha recibido numerosos premios y reconocimientos: Entre otros, ha sido galardonada con el Primer Premio Nacional de Investigaci\u00f3n Educativa en 1994 y 2003 concedidos por el Ministerio de Educaci\u00f3n. En 2012 recibi\u00f3 el Premio Nicol\u00e1s Seisdedos al mejor trabajo de Investigaci\u00f3n en Evaluaci\u00f3n Psicol\u00f3gica (Psicofundaci\u00f3n). En 2021 ha recibido el Premio Jos\u00e9 Luis Pinillos a la Excelencia e Innovaci\u00f3n en Psicolog\u00eda en la categor\u00eda \u201cTrayectoria Profesional a lo Largo de la Vida\u201d otorgado por el Consejo General de la Psicolog\u00eda de Espa\u00f1a. Y en 2020, 2021 y 2022 ha sido incluida en el ranking de la Universidad Stanford como una de las investigadoras m\u00e1s influyentes del mundo.<\/p>\n<\/div>\n<div align=\"justify\">\n<div align=\"center\"><div class=\"fusion-button-wrapper\"><a class=\"fusion-button button-flat fusion-button-default-size button-custom fusion-button-default button-1 fusion-button-default-span fusion-button-default-type\" style=\"--button_bevel_color:#8a5e9e;--button_accent_color:#ffffff;--button_accent_hover_color:#ffffff;--button_border_hover_color:#ffffff;--button_gradient_top_color:#b67cd1;--button_gradient_bottom_color:#b67cd1;--button_gradient_top_color_hover:#b67cd1;--button_gradient_bottom_color_hover:#b67cd1;\" target=\"_blank\" rel=\"noopener noreferrer\" href=\"https:\/\/www.academiapsicologia.com\/wp-content\/uploads\/2024\/07\/20240711-La-relevancia-de-la-psicologia-educativa-en-el-bienestar-psicologico-Dra.-Da.-Maite-Garaigordobil-Landazabal.pdf\"><span class=\"fusion-button-text\">Descargar Invitaci\u00f3n<\/span><\/a><\/div><\/div>\n<p>&nbsp;<\/p>\n<div align=\"center\"><div class=\"fusion-button-wrapper\"><a class=\"fusion-button button-flat fusion-button-default-size button-custom fusion-button-default button-2 fusion-button-default-span fusion-button-default-type\" style=\"--button_accent_color:#ffffff;--button_border_color:#8a5e9e;--button_accent_hover_color:#ffffff;--button_border_hover_color:#ffffff;--button_gradient_top_color:#b67cd1;--button_gradient_bottom_color:#b67cd1;--button_gradient_top_color_hover:#b67cd1;--button_gradient_bottom_color_hover:#b67cd1;\" target=\"_blank\" rel=\"noopener noreferrer\" href=\"https:\/\/www.cop-cv.org\/formacion\/4741\"><span class=\"fusion-button-text\">Inscripci\u00f3n con registro para obtenci\u00f3n certificaci\u00f3n<\/span><\/a><\/div><\/div>\n<p>&nbsp;<\/p>\n<div align=\"center\"><div class=\"fusion-button-wrapper\"><a class=\"fusion-button button-flat fusion-button-default-size button-custom fusion-button-default button-3 fusion-button-default-span fusion-button-default-type\" style=\"--button_accent_color:#ffffff;--button_border_color:#8a5e9e;--button_accent_hover_color:#ffffff;--button_border_hover_color:#ffffff;--button_gradient_top_color:#b67cd1;--button_gradient_bottom_color:#b67cd1;--button_gradient_top_color_hover:#b67cd1;--button_gradient_bottom_color_hover:#b67cd1;\" target=\"_blank\" rel=\"noopener noreferrer\" href=\"https:\/\/www.cop-cv.org\/formacion\/emision-en-directo\/4741\"><span class=\"fusion-button-text\">Acceso libre sin registro<\/span><\/a><\/div><\/div>\n<\/div>\n<p>&nbsp;<\/p>\n<p>&nbsp;<\/p>\n","protected":false},"excerpt":{"rendered":"<p>Dra. D\u00aa. Maite Garaigordobil Landazabal Especialista en Psicolog\u00eda Cl\u00ednica, Catedr\u00e1tica  [&#8230;]<\/p>\n","protected":false},"author":1,"featured_media":2617,"comment_status":"closed","ping_status":"closed","template":"","meta":{"_tribe_events_status":"","_tribe_events_status_reason":"","footnotes":""},"tags":[],"tribe_events_cat":[],"class_list":["post-2626","tribe_events","type-tribe_events","status-publish","has-post-thumbnail","hentry"],"_links":{"self":[{"href":"https:\/\/www.academiapsicologia.com\/index.php\/wp-json\/wp\/v2\/tribe_events\/2626","targetHints":{"allow":["GET"]}}],"collection":[{"href":"https:\/\/www.academiapsicologia.com\/index.php\/wp-json\/wp\/v2\/tribe_events"}],"about":[{"href":"https:\/\/www.academiapsicologia.com\/index.php\/wp-json\/wp\/v2\/types\/tribe_events"}],"author":[{"embeddable":true,"href":"https:\/\/www.academiapsicologia.com\/index.php\/wp-json\/wp\/v2\/users\/1"}],"replies":[{"embeddable":true,"href":"https:\/\/www.academiapsicologia.com\/index.php\/wp-json\/wp\/v2\/comments?post=2626"}],"version-history":[{"count":1,"href":"https:\/\/www.academiapsicologia.com\/index.php\/wp-json\/wp\/v2\/tribe_events\/2626\/revisions"}],"predecessor-version":[{"id":2627,"href":"https:\/\/www.academiapsicologia.com\/index.php\/wp-json\/wp\/v2\/tribe_events\/2626\/revisions\/2627"}],"wp:featuredmedia":[{"embeddable":true,"href":"https:\/\/www.academiapsicologia.com\/index.php\/wp-json\/wp\/v2\/media\/2617"}],"wp:attachment":[{"href":"https:\/\/www.academiapsicologia.com\/index.php\/wp-json\/wp\/v2\/media?parent=2626"}],"wp:term":[{"taxonomy":"post_tag","embeddable":true,"href":"https:\/\/www.academiapsicologia.com\/index.php\/wp-json\/wp\/v2\/tags?post=2626"},{"taxonomy":"tribe_events_cat","embeddable":true,"href":"https:\/\/www.academiapsicologia.com\/index.php\/wp-json\/wp\/v2\/tribe_events_cat?post=2626"}],"curies":[{"name":"wp","href":"https:\/\/api.w.org\/{rel}","templated":true}]}}

Webinar: “La relevancia de la psicología educativa en el bienestar psicológico y en la prevención y promoción de la salud mental infanto-juvenil”

<div align="justify">
<h2><strong>Dra. Dª. Maite Garaigordobil Landazabal</strong></h2>
<p>Especialista en Psicología Clínica, Catedrática de Evaluación y Diagnóstico Psicológicos en la Universidad del País Vasco (actualmente jubilada) y Miembro de número en la Academia de Psicología de España (medalla 37). Su actividad docente e investigadora ha girado en torno a temas relacionados con la intervención psicológica en contextos clínicos y educativos, y con el desarrollo de instrumentos de evaluación psicológica.</p>
<p>Dentro de la intervención psicológica infanto-juvenil ha creado 7 programas de intervención: 4 programas de juego cooperativo y creativo para grupos de 4 a 12 años, que enlazan con otro de intervención con adolescentes, y que han demostrado ser eficaces para fomentar el desarrollo socioemocional. Además, ha creado un programa para prevenir y reducir el bullying/cyberbullying durante la adolescencia con efectos muy positivos en la prevención y reducción de esta problemática. Y también ha diseñado y validado el programa “Vivir Feliz” para prevenir la depresión infantil. En evaluación psicológica ha construido 38 instrumentos para medir, autoestima, problemas emocionales y de conducta, creatividad, conducta prosocial, bullying/- cyberbullying, riesgo de adicción a las redes sociales e internet… Es autora de 34 libros, 70 capítulos y 196 artículos publicados en editoriales y revistas de reconocido prestigio nacional e internacional.</p>
<p>Ha dirigido numerosos proyectos de investigación nacionales e internacionales. Durante más de dos décadas ha dirigido el Grupo Consolidado de Investigación “Evaluación Psicológica: Diseño de instrumentos, evaluación de programas de intervención y estudios epidemiológicos” financiado por el Dpto. de Educación del Gobierno Vasco, dentro del cual ha dirigido 16 tesis doctorales, presentado 243 ponencias en congresos, impartido 136 conferencias, y un centenar de cursos de formación para profesionales de la Psicología y la Educación.</p>
<p>Finalmente destacar que ha recibido numerosos premios y reconocimientos: Entre otros, ha sido galardonada con el Primer Premio Nacional de Investigación Educativa en 1994 y 2003 concedidos por el Ministerio de Educación. En 2012 recibió el Premio Nicolás Seisdedos al mejor trabajo de Investigación en Evaluación Psicológica (Psicofundación). En 2021 ha recibido el Premio José Luis Pinillos a la Excelencia e Innovación en Psicología en la categoría “Trayectoria Profesional a lo Largo de la Vida” otorgado por el Consejo General de la Psicología de España. Y en 2020, 2021 y 2022 ha sido incluida en el ranking de la Universidad Stanford como una de las investigadoras más influyentes del mundo.</p>
</div>
<div align="justify">
<div align="center"><div class="fusion-button-wrapper"><a class="fusion-button button-flat fusion-button-default-size button-custom fusion-button-default button-1 fusion-button-default-span fusion-button-default-type" style="--button_bevel_color:#8a5e9e;--button_accent_color:#ffffff;--button_accent_hover_color:#ffffff;--button_border_hover_color:#ffffff;--button_gradient_top_color:#b67cd1;--button_gradient_bottom_color:#b67cd1;--button_gradient_top_color_hover:#b67cd1;--button_gradient_bottom_color_hover:#b67cd1;" target="_blank" rel="noopener noreferrer" href="https://www.academiapsicologia.com/wp-content/uploads/2024/07/20240711-La-relevancia-de-la-psicologia-educativa-en-el-bienestar-psicologico-Dra.-Da.-Maite-Garaigordobil-Landazabal.pdf"><span class="fusion-button-text">Descargar Invitación</span></a></div></div>
<p>&nbsp;</p>
<div align="center"><div class="fusion-button-wrapper"><a class="fusion-button button-flat fusion-button-default-size button-custom fusion-button-default button-2 fusion-button-default-span fusion-button-default-type" style="--button_accent_color:#ffffff;--button_border_color:#8a5e9e;--button_accent_hover_color:#ffffff;--button_border_hover_color:#ffffff;--button_gradient_top_color:#b67cd1;--button_gradient_bottom_color:#b67cd1;--button_gradient_top_color_hover:#b67cd1;--button_gradient_bottom_color_hover:#b67cd1;" target="_blank" rel="noopener noreferrer" href="https://www.cop-cv.org/formacion/4741"><span class="fusion-button-text">Inscripción con registro para obtención certificación</span></a></div></div>
<p>&nbsp;</p>
<div align="center"><div class="fusion-button-wrapper"><a class="fusion-button button-flat fusion-button-default-size button-custom fusion-button-default button-3 fusion-button-default-span fusion-button-default-type" style="--button_accent_color:#ffffff;--button_border_color:#8a5e9e;--button_accent_hover_color:#ffffff;--button_border_hover_color:#ffffff;--button_gradient_top_color:#b67cd1;--button_gradient_bottom_color:#b67cd1;--button_gradient_top_color_hover:#b67cd1;--button_gradient_bottom_color_hover:#b67cd1;" target="_blank" rel="noopener noreferrer" href="https://www.cop-cv.org/formacion/emision-en-directo/4741"><span class="fusion-button-text">Acceso libre sin registro</span></a></div></div>
</div>
<p>&nbsp;</p>
<p>&nbsp;</p>

<p>Dra. Dª. Maite Garaigordobil Landazabal Especialista en Psicología Clínica, Catedrática  [&#8230;]</p>
