{"id":679,"date":"2021-02-17T16:09:14","date_gmt":"2021-02-17T15:09:14","guid":{"rendered":"https:\/\/www.academiapsicologia.com\/?post_type=tribe_events&#038;p=679"},"modified":"2021-03-20T14:35:55","modified_gmt":"2021-03-20T13:35:55","slug":"los-miercoles-con-la-academia-los-psicologos-espanoles-ante-la-pandemia","status":"publish","type":"tribe_events","link":"https:\/\/www.academiapsicologia.com\/index.php\/event\/los-miercoles-con-la-academia-los-psicologos-espanoles-ante-la-pandemia\/","title":{"rendered":"Los Mi\u00e9rcoles con la Academia &#8211; Los psic\u00f3logos espa\u00f1oles ante la pandemia"},"content":{"rendered":"<h1><strong>WEBINAR DE LA APE<\/strong><\/h1>\n<p><b>Moderadora:<\/b><\/p>\n<p>Dra. Araceli Maci\u00e1<\/p>\n<p><b>Intervienen:<\/b><\/p>\n<p>Dr. Helio Carpintero<\/p>\n<p>Dra. M\u00aa Paz Garc\u00eda-Vera<\/p>\n<p>Dr. Francisco Santolaya<\/p>\n<p>Dr. Javier Urra<\/p>\n<div class=\"fusion-button-wrapper\"><a class=\"fusion-button button-flat fusion-button-default-size button-custom fusion-button-default button-1 fusion-button-default-span fusion-button-default-type\" style=\"--button_accent_color:#ffffff;--button_border_color:#8a5e9e;--button_accent_hover_color:#000000;--button_border_hover_color:#000000;--button_gradient_top_color:#b67cd1;--button_gradient_bottom_color:#b67cd1;--button_gradient_top_color_hover:#b67cd1;--button_gradient_bottom_color_hover:#b67cd1;\" target=\"_blank\" rel=\"noopener noreferrer\" href=\"https:\/\/www.academiapsicologia.com\/wp-content\/uploads\/2021\/02\/20210317-Mesa-Redonda-Los-psicologos-espanoles-ante-la-pandemia.pdf\"><i class=\"fa-info-circle fas button-icon-left\" aria-hidden=\"true\"><\/i><span class=\"fusion-button-text\">DESCARGAR PROGRAMA<\/span><\/a><\/div>\n<p>&nbsp;<\/p>\n<div align=\"center\"><iframe src=\"https:\/\/www.youtube.com\/embed\/oscsJslYB6E\" width=\"560\" height=\"315\" frameborder=\"0\" allowfullscreen=\"allowfullscreen\"><span data-mce-type=\"bookmark\" style=\"display: inline-block; width: 0px; overflow: hidden; line-height: 0;\" class=\"mce_SELRES_start\">\ufeff<\/span><\/iframe><\/div>\n","protected":false},"excerpt":{"rendered":"<p>WEBINAR DE LA APE Moderadora: Dra. Araceli Maci\u00e1 Intervienen: Dr.  [&#8230;]<\/p>\n","protected":false},"author":1,"featured_media":689,"comment_status":"closed","ping_status":"closed","template":"","meta":{"_tribe_events_status":"","_tribe_events_status_reason":"","footnotes":""},"tags":[],"tribe_events_cat":[],"class_list":["post-679","tribe_events","type-tribe_events","status-publish","has-post-thumbnail","hentry"],"_links":{"self":[{"href":"https:\/\/www.academiapsicologia.com\/index.php\/wp-json\/wp\/v2\/tribe_events\/679","targetHints":{"allow":["GET"]}}],"collection":[{"href":"https:\/\/www.academiapsicologia.com\/index.php\/wp-json\/wp\/v2\/tribe_events"}],"about":[{"href":"https:\/\/www.academiapsicologia.com\/index.php\/wp-json\/wp\/v2\/types\/tribe_events"}],"author":[{"embeddable":true,"href":"https:\/\/www.academiapsicologia.com\/index.php\/wp-json\/wp\/v2\/users\/1"}],"replies":[{"embeddable":true,"href":"https:\/\/www.academiapsicologia.com\/index.php\/wp-json\/wp\/v2\/comments?post=679"}],"version-history":[{"count":5,"href":"https:\/\/www.academiapsicologia.com\/index.php\/wp-json\/wp\/v2\/tribe_events\/679\/revisions"}],"predecessor-version":[{"id":750,"href":"https:\/\/www.academiapsicologia.com\/index.php\/wp-json\/wp\/v2\/tribe_events\/679\/revisions\/750"}],"wp:featuredmedia":[{"embeddable":true,"href":"https:\/\/www.academiapsicologia.com\/index.php\/wp-json\/wp\/v2\/media\/689"}],"wp:attachment":[{"href":"https:\/\/www.academiapsicologia.com\/index.php\/wp-json\/wp\/v2\/media?parent=679"}],"wp:term":[{"taxonomy":"post_tag","embeddable":true,"href":"https:\/\/www.academiapsicologia.com\/index.php\/wp-json\/wp\/v2\/tags?post=679"},{"taxonomy":"tribe_events_cat","embeddable":true,"href":"https:\/\/www.academiapsicologia.com\/index.php\/wp-json\/wp\/v2\/tribe_events_cat?post=679"}],"curies":[{"name":"wp","href":"https:\/\/api.w.org\/{rel}","templated":true}]}}

Los Miércoles con la Academia &#8211; Los psicólogos españoles ante la pandemia

<h1><strong>WEBINAR DE LA APE</strong></h1>
<p><b>Moderadora:</b></p>
<p>Dra. Araceli Maciá</p>
<p><b>Intervienen:</b></p>
<p>Dr. Helio Carpintero</p>
<p>Dra. Mª Paz García-Vera</p>
<p>Dr. Francisco Santolaya</p>
<p>Dr. Javier Urra</p>
<div class="fusion-button-wrapper"><a class="fusion-button button-flat fusion-button-default-size button-custom fusion-button-default button-1 fusion-button-default-span fusion-button-default-type" style="--button_accent_color:#ffffff;--button_border_color:#8a5e9e;--button_accent_hover_color:#000000;--button_border_hover_color:#000000;--button_gradient_top_color:#b67cd1;--button_gradient_bottom_color:#b67cd1;--button_gradient_top_color_hover:#b67cd1;--button_gradient_bottom_color_hover:#b67cd1;" target="_blank" rel="noopener noreferrer" href="https://www.academiapsicologia.com/wp-content/uploads/2021/02/20210317-Mesa-Redonda-Los-psicologos-espanoles-ante-la-pandemia.pdf"><i class="fa-info-circle fas button-icon-left" aria-hidden="true"></i><span class="fusion-button-text">DESCARGAR PROGRAMA</span></a></div>
<p>&nbsp;</p>
<div align="center"><iframe src="https://www.youtube.com/embed/oscsJslYB6E" width="560" height="315" frameborder="0" allowfullscreen="allowfullscreen"><span data-mce-type="bookmark" style="display: inline-block; width: 0px; overflow: hidden; line-height: 0;" class="mce_SELRES_start">﻿</span></iframe></div>

<p>WEBINAR DE LA APE Moderadora: Dra. Araceli Maciá Intervienen: Dr.  [&#8230;]</p>
