{"id":732,"date":"2021-03-05T14:29:12","date_gmt":"2021-03-05T13:29:12","guid":{"rendered":"https:\/\/www.academiapsicologia.com\/?post_type=tribe_events&#038;p=732"},"modified":"2021-03-31T17:37:12","modified_gmt":"2021-03-31T15:37:12","slug":"mesa-redonda-psicologia-y-vejez-en-tiempo-del-covid","status":"publish","type":"tribe_events","link":"https:\/\/www.academiapsicologia.com\/index.php\/event\/mesa-redonda-psicologia-y-vejez-en-tiempo-del-covid\/","title":{"rendered":"Mesa Redonda &#8211; Psicolog\u00eda y vejez en tiempo del COVID"},"content":{"rendered":"<h1><strong>WEBINAR DE LA APE<\/strong><\/h1>\n<h2><strong>PROGRAMA<\/strong><\/h2>\n<p>19.00-19.10\u00a0Inauguraci\u00f3n y presentaci\u00f3n de los ponentes de la mesa: Jes\u00fas Rodr\u00edguez Mar\u00edn<\/p>\n<p>19.10-19.30\u00a0<b>Consecuencias de la pandemia en las personas mayores<\/b><\/p>\n<p style=\"padding-left: 40px;\"><b>Dra. Sacramento Pinazo Hernandis<\/b>. <i>Universidad de Valencia. Sociedad Valenciana de Geriatr\u00eda y Gerontolog\u00eda<\/i><\/p>\n<p>19.30-19.50\u00a0<b>C\u00f3mo desarrollar un envejecimiento activo en tiempos de pandemia: adaptaci\u00f3n y puesta en marcha del Programa Universitario para Mayores de la Universidad Miguel Hern\u00e1ndez de Elche<\/b><\/p>\n<p style=\"padding-left: 40px;\"><b>Dra. Esther Sitges Maci\u00e1<\/b>. <i>Directora de \u00c1rea de SABIEX, Programa Integral para Mayores de la Universidad Miguel Hern\u00e1ndez de Elche<\/i><\/p>\n<p>19.50-20.10\u00a0<b>Soledad y vejez en tiempos de pandemia<\/b><\/p>\n<p style=\"padding-left: 40px;\"><b>Jes\u00fas Rodr\u00edguez Mar\u00edn<\/b>. <i>Catedr\u00e1tico Em\u00e9rito de Psicolog\u00eda de la Salud. Rector Honorario. Universidad Miguel Hern\u00e1ndez de Elche. Acad\u00e9mico de N\u00famero de la Academia de Psicolog\u00eda de Espa\u00f1a <\/i><\/p>\n<p>20.10-20.30\u00a0Di\u00e1logo final y respuestas a las preguntas de los asistentes<\/p>\n<div class=\"fusion-button-wrapper\"><a class=\"fusion-button button-flat fusion-button-default-size button-custom fusion-button-default button-1 fusion-button-default-span fusion-button-default-type\" style=\"--button_accent_color:#ffffff;--button_border_color:#8a5e9e;--button_accent_hover_color:#000000;--button_border_hover_color:#000000;--button_gradient_top_color:#b67cd1;--button_gradient_bottom_color:#b67cd1;--button_gradient_top_color_hover:#b67cd1;--button_gradient_bottom_color_hover:#b67cd1;\" target=\"_blank\" rel=\"noopener noreferrer\" href=\"https:\/\/www.academiapsicologia.com\/wp-content\/uploads\/2021\/03\/20210323-Mesa-Redonda-Psicologia-y-vejez-en-tiempo-del-COVID.pdf\"><i class=\"fa-info-circle fas button-icon-left\" aria-hidden=\"true\"><\/i><span class=\"fusion-button-text\">DESCARGAR PROGRAMA<\/span><\/a><\/div>\n<p>&nbsp;<\/p>\n<div align=\"center\"><iframe src=\"https:\/\/www.youtube.com\/embed\/ciamcGgpr1w\" width=\"560\" height=\"315\" frameborder=\"0\" allowfullscreen=\"allowfullscreen\"><span data-mce-type=\"bookmark\" style=\"display: inline-block; width: 0px; overflow: hidden; line-height: 0;\" class=\"mce_SELRES_start\">\ufeff<\/span><span data-mce-type=\"bookmark\" style=\"display: inline-block; width: 0px; overflow: hidden; line-height: 0;\" class=\"mce_SELRES_start\">\ufeff<\/span><\/iframe><\/div>\n","protected":false},"excerpt":{"rendered":"<p>WEBINAR DE LA APE PROGRAMA 19.00-19.10\u00a0Inauguraci\u00f3n y presentaci\u00f3n de los  [&#8230;]<\/p>\n","protected":false},"author":1,"featured_media":737,"comment_status":"closed","ping_status":"closed","template":"","meta":{"_tribe_events_status":"","_tribe_events_status_reason":"","footnotes":""},"tags":[],"tribe_events_cat":[],"class_list":["post-732","tribe_events","type-tribe_events","status-publish","has-post-thumbnail","hentry"],"_links":{"self":[{"href":"https:\/\/www.academiapsicologia.com\/index.php\/wp-json\/wp\/v2\/tribe_events\/732","targetHints":{"allow":["GET"]}}],"collection":[{"href":"https:\/\/www.academiapsicologia.com\/index.php\/wp-json\/wp\/v2\/tribe_events"}],"about":[{"href":"https:\/\/www.academiapsicologia.com\/index.php\/wp-json\/wp\/v2\/types\/tribe_events"}],"author":[{"embeddable":true,"href":"https:\/\/www.academiapsicologia.com\/index.php\/wp-json\/wp\/v2\/users\/1"}],"replies":[{"embeddable":true,"href":"https:\/\/www.academiapsicologia.com\/index.php\/wp-json\/wp\/v2\/comments?post=732"}],"version-history":[{"count":5,"href":"https:\/\/www.academiapsicologia.com\/index.php\/wp-json\/wp\/v2\/tribe_events\/732\/revisions"}],"predecessor-version":[{"id":766,"href":"https:\/\/www.academiapsicologia.com\/index.php\/wp-json\/wp\/v2\/tribe_events\/732\/revisions\/766"}],"wp:featuredmedia":[{"embeddable":true,"href":"https:\/\/www.academiapsicologia.com\/index.php\/wp-json\/wp\/v2\/media\/737"}],"wp:attachment":[{"href":"https:\/\/www.academiapsicologia.com\/index.php\/wp-json\/wp\/v2\/media?parent=732"}],"wp:term":[{"taxonomy":"post_tag","embeddable":true,"href":"https:\/\/www.academiapsicologia.com\/index.php\/wp-json\/wp\/v2\/tags?post=732"},{"taxonomy":"tribe_events_cat","embeddable":true,"href":"https:\/\/www.academiapsicologia.com\/index.php\/wp-json\/wp\/v2\/tribe_events_cat?post=732"}],"curies":[{"name":"wp","href":"https:\/\/api.w.org\/{rel}","templated":true}]}}

Mesa Redonda &#8211; Psicología y vejez en tiempo del COVID

<h1><strong>WEBINAR DE LA APE</strong></h1>
<h2><strong>PROGRAMA</strong></h2>
<p>19.00-19.10 Inauguración y presentación de los ponentes de la mesa: Jesús Rodríguez Marín</p>
<p>19.10-19.30 <b>Consecuencias de la pandemia en las personas mayores</b></p>
<p style="padding-left: 40px;"><b>Dra. Sacramento Pinazo Hernandis</b>. <i>Universidad de Valencia. Sociedad Valenciana de Geriatría y Gerontología</i></p>
<p>19.30-19.50 <b>Cómo desarrollar un envejecimiento activo en tiempos de pandemia: adaptación y puesta en marcha del Programa Universitario para Mayores de la Universidad Miguel Hernández de Elche</b></p>
<p style="padding-left: 40px;"><b>Dra. Esther Sitges Maciá</b>. <i>Directora de Área de SABIEX, Programa Integral para Mayores de la Universidad Miguel Hernández de Elche</i></p>
<p>19.50-20.10 <b>Soledad y vejez en tiempos de pandemia</b></p>
<p style="padding-left: 40px;"><b>Jesús Rodríguez Marín</b>. <i>Catedrático Emérito de Psicología de la Salud. Rector Honorario. Universidad Miguel Hernández de Elche. Académico de Número de la Academia de Psicología de España </i></p>
<p>20.10-20.30 Diálogo final y respuestas a las preguntas de los asistentes</p>
<div class="fusion-button-wrapper"><a class="fusion-button button-flat fusion-button-default-size button-custom fusion-button-default button-1 fusion-button-default-span fusion-button-default-type" style="--button_accent_color:#ffffff;--button_border_color:#8a5e9e;--button_accent_hover_color:#000000;--button_border_hover_color:#000000;--button_gradient_top_color:#b67cd1;--button_gradient_bottom_color:#b67cd1;--button_gradient_top_color_hover:#b67cd1;--button_gradient_bottom_color_hover:#b67cd1;" target="_blank" rel="noopener noreferrer" href="https://www.academiapsicologia.com/wp-content/uploads/2021/03/20210323-Mesa-Redonda-Psicologia-y-vejez-en-tiempo-del-COVID.pdf"><i class="fa-info-circle fas button-icon-left" aria-hidden="true"></i><span class="fusion-button-text">DESCARGAR PROGRAMA</span></a></div>
<p>&nbsp;</p>
<div align="center"><iframe src="https://www.youtube.com/embed/ciamcGgpr1w" width="560" height="315" frameborder="0" allowfullscreen="allowfullscreen"><span data-mce-type="bookmark" style="display: inline-block; width: 0px; overflow: hidden; line-height: 0;" class="mce_SELRES_start">﻿</span><span data-mce-type="bookmark" style="display: inline-block; width: 0px; overflow: hidden; line-height: 0;" class="mce_SELRES_start">﻿</span></iframe></div>

<p>WEBINAR DE LA APE PROGRAMA 19.00-19.10 Inauguración y presentación de los  [&#8230;]</p>
